{"id":10120,"date":"2024-12-28T13:48:28","date_gmt":"2024-12-28T12:48:28","guid":{"rendered":"https:\/\/berliner-dampfer.de\/?page_id=10120"},"modified":"2025-01-04T21:40:07","modified_gmt":"2025-01-04T20:40:07","slug":"koenigstein","status":"publish","type":"page","link":"https:\/\/berliner-dampfer.de\/?page_id=10120","title":{"rendered":"K\u00f6nigstein"},"content":{"rendered":"<table style=\"border-collapse: collapse; width: 100%;\">\n<tbody>\n<tr>\n<td style=\"width: 100%; background-color: #ffff00;\"><span style=\"font-family: arial, helvetica, sans-serif; font-size: 12pt;\"><span style=\"font-size: 10pt;\">1992<\/span> <strong>K\u00f6nigstein <\/strong><\/span><\/p>\n<p><span style=\"font-family: arial, helvetica, sans-serif; font-size: 12pt;\">Binnenschifferforum: <a href=\"https:\/\/www.binnenschifferforum.de\/showthread.php?23185-K%C3%B6nigstein-KFGS-05502420\" target=\"_blank\" rel=\"noopener\">K\u00f6nigstein<\/a><\/span><\/p>\n<p><span style=\"font-family: arial, helvetica, sans-serif; font-size: 12pt;\">Wikipedia: <a href=\"https:\/\/de.wikipedia.org\/wiki\/K%C3%B6nigstein_(Schiff,_1992)\" target=\"_blank\" rel=\"noopener\">K\u00f6nigstein (Schiff, 1992)<\/a><\/span><\/td>\n<\/tr>\n<\/tbody>\n<\/table>\n<p>&nbsp;<\/p>\n<p>&nbsp;<\/p>\n<table style=\"border-collapse: collapse; width: 100%;\">\n<tbody>\n<tr>\n<td style=\"width: 100%; background-color: #ffff00;\"><span style=\"font-family: arial, helvetica, sans-serif; font-size: 12pt;\">Eine Schiffspostkarte mit allem, was der Sammler-Herz begehrt.<\/span><\/p>\n<p><img loading=\"lazy\" decoding=\"async\" class=\"alignnone size-full wp-image-10467\" src=\"https:\/\/berliner-dampfer.de\/wp-content\/uploads\/2025\/01\/1995-07-11-MS-KOeNIGSTEIN-klein.jpg\" alt=\"\" width=\"1200\" height=\"1218\" srcset=\"https:\/\/berliner-dampfer.de\/wp-content\/uploads\/2025\/01\/1995-07-11-MS-KOeNIGSTEIN-klein.jpg 1200w, https:\/\/berliner-dampfer.de\/wp-content\/uploads\/2025\/01\/1995-07-11-MS-KOeNIGSTEIN-klein-296x300.jpg 296w, https:\/\/berliner-dampfer.de\/wp-content\/uploads\/2025\/01\/1995-07-11-MS-KOeNIGSTEIN-klein-1009x1024.jpg 1009w, https:\/\/berliner-dampfer.de\/wp-content\/uploads\/2025\/01\/1995-07-11-MS-KOeNIGSTEIN-klein-768x780.jpg 768w\" sizes=\"auto, (max-width: 1200px) 100vw, 1200px\" \/><\/td>\n<\/tr>\n<\/tbody>\n<\/table>\n<p>&nbsp;<\/p>\n<p>&nbsp;<\/p>\n<p>&nbsp;<\/p>\n<p><span style=\"text-decoration: underline;\"><span style=\"font-family: arial, helvetica, sans-serif; font-size: 12pt;\">Zuletzt bearbeitet 04.01.2025<br \/>\n<\/span><\/span><\/p>\n","protected":false},"excerpt":{"rendered":"<p>1992 K\u00f6nigstein Binnenschifferforum: K\u00f6nigstein Wikipedia: K\u00f6nigstein (Schiff, 1992) &nbsp; &nbsp; Eine Schiffspostkarte mit allem, was der Sammler-Herz begehrt. &nbsp; &nbsp; &nbsp; Zuletzt bearbeitet 04.01.2025<\/p>\n","protected":false},"author":1,"featured_media":0,"parent":0,"menu_order":0,"comment_status":"closed","ping_status":"closed","template":"","meta":{"ngg_post_thumbnail":0,"iawp_total_views":8,"footnotes":""},"class_list":["post-10120","page","type-page","status-publish","hentry"],"_links":{"self":[{"href":"https:\/\/berliner-dampfer.de\/index.php?rest_route=\/wp\/v2\/pages\/10120","targetHints":{"allow":["GET"]}}],"collection":[{"href":"https:\/\/berliner-dampfer.de\/index.php?rest_route=\/wp\/v2\/pages"}],"about":[{"href":"https:\/\/berliner-dampfer.de\/index.php?rest_route=\/wp\/v2\/types\/page"}],"author":[{"embeddable":true,"href":"https:\/\/berliner-dampfer.de\/index.php?rest_route=\/wp\/v2\/users\/1"}],"replies":[{"embeddable":true,"href":"https:\/\/berliner-dampfer.de\/index.php?rest_route=%2Fwp%2Fv2%2Fcomments&post=10120"}],"version-history":[{"count":8,"href":"https:\/\/berliner-dampfer.de\/index.php?rest_route=\/wp\/v2\/pages\/10120\/revisions"}],"predecessor-version":[{"id":10470,"href":"https:\/\/berliner-dampfer.de\/index.php?rest_route=\/wp\/v2\/pages\/10120\/revisions\/10470"}],"wp:attachment":[{"href":"https:\/\/berliner-dampfer.de\/index.php?rest_route=%2Fwp%2Fv2%2Fmedia&parent=10120"}],"curies":[{"name":"wp","href":"https:\/\/api.w.org\/{rel}","templated":true}]}}