{"id":13105,"date":"2025-02-23T20:58:08","date_gmt":"2025-02-23T19:58:08","guid":{"rendered":"https:\/\/berliner-dampfer.de\/?page_id=13105"},"modified":"2025-02-23T22:08:30","modified_gmt":"2025-02-23T21:08:30","slug":"mueritz","status":"publish","type":"page","link":"https:\/\/berliner-dampfer.de\/?page_id=13105","title":{"rendered":"M\u00fcritz"},"content":{"rendered":"<table style=\"border-collapse: collapse; width: 100%;\">\n<tbody>\n<tr>\n<td style=\"width: 100%; background-color: #ffff00;\"><span style=\"font-family: arial, helvetica, sans-serif; font-size: 10pt;\">1999<\/span> <strong><span style=\"font-family: arial, helvetica, sans-serif; font-size: 12pt;\">M\u00fcritz<\/span><\/strong><\/p>\n<p><span style=\"font-family: arial, helvetica, sans-serif; font-size: 12pt;\">Reederei Mike Pickran: <a href=\"https:\/\/www.pickran.de\/schifffahrt\/fahrgastschifffahrt\" target=\"_blank\" rel=\"noopener\">MS M\u00fcritz<\/a><\/span><\/td>\n<\/tr>\n<\/tbody>\n<\/table>\n<p>&nbsp;<\/p>\n<table style=\"border-collapse: collapse; width: 100%;\">\n<tbody>\n<tr>\n<td style=\"width: 100%; background-color: #ffff00;\">\n<p style=\"text-align: justify;\"><span style=\"font-family: arial, helvetica, sans-serif; font-size: 12pt;\">Ein sehr sch\u00f6ner Schiffpostbeleg. AK 2010:<\/span><\/p>\n<blockquote>\n<p style=\"text-align: justify;\"><span style=\"font-family: arial, helvetica, sans-serif; font-size: 12pt;\">&#8222;Gr\u00fc\u00dfe von der &#8222;Havel-Route&#8220; Malchow &#8211;&nbsp; Berlin &#8211; Potsdam &#8211; Malchow&#8220;,&nbsp;<\/span><\/p>\n<\/blockquote>\n<p style=\"text-align: justify;\"><span style=\"font-family: arial, helvetica, sans-serif; font-size: 12pt;\">postalisch gelaufen vom Briefzentrum 13 (in <a href=\"https:\/\/de.wikipedia.org\/wiki\/Hennigsdorf\" target=\"_blank\" rel=\"noopener\">Hennigsdorf<\/a>) nach Rostock am 04.10.2010, frankiert mit der von <a href=\"https:\/\/de.wikipedia.org\/wiki\/Udo_Lindenberg\" target=\"_blank\" rel=\"noopener\">Udo Lindenberg<\/a> und Victor Malsy entworfenen Marke <a href=\"https:\/\/de.wikipedia.org\/wiki\/Andrea_Doria_(Schiff,_1953)\" target=\"_blank\" rel=\"noopener\">\u201eAndrea Doria\u201c<\/a>, <a href=\"https:\/\/de.wikipedia.org\/wiki\/Briefmarken-Jahrgang_2010_der_Bundesrepublik_Deutschland\" target=\"_blank\" rel=\"noopener\">Michelnummer 2803.<\/a><\/span><\/p>\n<blockquote><p><span style=\"font-family: arial, helvetica, sans-serif; font-size: 12pt;\">&#8222;Von meiner Flu\u00dfreise vom 01. &#8211; 05.10. herzliche Gr\u00fc\u00dfe&#8230;. &#8222;<\/span><\/p><\/blockquote>\n<p><img loading=\"lazy\" decoding=\"async\" class=\"size-full wp-image-13114 alignnone\" src=\"https:\/\/berliner-dampfer.de\/wp-content\/uploads\/2025\/02\/2010-2010-10-05-MUeRITZ-klein.jpg\" alt=\"\" width=\"1200\" height=\"1151\" srcset=\"https:\/\/berliner-dampfer.de\/wp-content\/uploads\/2025\/02\/2010-2010-10-05-MUeRITZ-klein.jpg 1200w, https:\/\/berliner-dampfer.de\/wp-content\/uploads\/2025\/02\/2010-2010-10-05-MUeRITZ-klein-300x288.jpg 300w, https:\/\/berliner-dampfer.de\/wp-content\/uploads\/2025\/02\/2010-2010-10-05-MUeRITZ-klein-1024x982.jpg 1024w, https:\/\/berliner-dampfer.de\/wp-content\/uploads\/2025\/02\/2010-2010-10-05-MUeRITZ-klein-768x737.jpg 768w\" sizes=\"auto, (max-width: 1200px) 100vw, 1200px\" \/><\/td>\n<\/tr>\n<\/tbody>\n<\/table>\n<p>&nbsp;<\/p>\n<p>&nbsp;<\/p>\n<p>&nbsp;<\/p>\n<table style=\"border-collapse: collapse; width: 100%;\">\n<tbody>\n<tr>\n<td style=\"width: 15.153%; text-align: left; vertical-align: top;\"><span style=\"font-family: arial, helvetica, sans-serif; font-size: 12pt;\">23.02.2025<\/span><br \/>\n<span style=\"font-family: arial, helvetica, sans-serif; font-size: 10pt;\">(Funddatum)<\/span><span style=\"font-family: arial, helvetica, sans-serif; font-size: 12pt;\">Reederei Pickran<\/span><\/td>\n<td style=\"width: 84.847%; background-color: #c0c0ff; text-align: left; vertical-align: top;\">\n<p style=\"text-align: justify;\"><span style=\"font-family: arial, helvetica, sans-serif; font-size: 12pt;\">Unsere Schiffe<\/span><\/p>\n<p style=\"text-align: justify;\"><span style=\"font-family: arial, helvetica, sans-serif; font-size: 12pt;\">Unser Flaggschiff <strong>MS M\u00fcritz<\/strong> verf\u00fcgt \u00fcber 100 Sitzpl\u00e4tze im gro\u00dfz\u00fcgig gestalteten Fahrgastraum sowie 100 Sitzpl\u00e4tze auf dem gro\u00dfen Sonnendeck. MS Stadt Malchow bietet Ihnen 82 angenehm gepolsterte, Nichtraucher- Sitzpl\u00e4tze. Von der Sonne verw\u00f6hnen lassen und klare mecklenburgische Luft schnuppern k\u00f6nnen Sie auf 90 Sitzpl\u00e4tzen (in Fahrtrichtung) inkl. Sitzkissen auf dem Sonnendeck. Die Kapit\u00e4ne haben die Tonb\u00e4nder mit den stereotypen Erl\u00e4uterungen \u00fcber Bord geworfen und erkl\u00e4ren Ihnen alles was Sie sehen und wissen m\u00fcssen, live und in &#8222;Farbe&#8220;.<\/span><\/p>\n<p><span style=\"text-decoration: underline;\"><span style=\"font-family: arial, helvetica, sans-serif; font-size: 12pt;\">MS M\u00fcritz:<\/span><\/span><\/p>\n<ul>\n<li><span style=\"font-family: arial, helvetica, sans-serif; font-size: 12pt;\">Baujahr: 1999<\/span><\/li>\n<li><span style=\"font-family: arial, helvetica, sans-serif; font-size: 12pt;\">Werft: <a href=\"https:\/\/de.wikipedia.org\/wiki\/Schiffswerft_Georg_Placke\" target=\"_blank\" rel=\"noopener\">Georg Placke Werft<\/a> Aken<\/span><\/li>\n<li><span style=\"font-family: arial, helvetica, sans-serif; font-size: 12pt;\">Sitzpl\u00e4tze im Salon: 100<\/span><br \/>\n<span style=\"font-family: arial, helvetica, sans-serif; font-size: 12pt;\">davon im Panorama-Bugsalon: 30<\/span><\/li>\n<li><span style=\"font-family: arial, helvetica, sans-serif; font-size: 12pt;\">Sitzkissen auf dem Sonnendeck: 100<\/span><\/li>\n<li><span style=\"font-family: arial, helvetica, sans-serif; font-size: 12pt;\">L\u00e4nge: 34,10 m<\/span><\/li>\n<li><span style=\"font-family: arial, helvetica, sans-serif; font-size: 12pt;\">Breite: 5,10 m<\/span><\/li>\n<li><span style=\"font-family: arial, helvetica, sans-serif; font-size: 12pt;\">Tiefgang: 0,90 m<\/span><\/li>\n<li><span style=\"font-family: arial, helvetica, sans-serif; font-size: 12pt;\">Antrieb: 6 Zylinder Volvo 220 PS<\/span><\/li>\n<li><span style=\"font-family: arial, helvetica, sans-serif; font-size: 12pt;\">H\u00f6chstgeschwindigkeit: 17 Km\/h<\/span><\/li>\n<li><span style=\"font-family: arial, helvetica, sans-serif; font-size: 12pt;\">Reisegeschwindigkeit: 12 Km\/h<\/span><\/li>\n<\/ul>\n<\/td>\n<\/tr>\n<\/tbody>\n<\/table>\n<p>&nbsp;<\/p>\n<p>&nbsp;<\/p>\n<p>&nbsp;<\/p>\n<p><span style=\"text-decoration: underline;\"><span style=\"font-family: arial, helvetica, sans-serif; font-size: 12pt;\">Zuletzt bearbeitet 23.02.2025<\/span><\/span><\/p>\n","protected":false},"excerpt":{"rendered":"<p>1999 M\u00fcritz Reederei Mike Pickran: MS M\u00fcritz &nbsp; Ein sehr sch\u00f6ner Schiffpostbeleg. AK 2010: &#8222;Gr\u00fc\u00dfe von der &#8222;Havel-Route&#8220; Malchow &#8211;&nbsp; Berlin &#8211; Potsdam &#8211; Malchow&#8220;,&nbsp;&hellip;<\/p>\n","protected":false},"author":1,"featured_media":0,"parent":0,"menu_order":0,"comment_status":"closed","ping_status":"closed","template":"","meta":{"ngg_post_thumbnail":0,"iawp_total_views":3,"footnotes":""},"class_list":["post-13105","page","type-page","status-publish","hentry"],"_links":{"self":[{"href":"https:\/\/berliner-dampfer.de\/index.php?rest_route=\/wp\/v2\/pages\/13105","targetHints":{"allow":["GET"]}}],"collection":[{"href":"https:\/\/berliner-dampfer.de\/index.php?rest_route=\/wp\/v2\/pages"}],"about":[{"href":"https:\/\/berliner-dampfer.de\/index.php?rest_route=\/wp\/v2\/types\/page"}],"author":[{"embeddable":true,"href":"https:\/\/berliner-dampfer.de\/index.php?rest_route=\/wp\/v2\/users\/1"}],"replies":[{"embeddable":true,"href":"https:\/\/berliner-dampfer.de\/index.php?rest_route=%2Fwp%2Fv2%2Fcomments&post=13105"}],"version-history":[{"count":8,"href":"https:\/\/berliner-dampfer.de\/index.php?rest_route=\/wp\/v2\/pages\/13105\/revisions"}],"predecessor-version":[{"id":13116,"href":"https:\/\/berliner-dampfer.de\/index.php?rest_route=\/wp\/v2\/pages\/13105\/revisions\/13116"}],"wp:attachment":[{"href":"https:\/\/berliner-dampfer.de\/index.php?rest_route=%2Fwp%2Fv2%2Fmedia&parent=13105"}],"curies":[{"name":"wp","href":"https:\/\/api.w.org\/{rel}","templated":true}]}}

Müritz

<table style="border-collapse: collapse; width: 100%;">
<tbody>
<tr>
<td style="width: 100%; background-color: #ffff00;"><span style="font-family: arial, helvetica, sans-serif; font-size: 10pt;">1999</span> <strong><span style="font-family: arial, helvetica, sans-serif; font-size: 12pt;">Müritz</span></strong></p>
<p><span style="font-family: arial, helvetica, sans-serif; font-size: 12pt;">Reederei Mike Pickran: <a href="https://www.pickran.de/schifffahrt/fahrgastschifffahrt" target="_blank" rel="noopener">MS Müritz</a></span></td>
</tr>
</tbody>
</table>
<p>&nbsp;</p>
<table style="border-collapse: collapse; width: 100%;">
<tbody>
<tr>
<td style="width: 100%; background-color: #ffff00;">
<p style="text-align: justify;"><span style="font-family: arial, helvetica, sans-serif; font-size: 12pt;">Ein sehr schöner Schiffpostbeleg. AK 2010:</span></p>
<blockquote>
<p style="text-align: justify;"><span style="font-family: arial, helvetica, sans-serif; font-size: 12pt;">&#8222;Grüße von der &#8222;Havel-Route&#8220; Malchow &#8211;&nbsp; Berlin &#8211; Potsdam &#8211; Malchow&#8220;,&nbsp;</span></p>
</blockquote>
<p style="text-align: justify;"><span style="font-family: arial, helvetica, sans-serif; font-size: 12pt;">postalisch gelaufen vom Briefzentrum 13 (in <a href="https://de.wikipedia.org/wiki/Hennigsdorf" target="_blank" rel="noopener">Hennigsdorf</a>) nach Rostock am 04.10.2010, frankiert mit der von <a href="https://de.wikipedia.org/wiki/Udo_Lindenberg" target="_blank" rel="noopener">Udo Lindenberg</a> und Victor Malsy entworfenen Marke <a href="https://de.wikipedia.org/wiki/Andrea_Doria_(Schiff,_1953)" target="_blank" rel="noopener">„Andrea Doria“</a>, <a href="https://de.wikipedia.org/wiki/Briefmarken-Jahrgang_2010_der_Bundesrepublik_Deutschland" target="_blank" rel="noopener">Michelnummer 2803.</a></span></p>
<blockquote><p><span style="font-family: arial, helvetica, sans-serif; font-size: 12pt;">&#8222;Von meiner Flußreise vom 01. &#8211; 05.10. herzliche Grüße&#8230;. &#8222;</span></p></blockquote>
<p><img loading="lazy" decoding="async" class="size-full wp-image-13114 alignnone" src="https://berliner-dampfer.de/wp-content/uploads/2025/02/2010-2010-10-05-MUeRITZ-klein.jpg" alt="" width="1200" height="1151" srcset="https://berliner-dampfer.de/wp-content/uploads/2025/02/2010-2010-10-05-MUeRITZ-klein.jpg 1200w, https://berliner-dampfer.de/wp-content/uploads/2025/02/2010-2010-10-05-MUeRITZ-klein-300x288.jpg 300w, https://berliner-dampfer.de/wp-content/uploads/2025/02/2010-2010-10-05-MUeRITZ-klein-1024x982.jpg 1024w, https://berliner-dampfer.de/wp-content/uploads/2025/02/2010-2010-10-05-MUeRITZ-klein-768x737.jpg 768w" sizes="auto, (max-width: 1200px) 100vw, 1200px" /></td>
</tr>
</tbody>
</table>
<p>&nbsp;</p>
<p>&nbsp;</p>
<p>&nbsp;</p>
<table style="border-collapse: collapse; width: 100%;">
<tbody>
<tr>
<td style="width: 15.153%; text-align: left; vertical-align: top;"><span style="font-family: arial, helvetica, sans-serif; font-size: 12pt;">23.02.2025</span><br />
<span style="font-family: arial, helvetica, sans-serif; font-size: 10pt;">(Funddatum)</span><span style="font-family: arial, helvetica, sans-serif; font-size: 12pt;">Reederei Pickran</span></td>
<td style="width: 84.847%; background-color: #c0c0ff; text-align: left; vertical-align: top;">
<p style="text-align: justify;"><span style="font-family: arial, helvetica, sans-serif; font-size: 12pt;">Unsere Schiffe</span></p>
<p style="text-align: justify;"><span style="font-family: arial, helvetica, sans-serif; font-size: 12pt;">Unser Flaggschiff <strong>MS Müritz</strong> verfügt über 100 Sitzplätze im großzügig gestalteten Fahrgastraum sowie 100 Sitzplätze auf dem großen Sonnendeck. MS Stadt Malchow bietet Ihnen 82 angenehm gepolsterte, Nichtraucher- Sitzplätze. Von der Sonne verwöhnen lassen und klare mecklenburgische Luft schnuppern können Sie auf 90 Sitzplätzen (in Fahrtrichtung) inkl. Sitzkissen auf dem Sonnendeck. Die Kapitäne haben die Tonbänder mit den stereotypen Erläuterungen über Bord geworfen und erklären Ihnen alles was Sie sehen und wissen müssen, live und in &#8222;Farbe&#8220;.</span></p>
<p><span style="text-decoration: underline;"><span style="font-family: arial, helvetica, sans-serif; font-size: 12pt;">MS Müritz:</span></span></p>
<ul>
<li><span style="font-family: arial, helvetica, sans-serif; font-size: 12pt;">Baujahr: 1999</span></li>
<li><span style="font-family: arial, helvetica, sans-serif; font-size: 12pt;">Werft: <a href="https://de.wikipedia.org/wiki/Schiffswerft_Georg_Placke" target="_blank" rel="noopener">Georg Placke Werft</a> Aken</span></li>
<li><span style="font-family: arial, helvetica, sans-serif; font-size: 12pt;">Sitzplätze im Salon: 100</span><br />
<span style="font-family: arial, helvetica, sans-serif; font-size: 12pt;">davon im Panorama-Bugsalon: 30</span></li>
<li><span style="font-family: arial, helvetica, sans-serif; font-size: 12pt;">Sitzkissen auf dem Sonnendeck: 100</span></li>
<li><span style="font-family: arial, helvetica, sans-serif; font-size: 12pt;">Länge: 34,10 m</span></li>
<li><span style="font-family: arial, helvetica, sans-serif; font-size: 12pt;">Breite: 5,10 m</span></li>
<li><span style="font-family: arial, helvetica, sans-serif; font-size: 12pt;">Tiefgang: 0,90 m</span></li>
<li><span style="font-family: arial, helvetica, sans-serif; font-size: 12pt;">Antrieb: 6 Zylinder Volvo 220 PS</span></li>
<li><span style="font-family: arial, helvetica, sans-serif; font-size: 12pt;">Höchstgeschwindigkeit: 17 Km/h</span></li>
<li><span style="font-family: arial, helvetica, sans-serif; font-size: 12pt;">Reisegeschwindigkeit: 12 Km/h</span></li>
</ul>
</td>
</tr>
</tbody>
</table>
<p>&nbsp;</p>
<p>&nbsp;</p>
<p>&nbsp;</p>
<p><span style="text-decoration: underline;"><span style="font-family: arial, helvetica, sans-serif; font-size: 12pt;">Zuletzt bearbeitet 23.02.2025</span></span></p>

<p>1999 Müritz Reederei Mike Pickran: MS Müritz &nbsp; Ein sehr schöner Schiffpostbeleg. AK 2010: &#8222;Grüße von der &#8222;Havel-Route&#8220; Malchow &#8211;&nbsp; Berlin &#8211; Potsdam &#8211; Malchow&#8220;,&nbsp;&hellip;</p>
