{"id":16123,"date":"2025-06-02T08:25:31","date_gmt":"2025-06-02T06:25:31","guid":{"rendered":"https:\/\/berliner-dampfer.de\/?page_id=16123"},"modified":"2025-06-07T10:40:12","modified_gmt":"2025-06-07T08:40:12","slug":"bummi","status":"publish","type":"page","link":"https:\/\/berliner-dampfer.de\/?page_id=16123","title":{"rendered":"Bummi"},"content":{"rendered":"<table style=\"border-collapse: collapse; width: 100%;\">\n<tbody>\n<tr>\n<td style=\"width: 100%; background-color: #ffff00;\"><span style=\"font-family: arial, helvetica, sans-serif; font-size: 12pt;\"><span style=\"font-size: 10pt;\">1962<\/span> <strong>Bummi<\/strong>&nbsp;<\/span><\/p>\n<p><span style=\"font-family: arial, helvetica, sans-serif; font-size: 12pt;\"><a href=\"https:\/\/www.ddr-binnenschifffahrt.de\/db_verlauf.php?schiffId=4040577\" target=\"_blank\" rel=\"noopener\"><span style=\"font-family: arial, helvetica, sans-serif;\">Schiffshistorie<\/span><\/a> in der Datenbank von Uwe Giesler \/ www.ddr-binnenschifffahrt.de. <\/span><\/p>\n<p>__________<\/p>\n<p><span style=\"font-family: arial, helvetica, sans-serif; font-size: 12pt;\">Wikipedia Namensgeber: <a href=\"https:\/\/de.wikipedia.org\/wiki\/Bummi_(Zeitschrift)\" target=\"_blank\" rel=\"noopener\">Teddyb\u00e4r Bummi<\/a>&nbsp;<\/span><\/p>\n<ul>\n<li><em><span style=\"font-family: arial, helvetica, sans-serif; font-size: 12pt;\"><strong>\u201eBummi-Klasse\u201c war die inoffizielle Bezeichnung f\u00fcr einen Schiffstyp, der von 1957 bis 1962 in vier Exemplaren gebaut wurde. Zwei dieser Schiffe trugen die Namen Bummi und <a title=\"Brummel (Schiff, 1962)\" href=\"https:\/\/de.wikipedia.org\/wiki\/Brummel_(Schiff,_1962)\" target=\"_blank\" rel=\"noopener\">Brummel<\/a>.<\/strong><\/span><\/em><sup id=\"cite_ref-8\" class=\"reference\"><\/sup><\/li>\n<\/ul>\n<\/td>\n<\/tr>\n<\/tbody>\n<\/table>\n<p>&nbsp;<\/p>\n<table style=\"border-collapse: collapse; width: 100%;\">\n<tbody>\n<tr>\n<td style=\"width: 100%; background-color: #ffd700;\"><span style=\"font-family: arial, helvetica, sans-serif; font-size: 12pt;\"><a href=\"https:\/\/berliner-dampfer.de\/?page_id=194\" target=\"_blank\" rel=\"noopener\">Groggert 1988<\/a>, Seite 324:<\/span><br \/>\n<span style=\"font-family: arial, helvetica, sans-serif; font-size: 12pt;\">Der VEB Fahrgastschiffahrt Berlin erweiterte seinen Schiffspark 1962 noch um die Motorboote <strong>\u201eBummi\u201c<\/strong> und \u201eBrummel\u201c mit einem Fassungsverm\u00f6gen von je 77 Personen und die beiden F\u00e4hrboote \u201eFlax\u201c und <a href=\"https:\/\/berliner-dampfer.de\/?page_id=14769\" target=\"_blank\" rel=\"noopener\">\u201eKr\u00fcmel\u201c<\/a>. Die im F\u00e4hrbetrieb Gr\u00fcnau eingesetzten \u201eFlax\u201c und \u201eKr\u00fcmel\u201c wurden 1970 nach einer Verl\u00e4ngerung mit elektrischen Haftmagneten versehen, mit deren Hilfe die Boote w\u00e4hrend des Ein- und Aussteigens der Fahrg\u00e4ste am Steg festgehalten wurden.<\/span><\/td>\n<\/tr>\n<\/tbody>\n<\/table>\n<p>&nbsp;<\/p>\n<p>&nbsp;<\/p>\n<p>&nbsp;<\/p>\n<table style=\"border-collapse: collapse; width: 100%;\">\n<tbody>\n<tr>\n<td style=\"width: 100%; background-color: #ffff00;\">\n<p style=\"text-align: justify;\"><span style=\"font-family: arial, helvetica, sans-serif; font-size: 12pt;\"><strong>&#8222;Bummi&#8220;<\/strong> Schiffskennung <a href=\"https:\/\/www.ddr-binnenschifffahrt.de\/db_detail.php?id=405771\" target=\"_blank\" rel=\"noopener\">&#8222;P 022&#8220;<\/a> vermutlich 1990 &#8211; 1992.<\/span><br \/>\n<span style=\"font-family: arial, helvetica, sans-serif; font-size: 12pt;\">Diese Schiffskennung hatte das Schiff bis 1995. Die <a href=\"https:\/\/group.dhl.com\/de\/presse\/pressemitteilungen\/2023\/deutsche-post-stellt-um-auf-fuenfstellige-postleitzahlen.html\" target=\"_blank\" rel=\"noopener\">Umstellung<\/a> auf f\u00fcnstellige Postleitzahlen war am 01.07.1993. Seit 1990 fuhr das Schiff unter der Flagge der Stern und Kreisschiffahrt. Ich wei\u00df nicht genau, ob die kleine rot-blaue Flagge am Bug die damalige Flagge der Stern+Kreis ist, aber jedenfalls scheint sich in einer Flagge darunter der &#8222;Stern&#8220; der Reederei zu befinden?<\/span><br \/>\n<span style=\"font-family: arial, helvetica, sans-serif; font-size: 12pt;\">Ich vermute, dass diese Aufnahme <strong>1990<\/strong> entstanden ist.<\/span><\/p>\n<p><a href=\"https:\/\/berliner-dampfer.de\/wp-content\/uploads\/2025\/06\/1990-ca-BUMMI-klein-a-1.jpg\"><img loading=\"lazy\" decoding=\"async\" class=\"aligncenter size-full wp-image-16280\" src=\"https:\/\/berliner-dampfer.de\/wp-content\/uploads\/2025\/06\/1990-ca-BUMMI-klein-a-1.jpg\" alt=\"\" width=\"1200\" height=\"1255\" srcset=\"https:\/\/berliner-dampfer.de\/wp-content\/uploads\/2025\/06\/1990-ca-BUMMI-klein-a-1.jpg 1200w, https:\/\/berliner-dampfer.de\/wp-content\/uploads\/2025\/06\/1990-ca-BUMMI-klein-a-1-287x300.jpg 287w, https:\/\/berliner-dampfer.de\/wp-content\/uploads\/2025\/06\/1990-ca-BUMMI-klein-a-1-979x1024.jpg 979w, https:\/\/berliner-dampfer.de\/wp-content\/uploads\/2025\/06\/1990-ca-BUMMI-klein-a-1-768x803.jpg 768w\" sizes=\"auto, (max-width: 1200px) 100vw, 1200px\" \/><\/a><\/td>\n<\/tr>\n<\/tbody>\n<\/table>\n<p>&nbsp;<\/p>\n<p>&nbsp;<\/p>\n<p>&nbsp;<\/p>\n<p><span style=\"text-decoration: underline;\"><span style=\"font-family: arial, helvetica, sans-serif; font-size: 12pt;\">Zuletzt bearbeitet 07.06.2025<\/span><\/span><\/p>\n","protected":false},"excerpt":{"rendered":"<p>1962 Bummi&nbsp; Schiffshistorie in der Datenbank von Uwe Giesler \/ www.ddr-binnenschifffahrt.de. __________ Wikipedia Namensgeber: Teddyb\u00e4r Bummi&nbsp; \u201eBummi-Klasse\u201c war die inoffizielle Bezeichnung f\u00fcr einen Schiffstyp, der&hellip;<\/p>\n","protected":false},"author":1,"featured_media":0,"parent":0,"menu_order":0,"comment_status":"closed","ping_status":"closed","template":"","meta":{"ngg_post_thumbnail":0,"iawp_total_views":54,"footnotes":""},"class_list":["post-16123","page","type-page","status-publish","hentry"],"_links":{"self":[{"href":"https:\/\/berliner-dampfer.de\/index.php?rest_route=\/wp\/v2\/pages\/16123","targetHints":{"allow":["GET"]}}],"collection":[{"href":"https:\/\/berliner-dampfer.de\/index.php?rest_route=\/wp\/v2\/pages"}],"about":[{"href":"https:\/\/berliner-dampfer.de\/index.php?rest_route=\/wp\/v2\/types\/page"}],"author":[{"embeddable":true,"href":"https:\/\/berliner-dampfer.de\/index.php?rest_route=\/wp\/v2\/users\/1"}],"replies":[{"embeddable":true,"href":"https:\/\/berliner-dampfer.de\/index.php?rest_route=%2Fwp%2Fv2%2Fcomments&post=16123"}],"version-history":[{"count":9,"href":"https:\/\/berliner-dampfer.de\/index.php?rest_route=\/wp\/v2\/pages\/16123\/revisions"}],"predecessor-version":[{"id":16282,"href":"https:\/\/berliner-dampfer.de\/index.php?rest_route=\/wp\/v2\/pages\/16123\/revisions\/16282"}],"wp:attachment":[{"href":"https:\/\/berliner-dampfer.de\/index.php?rest_route=%2Fwp%2Fv2%2Fmedia&parent=16123"}],"curies":[{"name":"wp","href":"https:\/\/api.w.org\/{rel}","templated":true}]}}