{"id":18490,"date":"2026-04-28T05:24:51","date_gmt":"2026-04-28T03:24:51","guid":{"rendered":"https:\/\/berliner-dampfer.de\/?page_id=18490"},"modified":"2026-04-28T07:56:32","modified_gmt":"2026-04-28T05:56:32","slug":"dahlem-motorboot","status":"publish","type":"page","link":"https:\/\/berliner-dampfer.de\/?page_id=18490","title":{"rendered":"Dahlem (Motorboot)"},"content":{"rendered":"<table style=\"border-collapse: collapse; width: 100%;\">\n<tbody>\n<tr>\n<td style=\"width: 100%; background-color: #ffff00;\">\n<p style=\"text-align: justify;\"><span style=\"font-family: arial, helvetica, sans-serif; font-size: 12pt;\"><strong>Dahlem<\/strong> ?<\/span><\/p>\n<p style=\"text-align: justify;\"><span style=\"font-family: arial, helvetica, sans-serif; font-size: 12pt;\"><em>&#8222;Dahlem<br \/>\nPost Berlin-Steglitz&#8220;<\/em><\/span><\/p>\n<p style=\"text-align: justify;\"><span style=\"font-family: arial, helvetica, sans-serif; font-size: 12pt;\">Erworben \u00fcber ebay mit der Angebots\u00fcberschrift &#8222;Dahlem Binnenschiff auf dem Grunewaldsee&#8220;.<\/span><br \/>\n<span style=\"font-family: arial, helvetica, sans-serif; font-size: 12pt;\">Auf dem <a href=\"https:\/\/forst-grunewald.de\/?page_id=800\" target=\"_blank\" rel=\"noopener\">Grunewaldsee<\/a> und auch nicht auf dem <a href=\"https:\/\/forst-grunewald.de\/?page_id=1463\" target=\"_blank\" rel=\"noopener\">Schlachtensee<\/a> (siehe <a href=\"https:\/\/berliner-dampfer.de\/?page_id=2870\" target=\"_blank\" rel=\"noopener\">Motorbootf\u00e4hren Schlachtensee<\/a>) fuhr solch ein Motorboot aber niemals.&nbsp;<\/span><\/p>\n<p style=\"text-align: justify;\"><span style=\"font-family: arial, helvetica, sans-serif; font-size: 12pt;\">Die Aufnahme entstand auch nicht auf einem See im Grunewald. Ich vermute das Havelufer.<\/span><\/p>\n<p style=\"text-align: justify;\"><span style=\"font-family: arial, helvetica, sans-serif; font-size: 12pt;\">Einen Namen kann ich am Rumpf nicht erkennen\/entziffern. <\/span><\/p>\n<p><a href=\"https:\/\/berliner-dampfer.de\/wp-content\/uploads\/2026\/04\/1910-ca-Dahlem-Post-Berlin-Steglitz-klein-a2.jpg\" target=\"_blank\" rel=\"noopener\"><img loading=\"lazy\" decoding=\"async\" class=\"alignnone wp-image-18496\" src=\"https:\/\/berliner-dampfer.de\/wp-content\/uploads\/2026\/04\/1910-ca-Dahlem-Post-Berlin-Steglitz-klein-a2.jpg\" alt=\"\" width=\"240\" height=\"97\" srcset=\"https:\/\/berliner-dampfer.de\/wp-content\/uploads\/2026\/04\/1910-ca-Dahlem-Post-Berlin-Steglitz-klein-a2.jpg 1012w, https:\/\/berliner-dampfer.de\/wp-content\/uploads\/2026\/04\/1910-ca-Dahlem-Post-Berlin-Steglitz-klein-a2-300x122.jpg 300w, https:\/\/berliner-dampfer.de\/wp-content\/uploads\/2026\/04\/1910-ca-Dahlem-Post-Berlin-Steglitz-klein-a2-768x312.jpg 768w\" sizes=\"auto, (max-width: 240px) 100vw, 240px\" \/><\/a><\/p>\n<p style=\"text-align: justify;\"><span style=\"font-family: arial, helvetica, sans-serif; font-size: 12pt;\">Die Angabe auf der unbeschriebenen Karte, welche auf der R\u00fcckseite keine Angaben enth\u00e4lt, ist mir nicht verst\u00e4ndlich.<\/span><\/p>\n<p style=\"text-align: justify;\"><span style=\"font-family: arial, helvetica, sans-serif; font-size: 12pt;\">Ich vermute, dass es sich um ein privates Yacht-Motorboot handelt. Wegen der <a href=\"https:\/\/de.wikipedia.org\/wiki\/Liste_der_Flaggen_des_Deutschen_Kaiserreichs\" target=\"_blank\" rel=\"noopener\">Kaiserreich-Flagge (1871-1918)<\/a> am Heck und der Kartenqualit\u00e4t sch\u00e4tze ich das Aufnahmedatum auf ca. 1910. Die Dame und der Herr auf dem Boot k\u00f6nnten die Eignerfamilie sein? (\u00c4hnlich wie die <a href=\"https:\/\/berliner-dampfer.de\/?page_id=2661\" target=\"_blank\" rel=\"noopener\">Emmy II<\/a>).<\/span><\/p>\n<p><span style=\"font-family: arial, helvetica, sans-serif; font-size: 12pt;\">Vielleicht wohnte die Eignerfamilie in Dahlem (Post Berlin-Steglitz). Und weil sie stolz auf ihr schickes Boot waren, haben sie eine Postkarte drucken lassen?<\/span><\/p>\n<p><span style=\"font-family: arial, helvetica, sans-serif; font-size: 12pt;\">Von daher f\u00fchre ich das Boot hier unter den Namen &#8222;Dahlem&#8220;.<\/span><\/p>\n<p><span style=\"font-family: arial, helvetica, sans-serif; font-size: 12pt;\">Jedenfalls ist es eine nette Aufnahme. &nbsp;\ud83d\ude42&nbsp;<\/span><\/td>\n<\/tr>\n<\/tbody>\n<\/table>\n<p>&nbsp;<\/p>\n<p><a href=\"https:\/\/berliner-dampfer.de\/wp-content\/uploads\/2026\/04\/1910-ca-Dahlem-Post-Berlin-Steglitz-klein.jpg\" target=\"_blank\" rel=\"noopener\"><img loading=\"lazy\" decoding=\"async\" class=\"alignnone wp-image-18494\" src=\"https:\/\/berliner-dampfer.de\/wp-content\/uploads\/2026\/04\/1910-ca-Dahlem-Post-Berlin-Steglitz-klein.jpg\" alt=\"\" width=\"720\" height=\"443\" srcset=\"https:\/\/berliner-dampfer.de\/wp-content\/uploads\/2026\/04\/1910-ca-Dahlem-Post-Berlin-Steglitz-klein.jpg 1200w, https:\/\/berliner-dampfer.de\/wp-content\/uploads\/2026\/04\/1910-ca-Dahlem-Post-Berlin-Steglitz-klein-300x185.jpg 300w, https:\/\/berliner-dampfer.de\/wp-content\/uploads\/2026\/04\/1910-ca-Dahlem-Post-Berlin-Steglitz-klein-1024x630.jpg 1024w, https:\/\/berliner-dampfer.de\/wp-content\/uploads\/2026\/04\/1910-ca-Dahlem-Post-Berlin-Steglitz-klein-768x472.jpg 768w\" sizes=\"auto, (max-width: 720px) 100vw, 720px\" \/><\/a><\/p>\n<p><img loading=\"lazy\" decoding=\"async\" class=\"alignnone size-full wp-image-18495\" src=\"https:\/\/berliner-dampfer.de\/wp-content\/uploads\/2026\/04\/1910-ca-Dahlem-Post-Berlin-Steglitz-klein-a1.jpg\" alt=\"\" width=\"1200\" height=\"312\" srcset=\"https:\/\/berliner-dampfer.de\/wp-content\/uploads\/2026\/04\/1910-ca-Dahlem-Post-Berlin-Steglitz-klein-a1.jpg 1200w, https:\/\/berliner-dampfer.de\/wp-content\/uploads\/2026\/04\/1910-ca-Dahlem-Post-Berlin-Steglitz-klein-a1-300x78.jpg 300w, https:\/\/berliner-dampfer.de\/wp-content\/uploads\/2026\/04\/1910-ca-Dahlem-Post-Berlin-Steglitz-klein-a1-1024x266.jpg 1024w, https:\/\/berliner-dampfer.de\/wp-content\/uploads\/2026\/04\/1910-ca-Dahlem-Post-Berlin-Steglitz-klein-a1-768x200.jpg 768w\" sizes=\"auto, (max-width: 1200px) 100vw, 1200px\" \/><\/p>\n<p>&nbsp;<\/p>\n<p>&nbsp;<\/p>\n<p>&nbsp;<\/p>\n<table style=\"border-collapse: collapse; width: 100%;\">\n<tbody>\n<tr>\n<td style=\"width: 100%; background-color: #ffff00;\">\n<p style=\"text-align: justify;\"><span style=\"font-family: arial, helvetica, sans-serif; font-size: 12pt;\">Hier noch ein weiteres Bild, wobei ich mir nicht sicher bin, ob es sich um das selbe Boot handelt. Die Aufnahme ist leider nicht gut.<\/span><br \/>\n<span style=\"font-family: arial, helvetica, sans-serif; font-size: 12pt;\">Hierbei handelt es sich scheinbar um das Boot der Familie eines Sch\u00fclers des&nbsp; <a href=\"https:\/\/de.wikipedia.org\/wiki\/Arndt-Gymnasium_Dahlem\" target=\"_blank\" rel=\"noopener\">Arndt-Gymnasium<\/a> in Dahlem. <\/span><\/p>\n<blockquote><p><span style=\"font-family: arial, helvetica, sans-serif; font-size: 12pt;\"><a href=\"https:\/\/de.wikipedia.org\/wiki\/Arndt-Gymnasium_Dahlem\" target=\"_blank\" rel=\"noopener\">Wikipedia<\/a>:<br \/>\n<em>&#8222;Das Arndt-Gymnasium Dahlem wurde 1908 als privates, elit\u00e4res Landschulheim, vor allem f\u00fcr den preu\u00dfischen Adel, im Geiste der Reformp\u00e4dagogik im damals noch \u201eweit drau\u00dfen\u201c liegenden Dahlem gegr\u00fcndet.&#8220;<\/em><\/span><\/p><\/blockquote>\n<p style=\"text-align: justify;\"><span style=\"font-family: arial, helvetica, sans-serif; font-size: 12pt;\">M\u00f6glicherweise finden sich in einem Artikel aus der Zeit um 1910 (etwa in der Berliner Zeitschrift &#8222;<a href=\"https:\/\/de.wikipedia.org\/wiki\/Die_Woche_(1899%E2%80%931944)\" target=\"_blank\" rel=\"noopener\">Die Woche<\/a>&#8222;) oder in einer Schulchronik des Arndt-Gymnaiums weitere Informationen zu dem Boot?<\/span><\/p>\n<p style=\"text-align: justify;\"><span style=\"font-family: arial, helvetica, sans-serif; font-size: 12pt;\">So berichtet &#8222;Die Woche&#8220; im Jahr 1912 (Nummer 28, Seite 1182) zum Beispiel in einem Arikel<\/span><\/p>\n<blockquote>\n<p style=\"text-align: justify;\"><span style=\"font-family: arial, helvetica, sans-serif; font-size: 12pt;\"><strong>&#8222;Das Heidenhaus des Arndt-Gymnasiums&#8220; <\/strong>von Dr. Dumrese, Dahlem:<\/span><br \/>\n<span style=\"font-family: arial, helvetica, sans-serif; font-size: 12pt;\">&#8222;&#8230; Die Strausberger Gegend war oft das Ziel unserer Sonnntagsausfl\u00fcge, die den belebten Gegenden nach M\u00f6glichkeit zu entgehen suchten. F\u00fcr Tagespartien liegt sie etwas zu weit. Bei Ausfl\u00fcgen \u00fcber Sonnabend und Sonntag dagegen waren Nachtquartier und Verpflegung entweder mangelhaft oder bedeuteten eine erhebliche Verteuerung. F\u00fcr kleinere und schw\u00e4chliche Sch\u00fcler ferner schien ein blo\u00dfer Aufenthalt in Waldluft und Waldstille oft wertvoller als gro\u00dfe M\u00e4rsche. Nun wurde durch einen Freund der Anstalt in der Strausberger Stadtforst zum Aufenthalt f\u00fcr die Sch\u00fcler ein Forstgrundst\u00fcck zur Verf\u00fcgung gestellt. So entstand der Plan, darauf ein H\u00e4uschen zu bauen als Unterkunft f\u00fcr die Sch\u00fcler auf ihren Sonntagsausfl\u00fcgen, als St\u00fctzpunkt auch f\u00fcr gr\u00f6\u00dfere Wanderungen im Osten Berlins, als Ferienheim endlich f\u00fcr Angeh\u00f6rige der Anstalt. Im Kreis der Eltern fand der Gedanke Anklang, es flossen reichlich die Gaben&#8230;. &#8222;<\/span><\/p>\n<\/blockquote>\n<p style=\"text-align: justify;\"><span style=\"font-family: arial, helvetica, sans-serif; font-size: 12pt;\">Nun, das &#8222;Heidenhaus&#8220; war kein &#8222;H\u00e4uschen&#8220;, sondern ein stattliches Forsthaus. Sp\u00e4ter gab es dann in Nahmitz bei Lehnin noch ein &#8222;zweites Heidenhaus&#8220;.<\/span><\/p>\n<p style=\"text-align: justify;\"><span style=\"font-family: arial, helvetica, sans-serif; font-size: 12pt;\">In diesem Sinne d\u00fcrfte vermutlich auch das Boot unten der Sch\u00fclerschaft (gelegentlich) f\u00fcr Ausfl\u00fcge zur Verf\u00fcgung gestanden haben. Vermutlich auch mehr als einmal, denn warum sonst wurde eine Postkarte gedruckt?<\/span><\/p>\n<\/td>\n<\/tr>\n<\/tbody>\n<\/table>\n<p>&nbsp;<\/p>\n<p>&nbsp;<\/p>\n<p>&nbsp;<\/p>\n<p><span style=\"font-family: arial, helvetica, sans-serif; font-size: 12pt;\"><em>Bild folgt.<\/em><\/span><\/p>\n<p>&nbsp;<\/p>\n<p>&nbsp;<\/p>\n<p><span style=\"text-decoration: underline;\"><span style=\"font-family: arial, helvetica, sans-serif;\">Zuletzt bearbeitet 28.04.2026<\/span><\/span><\/p>\n","protected":false},"excerpt":{"rendered":"<p>Dahlem ? &#8222;Dahlem Post Berlin-Steglitz&#8220; Erworben \u00fcber ebay mit der Angebots\u00fcberschrift &#8222;Dahlem Binnenschiff auf dem Grunewaldsee&#8220;. Auf dem Grunewaldsee und auch nicht auf dem Schlachtensee&hellip;<\/p>\n","protected":false},"author":1,"featured_media":0,"parent":0,"menu_order":0,"comment_status":"closed","ping_status":"closed","template":"","meta":{"ngg_post_thumbnail":0,"iawp_total_views":0,"footnotes":""},"class_list":["post-18490","page","type-page","status-publish","hentry"],"_links":{"self":[{"href":"https:\/\/berliner-dampfer.de\/index.php?rest_route=\/wp\/v2\/pages\/18490","targetHints":{"allow":["GET"]}}],"collection":[{"href":"https:\/\/berliner-dampfer.de\/index.php?rest_route=\/wp\/v2\/pages"}],"about":[{"href":"https:\/\/berliner-dampfer.de\/index.php?rest_route=\/wp\/v2\/types\/page"}],"author":[{"embeddable":true,"href":"https:\/\/berliner-dampfer.de\/index.php?rest_route=\/wp\/v2\/users\/1"}],"replies":[{"embeddable":true,"href":"https:\/\/berliner-dampfer.de\/index.php?rest_route=%2Fwp%2Fv2%2Fcomments&post=18490"}],"version-history":[{"count":27,"href":"https:\/\/berliner-dampfer.de\/index.php?rest_route=\/wp\/v2\/pages\/18490\/revisions"}],"predecessor-version":[{"id":18520,"href":"https:\/\/berliner-dampfer.de\/index.php?rest_route=\/wp\/v2\/pages\/18490\/revisions\/18520"}],"wp:attachment":[{"href":"https:\/\/berliner-dampfer.de\/index.php?rest_route=%2Fwp%2Fv2%2Fmedia&parent=18490"}],"curies":[{"name":"wp","href":"https:\/\/api.w.org\/{rel}","templated":true}]}}

<table style="border-collapse: collapse; width: 100%;">
<tbody>
<tr>
<td style="width: 100%; background-color: #ffff00;">
<p style="text-align: justify;"><span style="font-family: arial, helvetica, sans-serif; font-size: 12pt;"><strong>Dahlem</strong> ?</span></p>
<p style="text-align: justify;"><span style="font-family: arial, helvetica, sans-serif; font-size: 12pt;"><em>&#8222;Dahlem<br />
Post Berlin-Steglitz&#8220;</em></span></p>
<p style="text-align: justify;"><span style="font-family: arial, helvetica, sans-serif; font-size: 12pt;">Erworben über ebay mit der Angebotsüberschrift &#8222;Dahlem Binnenschiff auf dem Grunewaldsee&#8220;.</span><br />
<span style="font-family: arial, helvetica, sans-serif; font-size: 12pt;">Auf dem <a href="https://forst-grunewald.de/?page_id=800" target="_blank" rel="noopener">Grunewaldsee</a> und auch nicht auf dem <a href="https://forst-grunewald.de/?page_id=1463" target="_blank" rel="noopener">Schlachtensee</a> (siehe <a href="https://berliner-dampfer.de/?page_id=2870" target="_blank" rel="noopener">Motorbootfähren Schlachtensee</a>) fuhr solch ein Motorboot aber niemals.&nbsp;</span></p>
<p style="text-align: justify;"><span style="font-family: arial, helvetica, sans-serif; font-size: 12pt;">Die Aufnahme entstand auch nicht auf einem See im Grunewald. Ich vermute das Havelufer.</span></p>
<p style="text-align: justify;"><span style="font-family: arial, helvetica, sans-serif; font-size: 12pt;">Einen Namen kann ich am Rumpf nicht erkennen/entziffern. </span></p>
<p><a href="https://berliner-dampfer.de/wp-content/uploads/2026/04/1910-ca-Dahlem-Post-Berlin-Steglitz-klein-a2.jpg" target="_blank" rel="noopener"><img loading="lazy" decoding="async" class="alignnone wp-image-18496" src="https://berliner-dampfer.de/wp-content/uploads/2026/04/1910-ca-Dahlem-Post-Berlin-Steglitz-klein-a2.jpg" alt="" width="240" height="97" srcset="https://berliner-dampfer.de/wp-content/uploads/2026/04/1910-ca-Dahlem-Post-Berlin-Steglitz-klein-a2.jpg 1012w, https://berliner-dampfer.de/wp-content/uploads/2026/04/1910-ca-Dahlem-Post-Berlin-Steglitz-klein-a2-300x122.jpg 300w, https://berliner-dampfer.de/wp-content/uploads/2026/04/1910-ca-Dahlem-Post-Berlin-Steglitz-klein-a2-768x312.jpg 768w" sizes="auto, (max-width: 240px) 100vw, 240px" /></a></p>
<p style="text-align: justify;"><span style="font-family: arial, helvetica, sans-serif; font-size: 12pt;">Die Angabe auf der unbeschriebenen Karte, welche auf der Rückseite keine Angaben enthält, ist mir nicht verständlich.</span></p>
<p style="text-align: justify;"><span style="font-family: arial, helvetica, sans-serif; font-size: 12pt;">Ich vermute, dass es sich um ein privates Yacht-Motorboot handelt. Wegen der <a href="https://de.wikipedia.org/wiki/Liste_der_Flaggen_des_Deutschen_Kaiserreichs" target="_blank" rel="noopener">Kaiserreich-Flagge (1871-1918)</a> am Heck und der Kartenqualität schätze ich das Aufnahmedatum auf ca. 1910. Die Dame und der Herr auf dem Boot könnten die Eignerfamilie sein? (Ähnlich wie die <a href="https://berliner-dampfer.de/?page_id=2661" target="_blank" rel="noopener">Emmy II</a>).</span></p>
<p><span style="font-family: arial, helvetica, sans-serif; font-size: 12pt;">Vielleicht wohnte die Eignerfamilie in Dahlem (Post Berlin-Steglitz). Und weil sie stolz auf ihr schickes Boot waren, haben sie eine Postkarte drucken lassen?</span></p>
<p><span style="font-family: arial, helvetica, sans-serif; font-size: 12pt;">Von daher führe ich das Boot hier unter den Namen &#8222;Dahlem&#8220;.</span></p>
<p><span style="font-family: arial, helvetica, sans-serif; font-size: 12pt;">Jedenfalls ist es eine nette Aufnahme. &nbsp;🙂&nbsp;</span></td>
</tr>
</tbody>
</table>
<p>&nbsp;</p>
<p><a href="https://berliner-dampfer.de/wp-content/uploads/2026/04/1910-ca-Dahlem-Post-Berlin-Steglitz-klein.jpg" target="_blank" rel="noopener"><img loading="lazy" decoding="async" class="alignnone wp-image-18494" src="https://berliner-dampfer.de/wp-content/uploads/2026/04/1910-ca-Dahlem-Post-Berlin-Steglitz-klein.jpg" alt="" width="720" height="443" srcset="https://berliner-dampfer.de/wp-content/uploads/2026/04/1910-ca-Dahlem-Post-Berlin-Steglitz-klein.jpg 1200w, https://berliner-dampfer.de/wp-content/uploads/2026/04/1910-ca-Dahlem-Post-Berlin-Steglitz-klein-300x185.jpg 300w, https://berliner-dampfer.de/wp-content/uploads/2026/04/1910-ca-Dahlem-Post-Berlin-Steglitz-klein-1024x630.jpg 1024w, https://berliner-dampfer.de/wp-content/uploads/2026/04/1910-ca-Dahlem-Post-Berlin-Steglitz-klein-768x472.jpg 768w" sizes="auto, (max-width: 720px) 100vw, 720px" /></a></p>
<p><img loading="lazy" decoding="async" class="alignnone size-full wp-image-18495" src="https://berliner-dampfer.de/wp-content/uploads/2026/04/1910-ca-Dahlem-Post-Berlin-Steglitz-klein-a1.jpg" alt="" width="1200" height="312" srcset="https://berliner-dampfer.de/wp-content/uploads/2026/04/1910-ca-Dahlem-Post-Berlin-Steglitz-klein-a1.jpg 1200w, https://berliner-dampfer.de/wp-content/uploads/2026/04/1910-ca-Dahlem-Post-Berlin-Steglitz-klein-a1-300x78.jpg 300w, https://berliner-dampfer.de/wp-content/uploads/2026/04/1910-ca-Dahlem-Post-Berlin-Steglitz-klein-a1-1024x266.jpg 1024w, https://berliner-dampfer.de/wp-content/uploads/2026/04/1910-ca-Dahlem-Post-Berlin-Steglitz-klein-a1-768x200.jpg 768w" sizes="auto, (max-width: 1200px) 100vw, 1200px" /></p>
<p>&nbsp;</p>
<p>&nbsp;</p>
<p>&nbsp;</p>
<table style="border-collapse: collapse; width: 100%;">
<tbody>
<tr>
<td style="width: 100%; background-color: #ffff00;">
<p style="text-align: justify;"><span style="font-family: arial, helvetica, sans-serif; font-size: 12pt;">Hier noch ein weiteres Bild, wobei ich mir nicht sicher bin, ob es sich um das selbe Boot handelt. Die Aufnahme ist leider nicht gut.</span><br />
<span style="font-family: arial, helvetica, sans-serif; font-size: 12pt;">Hierbei handelt es sich scheinbar um das Boot der Familie eines Schülers des&nbsp; <a href="https://de.wikipedia.org/wiki/Arndt-Gymnasium_Dahlem" target="_blank" rel="noopener">Arndt-Gymnasium</a> in Dahlem. </span></p>
<blockquote><p><span style="font-family: arial, helvetica, sans-serif; font-size: 12pt;"><a href="https://de.wikipedia.org/wiki/Arndt-Gymnasium_Dahlem" target="_blank" rel="noopener">Wikipedia</a>:<br />
<em>&#8222;Das Arndt-Gymnasium Dahlem wurde 1908 als privates, elitäres Landschulheim, vor allem für den preußischen Adel, im Geiste der Reformpädagogik im damals noch „weit draußen“ liegenden Dahlem gegründet.&#8220;</em></span></p></blockquote>
<p style="text-align: justify;"><span style="font-family: arial, helvetica, sans-serif; font-size: 12pt;">Möglicherweise finden sich in einem Artikel aus der Zeit um 1910 (etwa in der Berliner Zeitschrift &#8222;<a href="https://de.wikipedia.org/wiki/Die_Woche_(1899%E2%80%931944)" target="_blank" rel="noopener">Die Woche</a>&#8222;) oder in einer Schulchronik des Arndt-Gymnaiums weitere Informationen zu dem Boot?</span></p>
<p style="text-align: justify;"><span style="font-family: arial, helvetica, sans-serif; font-size: 12pt;">So berichtet &#8222;Die Woche&#8220; im Jahr 1912 (Nummer 28, Seite 1182) zum Beispiel in einem Arikel</span></p>
<blockquote>
<p style="text-align: justify;"><span style="font-family: arial, helvetica, sans-serif; font-size: 12pt;"><strong>&#8222;Das Heidenhaus des Arndt-Gymnasiums&#8220; </strong>von Dr. Dumrese, Dahlem:</span><br />
<span style="font-family: arial, helvetica, sans-serif; font-size: 12pt;">&#8222;&#8230; Die Strausberger Gegend war oft das Ziel unserer Sonnntagsausflüge, die den belebten Gegenden nach Möglichkeit zu entgehen suchten. Für Tagespartien liegt sie etwas zu weit. Bei Ausflügen über Sonnabend und Sonntag dagegen waren Nachtquartier und Verpflegung entweder mangelhaft oder bedeuteten eine erhebliche Verteuerung. Für kleinere und schwächliche Schüler ferner schien ein bloßer Aufenthalt in Waldluft und Waldstille oft wertvoller als große Märsche. Nun wurde durch einen Freund der Anstalt in der Strausberger Stadtforst zum Aufenthalt für die Schüler ein Forstgrundstück zur Verfügung gestellt. So entstand der Plan, darauf ein Häuschen zu bauen als Unterkunft für die Schüler auf ihren Sonntagsausflügen, als Stützpunkt auch für größere Wanderungen im Osten Berlins, als Ferienheim endlich für Angehörige der Anstalt. Im Kreis der Eltern fand der Gedanke Anklang, es flossen reichlich die Gaben&#8230;. &#8222;</span></p>
</blockquote>
<p style="text-align: justify;"><span style="font-family: arial, helvetica, sans-serif; font-size: 12pt;">Nun, das &#8222;Heidenhaus&#8220; war kein &#8222;Häuschen&#8220;, sondern ein stattliches Forsthaus. Später gab es dann in Nahmitz bei Lehnin noch ein &#8222;zweites Heidenhaus&#8220;.</span></p>
<p style="text-align: justify;"><span style="font-family: arial, helvetica, sans-serif; font-size: 12pt;">In diesem Sinne dürfte vermutlich auch das Boot unten der Schülerschaft (gelegentlich) für Ausflüge zur Verfügung gestanden haben. Vermutlich auch mehr als einmal, denn warum sonst wurde eine Postkarte gedruckt?</span></p>
</td>
</tr>
</tbody>
</table>
<p>&nbsp;</p>
<p>&nbsp;</p>
<p>&nbsp;</p>
<p><span style="font-family: arial, helvetica, sans-serif; font-size: 12pt;"><em>Bild folgt.</em></span></p>
<p>&nbsp;</p>
<p>&nbsp;</p>
<p><span style="text-decoration: underline;"><span style="font-family: arial, helvetica, sans-serif;">Zuletzt bearbeitet 28.04.2026</span></span></p>

<p>Dahlem ? &#8222;Dahlem Post Berlin-Steglitz&#8220; Erworben über ebay mit der Angebotsüberschrift &#8222;Dahlem Binnenschiff auf dem Grunewaldsee&#8220;. Auf dem Grunewaldsee und auch nicht auf dem Schlachtensee&hellip;</p>
