{"id":3899,"date":"2024-09-01T09:32:11","date_gmt":"2024-09-01T07:32:11","guid":{"rendered":"https:\/\/berliner-dampfer.de\/?page_id=3899"},"modified":"2025-02-12T09:25:33","modified_gmt":"2025-02-12T08:25:33","slug":"karo-as","status":"publish","type":"page","link":"https:\/\/berliner-dampfer.de\/?page_id=3899","title":{"rendered":"v. Schill"},"content":{"rendered":"<table style=\"border-collapse: collapse; width: 100%;\">\n<tbody>\n<tr>\n<td style=\"width: 100%; background-color: #ffff00; text-align: left; vertical-align: top;\"><span style=\"font-family: arial, helvetica, sans-serif; font-size: 12pt;\">1926 (?) <strong>Karo-As<\/strong> } 1937 (?) <strong>v. Schill <\/strong><\/span><\/td>\n<\/tr>\n<\/tbody>\n<\/table>\n<p>&nbsp;<\/p>\n<table style=\"border-collapse: collapse; width: 100%;\">\n<tbody>\n<tr>\n<td style=\"width: 100%; background-color: #ffd700; vertical-align: top; text-align: justify;\">\n<p style=\"text-align: justify;\"><span style=\"font-family: arial, helvetica, sans-serif; font-size: 12pt;\"><a href=\"https:\/\/berliner-dampfer.de\/?page_id=194\" target=\"_blank\" rel=\"noopener\">Groggert 1988<\/a>, Seite 176:<\/span><br \/>\n<span style=\"font-family: arial, helvetica, sans-serif; font-size: 12pt;\"><strong>Zu den bedeutensten Motorschiffsunternehmen geh\u00f6rte die Reederei Otto Schmidt, die ihren Betrieb 1921<\/strong> mit dem Motorschiff \u201cForelle\u201d <strong>aufgenommen hatte.<\/strong> Als Otto Schmidt seine Anlegestelle an der Schillingsbr\u00fccke aufgeben mu\u00dfte, zog er zur Kottbusser Br\u00fccke um. Dabei wurde auch das h\u00f6lzerne \u201cDampferh\u00e4uschen\u201d mitgenommen und am Landwehrkanal wieder aufgestellt. Es hatte schon Otto Schmidts Gro\u00dfvater, der mit \u201c\u00c4ppelk\u00e4hnen\u201d Obst nach Berlin gebracht hatte, als Laden gedient und wurde deswegen in Ehren gehalten. 1924 hatte die Reederei Schmidt bei Gebr. Winkler in Kalkberge das \u201cWinter-Salon-Motorschiff mit Dampfheizung\u201d \u201cPik AS\u201d (I) bauen lassen. Es war dem damaligen Geschmack entsprechend mit runden Marmortischen ausgestattet und geh\u00f6rte zu den ersten Dieselmotorschiffen. Ein ganz \u00e4hnliches Schiff war die ein Jahr sp\u00e4ter in Kalkberge gebaute \u201cDeutschland\u201d (I), mit der die Gebr\u00fcder Otto und Eduard Winkler zu Pfingsten 1926 ihren Personenschiffahrsbetrieb er\u00f6ffneten. <strong>Otto Schmidt<\/strong> gab <strong>1926<\/strong> bei der Werft von Bergmann &amp; Westphal in Strahlau das Motorschiff \u201cHerz As\u201d in Auftrag und <strong>kaufte das ebenfalls von der Werft Gebr. Winkler hergestellte Motorschiff \u201cKaro As\u201d (I). <\/strong><\/span>&nbsp;<\/p>\n<p style=\"text-align: justify;\"><span style=\"font-family: arial, helvetica, sans-serif; font-size: 12pt;\">Groggert 1988, Seite 216:<br \/>\n1938 lie\u00df Otto Schmidt von der Schiffswerft Gebr. Winkler in Kalkberge ein neues, 33,72 m langes, 4,61 m breites breites Motorschiff \u201cPik As\u201d bauen, das neben dem 1929 von der Werft Gebr. Wiemann abgelieferten 35 m langen, 5,25 m breiten Motorschiff \u201cKreuz As\u201d auch f\u00fcr Fernfahrten geeignet war. <strong>Vor der Fertigstellung des neuen Motorschiffs \u201cPik As\u201d hatte Otto Schmidt die \u201cKaro As\u201d verkauft und durch ein Schiff gleichen Namens ersetzt.<\/strong> Das 1937 in Dienst gestellte Motorschiff <a href=\"https:\/\/berliner-dampfer.de\/?page_id=3929\" target=\"_blank\" rel=\"noopener\">\u201cKaro As\u201d<\/a> (II) ist durch Umbau des Motorschiffs \u201cOlympia\u201d (ex \u201cJageteufel\u201d) auf der Werft Gebr. Winkler entstanden. <strong>Das bisherige Motorschiff \u201cKaro As\u201d war nach Stettin gegangen und hie\u00df dort bei der Reederei Carl M\u00fcller \u201cv. Schill\u201d.<\/strong><\/span><\/p>\n<\/td>\n<\/tr>\n<\/tbody>\n<\/table>\n<p>&nbsp;<\/p>\n<p>&nbsp;<\/p>\n<table style=\"border-collapse: collapse; width: 100%;\">\n<tbody>\n<tr>\n<td style=\"width: 100%; background-color: #ffff00;\"><span style=\"font-family: arial, helvetica, sans-serif; font-size: 12pt;\">&#8222;Karo-As&#8220;, Aufnahmejahr unbekannt, ich sch\u00e4tze ca. 1929.<\/span><br \/>\n<span style=\"font-family: arial, helvetica, sans-serif; font-size: 12pt;\">Fahrt nach <a href=\"https:\/\/de.wikipedia.org\/wiki\/Gr\u00fcnheide_(Mark)\" target=\"_blank\" rel=\"noopener\">Gr\u00fcnheide<\/a> \/ <a href=\"https:\/\/de.wikipedia.org\/wiki\/M\u00f6llenensee_(Gr\u00fcnheide)\" target=\"_blank\" rel=\"noopener\">M\u00f6llensee<\/a>:<\/span><img loading=\"lazy\" decoding=\"async\" class=\"alignnone size-full wp-image-7128\" src=\"https:\/\/berliner-dampfer.de\/wp-content\/uploads\/2024\/10\/1929-ca.-Karo-As-I-klein-a.jpg\" alt=\"\" width=\"1200\" height=\"675\" srcset=\"https:\/\/berliner-dampfer.de\/wp-content\/uploads\/2024\/10\/1929-ca.-Karo-As-I-klein-a.jpg 1200w, https:\/\/berliner-dampfer.de\/wp-content\/uploads\/2024\/10\/1929-ca.-Karo-As-I-klein-a-300x169.jpg 300w, https:\/\/berliner-dampfer.de\/wp-content\/uploads\/2024\/10\/1929-ca.-Karo-As-I-klein-a-1024x576.jpg 1024w, https:\/\/berliner-dampfer.de\/wp-content\/uploads\/2024\/10\/1929-ca.-Karo-As-I-klein-a-768x432.jpg 768w\" sizes=\"auto, (max-width: 1200px) 100vw, 1200px\" \/><\/td>\n<\/tr>\n<\/tbody>\n<\/table>\n<p>&nbsp;<\/p>\n<p>&nbsp;<\/p>\n<table style=\"border-collapse: collapse; width: 100%;\">\n<tbody>\n<tr>\n<td style=\"width: 100%; background-color: #ffff00;\"><span style=\"font-family: arial, helvetica, sans-serif; font-size: 12pt;\">&#8222;Karo-As&#8220;, Aufnahmejahr unbekannt, ich sch\u00e4tze ca. 1932.<\/span><br \/>\n<span style=\"font-family: arial, helvetica, sans-serif; font-size: 12pt;\">Fahrt nach <a href=\"https:\/\/de.wikipedia.org\/wiki\/Dehmsee\" target=\"_blank\" rel=\"noopener\">Dehmsee<\/a>:<\/span><img loading=\"lazy\" decoding=\"async\" class=\"aligncenter size-full wp-image-3919\" src=\"https:\/\/berliner-dampfer.de\/wp-content\/uploads\/2024\/09\/1932-ca-KARO-AS-I-in-Schleuse-klein.jpg\" alt=\"\" width=\"1200\" height=\"760\" srcset=\"https:\/\/berliner-dampfer.de\/wp-content\/uploads\/2024\/09\/1932-ca-KARO-AS-I-in-Schleuse-klein.jpg 1200w, https:\/\/berliner-dampfer.de\/wp-content\/uploads\/2024\/09\/1932-ca-KARO-AS-I-in-Schleuse-klein-300x190.jpg 300w, https:\/\/berliner-dampfer.de\/wp-content\/uploads\/2024\/09\/1932-ca-KARO-AS-I-in-Schleuse-klein-1024x649.jpg 1024w, https:\/\/berliner-dampfer.de\/wp-content\/uploads\/2024\/09\/1932-ca-KARO-AS-I-in-Schleuse-klein-768x486.jpg 768w\" sizes=\"auto, (max-width: 1200px) 100vw, 1200px\" \/><\/td>\n<\/tr>\n<\/tbody>\n<\/table>\n<p>&nbsp;<\/p>\n<p>&nbsp;<\/p>\n<table style=\"border-collapse: collapse; width: 100%;\">\n<tbody>\n<tr>\n<td style=\"width: 100%; background-color: #ffff00;\"><span style=\"font-family: arial, helvetica, sans-serif; font-size: 12pt;\">&#8222;Karo-As&#8220; am 06.06.1937.<br \/>\nAm Bug der zur damaligen Zeit \u00fcbliche Hakenkreuzwimpel.<br \/>\n<\/span><img loading=\"lazy\" decoding=\"async\" class=\"aligncenter size-full wp-image-3911\" src=\"https:\/\/berliner-dampfer.de\/wp-content\/uploads\/2024\/09\/1937-06-06-Karo-As-I-klein.jpg\" alt=\"\" width=\"1200\" height=\"724\" srcset=\"https:\/\/berliner-dampfer.de\/wp-content\/uploads\/2024\/09\/1937-06-06-Karo-As-I-klein.jpg 1200w, https:\/\/berliner-dampfer.de\/wp-content\/uploads\/2024\/09\/1937-06-06-Karo-As-I-klein-300x181.jpg 300w, https:\/\/berliner-dampfer.de\/wp-content\/uploads\/2024\/09\/1937-06-06-Karo-As-I-klein-1024x618.jpg 1024w, https:\/\/berliner-dampfer.de\/wp-content\/uploads\/2024\/09\/1937-06-06-Karo-As-I-klein-768x463.jpg 768w\" sizes=\"auto, (max-width: 1200px) 100vw, 1200px\" \/><\/td>\n<\/tr>\n<\/tbody>\n<\/table>\n<p>&nbsp;<\/p>\n<p>&nbsp;<\/p>\n<p><span style=\"text-decoration: underline;\"><span style=\"font-family: arial, helvetica, sans-serif; font-size: 12pt;\">Zuletzt bearbeitet 30.10.2024<\/span><\/span><\/p>\n","protected":false},"excerpt":{"rendered":"<p>1926 (?) Karo-As } 1937 (?) v. Schill &nbsp; Groggert 1988, Seite 176: Zu den bedeutensten Motorschiffsunternehmen geh\u00f6rte die Reederei Otto Schmidt, die ihren Betrieb&hellip;<\/p>\n","protected":false},"author":1,"featured_media":0,"parent":0,"menu_order":0,"comment_status":"closed","ping_status":"closed","template":"","meta":{"ngg_post_thumbnail":0,"iawp_total_views":4,"footnotes":""},"class_list":["post-3899","page","type-page","status-publish","hentry"],"_links":{"self":[{"href":"https:\/\/berliner-dampfer.de\/index.php?rest_route=\/wp\/v2\/pages\/3899","targetHints":{"allow":["GET"]}}],"collection":[{"href":"https:\/\/berliner-dampfer.de\/index.php?rest_route=\/wp\/v2\/pages"}],"about":[{"href":"https:\/\/berliner-dampfer.de\/index.php?rest_route=\/wp\/v2\/types\/page"}],"author":[{"embeddable":true,"href":"https:\/\/berliner-dampfer.de\/index.php?rest_route=\/wp\/v2\/users\/1"}],"replies":[{"embeddable":true,"href":"https:\/\/berliner-dampfer.de\/index.php?rest_route=%2Fwp%2Fv2%2Fcomments&post=3899"}],"version-history":[{"count":49,"href":"https:\/\/berliner-dampfer.de\/index.php?rest_route=\/wp\/v2\/pages\/3899\/revisions"}],"predecessor-version":[{"id":12574,"href":"https:\/\/berliner-dampfer.de\/index.php?rest_route=\/wp\/v2\/pages\/3899\/revisions\/12574"}],"wp:attachment":[{"href":"https:\/\/berliner-dampfer.de\/index.php?rest_route=%2Fwp%2Fv2%2Fmedia&parent=3899"}],"curies":[{"name":"wp","href":"https:\/\/api.w.org\/{rel}","templated":true}]}}

<table style="border-collapse: collapse; width: 100%;">
<tbody>
<tr>
<td style="width: 100%; background-color: #ffff00; text-align: left; vertical-align: top;"><span style="font-family: arial, helvetica, sans-serif; font-size: 12pt;">1926 (?) <strong>Karo-As</strong> } 1937 (?) <strong>v. Schill </strong></span></td>
</tr>
</tbody>
</table>
<p>&nbsp;</p>
<table style="border-collapse: collapse; width: 100%;">
<tbody>
<tr>
<td style="width: 100%; background-color: #ffd700; vertical-align: top; text-align: justify;">
<p style="text-align: justify;"><span style="font-family: arial, helvetica, sans-serif; font-size: 12pt;"><a href="https://berliner-dampfer.de/?page_id=194" target="_blank" rel="noopener">Groggert 1988</a>, Seite 176:</span><br />
<span style="font-family: arial, helvetica, sans-serif; font-size: 12pt;"><strong>Zu den bedeutensten Motorschiffsunternehmen gehörte die Reederei Otto Schmidt, die ihren Betrieb 1921</strong> mit dem Motorschiff “Forelle” <strong>aufgenommen hatte.</strong> Als Otto Schmidt seine Anlegestelle an der Schillingsbrücke aufgeben mußte, zog er zur Kottbusser Brücke um. Dabei wurde auch das hölzerne “Dampferhäuschen” mitgenommen und am Landwehrkanal wieder aufgestellt. Es hatte schon Otto Schmidts Großvater, der mit “Äppelkähnen” Obst nach Berlin gebracht hatte, als Laden gedient und wurde deswegen in Ehren gehalten. 1924 hatte die Reederei Schmidt bei Gebr. Winkler in Kalkberge das “Winter-Salon-Motorschiff mit Dampfheizung” “Pik AS” (I) bauen lassen. Es war dem damaligen Geschmack entsprechend mit runden Marmortischen ausgestattet und gehörte zu den ersten Dieselmotorschiffen. Ein ganz ähnliches Schiff war die ein Jahr später in Kalkberge gebaute “Deutschland” (I), mit der die Gebrüder Otto und Eduard Winkler zu Pfingsten 1926 ihren Personenschiffahrsbetrieb eröffneten. <strong>Otto Schmidt</strong> gab <strong>1926</strong> bei der Werft von Bergmann &amp; Westphal in Strahlau das Motorschiff “Herz As” in Auftrag und <strong>kaufte das ebenfalls von der Werft Gebr. Winkler hergestellte Motorschiff “Karo As” (I). </strong></span>&nbsp;</p>
<p style="text-align: justify;"><span style="font-family: arial, helvetica, sans-serif; font-size: 12pt;">Groggert 1988, Seite 216:<br />
1938 ließ Otto Schmidt von der Schiffswerft Gebr. Winkler in Kalkberge ein neues, 33,72 m langes, 4,61 m breites breites Motorschiff “Pik As” bauen, das neben dem 1929 von der Werft Gebr. Wiemann abgelieferten 35 m langen, 5,25 m breiten Motorschiff “Kreuz As” auch für Fernfahrten geeignet war. <strong>Vor der Fertigstellung des neuen Motorschiffs “Pik As” hatte Otto Schmidt die “Karo As” verkauft und durch ein Schiff gleichen Namens ersetzt.</strong> Das 1937 in Dienst gestellte Motorschiff <a href="https://berliner-dampfer.de/?page_id=3929" target="_blank" rel="noopener">“Karo As”</a> (II) ist durch Umbau des Motorschiffs “Olympia” (ex “Jageteufel”) auf der Werft Gebr. Winkler entstanden. <strong>Das bisherige Motorschiff “Karo As” war nach Stettin gegangen und hieß dort bei der Reederei Carl Müller “v. Schill”.</strong></span></p>
</td>
</tr>
</tbody>
</table>
<p>&nbsp;</p>
<p>&nbsp;</p>
<table style="border-collapse: collapse; width: 100%;">
<tbody>
<tr>
<td style="width: 100%; background-color: #ffff00;"><span style="font-family: arial, helvetica, sans-serif; font-size: 12pt;">&#8222;Karo-As&#8220;, Aufnahmejahr unbekannt, ich schätze ca. 1929.</span><br />
<span style="font-family: arial, helvetica, sans-serif; font-size: 12pt;">Fahrt nach <a href="https://de.wikipedia.org/wiki/Grünheide_(Mark)" target="_blank" rel="noopener">Grünheide</a> / <a href="https://de.wikipedia.org/wiki/Möllenensee_(Grünheide)" target="_blank" rel="noopener">Möllensee</a>:</span><img loading="lazy" decoding="async" class="alignnone size-full wp-image-7128" src="https://berliner-dampfer.de/wp-content/uploads/2024/10/1929-ca.-Karo-As-I-klein-a.jpg" alt="" width="1200" height="675" srcset="https://berliner-dampfer.de/wp-content/uploads/2024/10/1929-ca.-Karo-As-I-klein-a.jpg 1200w, https://berliner-dampfer.de/wp-content/uploads/2024/10/1929-ca.-Karo-As-I-klein-a-300x169.jpg 300w, https://berliner-dampfer.de/wp-content/uploads/2024/10/1929-ca.-Karo-As-I-klein-a-1024x576.jpg 1024w, https://berliner-dampfer.de/wp-content/uploads/2024/10/1929-ca.-Karo-As-I-klein-a-768x432.jpg 768w" sizes="auto, (max-width: 1200px) 100vw, 1200px" /></td>
</tr>
</tbody>
</table>
<p>&nbsp;</p>
<p>&nbsp;</p>
<table style="border-collapse: collapse; width: 100%;">
<tbody>
<tr>
<td style="width: 100%; background-color: #ffff00;"><span style="font-family: arial, helvetica, sans-serif; font-size: 12pt;">&#8222;Karo-As&#8220;, Aufnahmejahr unbekannt, ich schätze ca. 1932.</span><br />
<span style="font-family: arial, helvetica, sans-serif; font-size: 12pt;">Fahrt nach <a href="https://de.wikipedia.org/wiki/Dehmsee" target="_blank" rel="noopener">Dehmsee</a>:</span><img loading="lazy" decoding="async" class="aligncenter size-full wp-image-3919" src="https://berliner-dampfer.de/wp-content/uploads/2024/09/1932-ca-KARO-AS-I-in-Schleuse-klein.jpg" alt="" width="1200" height="760" srcset="https://berliner-dampfer.de/wp-content/uploads/2024/09/1932-ca-KARO-AS-I-in-Schleuse-klein.jpg 1200w, https://berliner-dampfer.de/wp-content/uploads/2024/09/1932-ca-KARO-AS-I-in-Schleuse-klein-300x190.jpg 300w, https://berliner-dampfer.de/wp-content/uploads/2024/09/1932-ca-KARO-AS-I-in-Schleuse-klein-1024x649.jpg 1024w, https://berliner-dampfer.de/wp-content/uploads/2024/09/1932-ca-KARO-AS-I-in-Schleuse-klein-768x486.jpg 768w" sizes="auto, (max-width: 1200px) 100vw, 1200px" /></td>
</tr>
</tbody>
</table>
<p>&nbsp;</p>
<p>&nbsp;</p>
<table style="border-collapse: collapse; width: 100%;">
<tbody>
<tr>
<td style="width: 100%; background-color: #ffff00;"><span style="font-family: arial, helvetica, sans-serif; font-size: 12pt;">&#8222;Karo-As&#8220; am 06.06.1937.<br />
Am Bug der zur damaligen Zeit übliche Hakenkreuzwimpel.<br />
</span><img loading="lazy" decoding="async" class="aligncenter size-full wp-image-3911" src="https://berliner-dampfer.de/wp-content/uploads/2024/09/1937-06-06-Karo-As-I-klein.jpg" alt="" width="1200" height="724" srcset="https://berliner-dampfer.de/wp-content/uploads/2024/09/1937-06-06-Karo-As-I-klein.jpg 1200w, https://berliner-dampfer.de/wp-content/uploads/2024/09/1937-06-06-Karo-As-I-klein-300x181.jpg 300w, https://berliner-dampfer.de/wp-content/uploads/2024/09/1937-06-06-Karo-As-I-klein-1024x618.jpg 1024w, https://berliner-dampfer.de/wp-content/uploads/2024/09/1937-06-06-Karo-As-I-klein-768x463.jpg 768w" sizes="auto, (max-width: 1200px) 100vw, 1200px" /></td>
</tr>
</tbody>
</table>
<p>&nbsp;</p>
<p>&nbsp;</p>
<p><span style="text-decoration: underline;"><span style="font-family: arial, helvetica, sans-serif; font-size: 12pt;">Zuletzt bearbeitet 30.10.2024</span></span></p>

<p>1926 (?) Karo-As } 1937 (?) v. Schill &nbsp; Groggert 1988, Seite 176: Zu den bedeutensten Motorschiffsunternehmen gehörte die Reederei Otto Schmidt, die ihren Betrieb&hellip;</p>
