{"id":463,"date":"2024-02-04T09:23:37","date_gmt":"2024-02-04T08:23:37","guid":{"rendered":"https:\/\/berliner-dampfer.de\/?page_id=463"},"modified":"2025-05-21T06:41:11","modified_gmt":"2025-05-21T04:41:11","slug":"alf","status":"publish","type":"page","link":"https:\/\/berliner-dampfer.de\/?page_id=463","title":{"rendered":"Nordstern (1928)"},"content":{"rendered":"<table style=\"border-collapse: collapse; width: 100%;\">\n<tbody>\n<tr>\n<td style=\"width: 100%; background-color: #ffff00; text-align: left; vertical-align: top;\"><span style=\"font-family: arial, helvetica, sans-serif; font-size: 12pt;\"><span style=\"font-size: 10pt;\">1928<\/span> <strong>Alf<\/strong> } <span style=\"font-size: 10pt;\">1961<\/span> <strong>Iris<\/strong> } <strong>Santa Maria<\/strong> } <span style=\"font-size: 10pt;\">1968<\/span> <strong>Nordstern&nbsp;&nbsp;&nbsp;&nbsp; <\/strong><\/span><\/p>\n<p><span style=\"font-family: arial, helvetica, sans-serif; font-size: 12pt;\">Wikipedia: <a href=\"https:\/\/de.wikipedia.org\/wiki\/Alf_(Schiff,_1928)\" target=\"_blank\" rel=\"noopener\">Alf (Schiff, 1928)<\/a><\/span>&nbsp;<\/td>\n<\/tr>\n<\/tbody>\n<\/table>\n<p>&nbsp;<\/p>\n<table style=\"border-collapse: collapse; width: 100%;\">\n<tbody>\n<tr>\n<td style=\"width: 100%; background-color: #ffd700; text-align: left; vertical-align: top;\">\n<p style=\"text-align: justify;\"><span style=\"font-family: arial, helvetica, sans-serif; font-size: 12pt;\"><a href=\"https:\/\/berliner-dampfer.de\/?page_id=194\" target=\"_blank\" rel=\"noopener\">Groggert 1988<\/a>, Seite 266 und 269 (dort auch mit Bild):<\/span><br \/>\n<span style=\"font-family: arial, helvetica, sans-serif; font-size: 12pt;\">Die Reederei Otto Kagel in Beelitzhof war schon 1946 mit ihren Motorschiffen <a href=\"https:\/\/berliner-dampfer.de\/?page_id=475\" target=\"_blank\" rel=\"noopener\">&#8222;Troll&#8220;<\/a> (erbaut 1926 von der Pabst-Werft in K\u00f6penick, L\u00e4nge 18,23 m, Breite 3,48 m) und <a href=\"https:\/\/berliner-dampfer.de\/?page_id=8797\" target=\"_blank\" rel=\"noopener\">&#8222;Scharnhorst&#8220;<\/a> (erbaut 1935 von der Werft Oswald Ernst, K\u00f6penick; L\u00e4nge 26,0 m, Breite 4,80 m) in die sowjetische Besatzungszone gefahren. Dazu kamen nach der Spaltung die Motorboote <a href=\"https:\/\/berliner-dampfer.de\/?page_id=2969\" target=\"_blank\" rel=\"noopener\">&#8222;Fee&#8220;<\/a> (erbaut 1926 von der Nathan-Werft in K\u00f6penick; L\u00e4nge 12,48 m, Breite 2,38 m) und <strong>&#8222;Alf&#8220;<\/strong>.<\/span><\/p>\n<p style=\"text-align: justify;\"><span style=\"font-family: arial, helvetica, sans-serif; font-size: 12pt;\"><strong>&#8222;Alf&#8220;<\/strong> fuhr zwar unter der Flagge der Reederei Kagel, geh\u00f6rte aber der Famlie Hansen in <a href=\"https:\/\/de.wikipedia.org\/wiki\/Beelitzhof\" target=\"_blank\" rel=\"noopener\">Beelitzhof<\/a>. Auch dieses Schiff hatte eine interessante Vergangenheit. 1928 war es von der bekannten Schiffswerft <a href=\"https:\/\/de.wikipedia.org\/wiki\/Abeking_%26_Rasmussen\" target=\"_blank\" rel=\"noopener\">Abeking &amp; Rasmussen<\/a> in Lemwerder als Luxusyacht abgeliefert worden. Sie geh\u00f6rte damals der Familie des Warenhausgr\u00fcnders <a href=\"https:\/\/de.wikipedia.org\/wiki\/Hermann_Tietz_(Kaufmann)\" target=\"_blank\" rel=\"noopener\">Hermann Tietz<\/a>, wie von sp\u00e4teren Besitzern berichtet wird, und fuhr bis an die d\u00e4nische und schwedische Ostseek\u00fcste. Nach 1933 kam sie in die H\u00e4nde der Nationalsozialisten und soll zuletzt von dem Reichsf\u00fchrer der Hitlerjugend <a href=\"https:\/\/de.wikipedia.org\/wiki\/Artur_Axmann\" target=\"_blank\" rel=\"noopener\">Axmann<\/a> benutzt worden sein.<\/span><\/p>\n<p style=\"text-align: justify;\"><span style=\"font-family: arial, helvetica, sans-serif; font-size: 12pt;\">Nach Kriegsende kam die zun\u00e4chst beschlagnahmte, sp\u00e4ter freigegebene Yacht in den Besitz der Familie Hansen. Als der abgesunkene st\u00e4hlerne Schiffsk\u00f6rper aus dem Havelschlamm geborgen wurde, waren noch Reste einer sehr aufwendigen Einrichtung zu erkennen.&nbsp; Als Fahrgastschiff <strong>&#8222;Alf&#8220;<\/strong> fuhr es ab Beelitzhof im Betrieb der Reederei Kagel, bis deren Motorschiffe <a href=\"https:\/\/berliner-dampfer.de\/?page_id=8797\" target=\"_blank\" rel=\"noopener\">&#8222;Scharnhorst&#8220;<\/a>, <a href=\"https:\/\/berliner-dampfer.de\/?page_id=475\" target=\"_blank\" rel=\"noopener\">&#8222;Troll&#8220;<\/a> und <a href=\"https:\/\/berliner-dampfer.de\/?page_id=2969\" target=\"_blank\" rel=\"noopener\">&#8222;Fee&#8220;<\/a> in den Schiffspark der Stern und Kreisschiffahrt eingegliedert wurden. <\/span><\/p>\n<p style=\"text-align: justify;\"><span style=\"font-family: arial, helvetica, sans-serif; font-size: 12pt;\"><strong>&#8222;Alf&#8220;<\/strong> fuhr f\u00fcr Frau Hedwig Hansen und kam, als sie die Personenschiffahrt aufgab, zun\u00e4chst in den Besitz einer Baufirma und im M\u00e4rz 1961 zu dem Namen <strong>&#8222;Iris&#8220;<\/strong>. Der n\u00e4chste Besitzer war der Schiffseigner Herbert Grundmann, der das Boot in &#8222;Santa Maria&#8220; umtaufte und auf dem Ratzeburger See einsetzte. Bis 1967 blieb die &#8222;Santa Maria&#8220; in der Stadt Heinrichs des L\u00f6wen. Dann \u00fcbersiedelte Grundmann nach Hanau und sein Schiff erwarb der Kapit\u00e4n Romig aus Ha\u00dfberg bei Hohwacht. Grundmann und Romig hatten erwogen, die &#8222;Fortuna&#8220; (ex Dampfer &#8222;Oskar&#8220;, erbaut 1903, Gebr. Naas, Neutrelitz) f\u00fcr den Betrieb auf der Ostsee auszubauen. Diese Absicht lie\u00df sich jedoch nicht verwirklichen, und Kapt\u00e4n Romig brachte die <strong>&#8222;Santa Maria&#8220;<\/strong> 1968 auf dem Wasserwege nach L\u00fcbeck und von dort nach Niendorf a.O. Dort wurde der Schiffsk\u00f6rper durch Querverbindungen und Stringer verst\u00e4rkt und mit neuen Aufbauten versehen. Von 1968 bis 1972 fuhr das 15,12 m lange, 3,81 m breite Motorschiff unter dem Namen <strong>&#8222;Nordstern&#8220;<\/strong> zwischen Hohwacht und Heiligenhafen mit Fahrg\u00e4sten an der Ostseek\u00fcste entlang. 1975 ist es schlie\u00dflich an einen privaten Eigent\u00fcmer aus Recklinghausen verkauft worden und lag noch viele Jahre lang im Lipper Yachthafen. <\/span><\/p>\n<p style=\"text-align: justify;\"><span style=\"font-family: arial, helvetica, sans-serif; font-size: 12pt;\">&#8222;Scharnhorst&#8220; f\u00e4hrt heute im Betrieb der Reederei Lahe, die kleine <a href=\"https:\/\/berliner-dampfer.de\/?page_id=2969\" target=\"_blank\" rel=\"noopener\">&#8222;Fee&#8220;<\/a> fand nach dem Ausscheiden aus der Personenschiffahrt zun\u00e4chst als Dienstboot, dann als Bugsierschiff bei einer Abwrackwerft in Spandau Verwendung. &#8222;Troll&#8220; wurde von einem Gastwirt in Haselhorst f\u00fcr private Zwecke genutzt. 1986\/87 diente das Schiff seinem neuen Besitzer Taube als Charterboot &#8222;Paule&#8220;.<br \/>\n<\/span><\/p>\n<p><span style=\"font-family: arial, helvetica, sans-serif; font-size: 12pt;\">Groggert 1988, Seite 272:<br \/>\n<\/span><span style=\"font-family: arial, helvetica, sans-serif; font-size: 12pt;\">1953 geh\u00f6rten dem \u201cReederverband der Westberliner Personenschiffahrt e. V.\u201d folgende Mitglieder an:<\/span><br \/>\n<span style=\"font-family: arial, helvetica, sans-serif; font-size: 12pt;\">Kagel, Otto, Berlin-Nikolassee, Beelitzhof&nbsp; <\/span><\/p>\n<ul>\n<li><span style=\"font-family: arial, helvetica, sans-serif; font-size: 12pt;\">MS <a href=\"https:\/\/berliner-dampfer.de\/?page_id=8797\" target=\"_blank\" rel=\"noopener\">\u201cScharnhorst\u201d<\/a> &#8211; 248 Personen<\/span><\/li>\n<li><span style=\"font-family: arial, helvetica, sans-serif; font-size: 12pt;\">MS <a href=\"https:\/\/berliner-dampfer.de\/?page_id=475\" target=\"_blank\" rel=\"noopener\">\u201cTroll\u201d<\/a> &#8211; 118 Personen<\/span><\/li>\n<li><span style=\"font-family: arial, helvetica, sans-serif; font-size: 12pt;\"><strong>MB \u201cAlf\u201d &#8211; 90 Personen<\/strong><\/span><\/li>\n<li><span style=\"font-family: arial, helvetica, sans-serif; font-size: 12pt;\">MB <a href=\"https:\/\/berliner-dampfer.de\/?page_id=2969\" target=\"_blank\" rel=\"noopener\">\u201cFee\u201d<\/a> &#8211; 51 Personen<\/span><\/li>\n<\/ul>\n<\/td>\n<\/tr>\n<\/tbody>\n<\/table>\n<p>&nbsp;<\/p>\n<table style=\"border-collapse: collapse; width: 100%;\">\n<tbody>\n<tr>\n<td style=\"width: 100%; background-color: #cdcd00;\">\n<p style=\"text-align: justify;\"><span style=\"font-family: arial, helvetica, sans-serif; font-size: 12pt;\"><a href=\"https:\/\/berliner-dampfer.de\/?page_id=194\" target=\"_blank\" rel=\"noopener\">Trost 1988<\/a>, Seite 45:<\/span><br \/>\n<span style=\"font-family: arial, helvetica, sans-serif; font-size: 12pt;\">Ein neuer Anfang:<\/span><br \/>\n<span style=\"font-family: arial, helvetica, sans-serif; font-size: 12pt;\">In Charter fuhren au\u00dferdem noch 3 kleine Motorboote, <strong>ALF<\/strong> von Hegwig Hansen, <a href=\"https:\/\/berliner-dampfer.de\/?page_id=475\" target=\"_blank\" rel=\"noopener\">TROLL<\/a> und <a href=\"https:\/\/berliner-dampfer.de\/?page_id=2969\" target=\"_blank\" rel=\"noopener\">FEE<\/a> von Reederei Steffke in Spandau; TROLL wurde sp\u00e4ter \u00fcbernommen, FEE wurde Dienstboot.<\/span><\/p>\n<\/td>\n<\/tr>\n<\/tbody>\n<\/table>\n<p>&nbsp;<\/p>\n<p>&nbsp;<\/p>\n<p>&nbsp;<\/p>\n<p><a href=\"https:\/\/berliner-dampfer.de\/wp-content\/uploads\/2024\/02\/1956-08-08-Alf-klein.jpg\" target=\"_blank\" rel=\"noopener\"><img loading=\"lazy\" decoding=\"async\" class=\"alignnone wp-image-467 size-full\" src=\"https:\/\/berliner-dampfer.de\/wp-content\/uploads\/2024\/02\/1956-08-08-Alf-klein.jpg\" alt=\"\" width=\"1200\" height=\"963\" srcset=\"https:\/\/berliner-dampfer.de\/wp-content\/uploads\/2024\/02\/1956-08-08-Alf-klein.jpg 1200w, https:\/\/berliner-dampfer.de\/wp-content\/uploads\/2024\/02\/1956-08-08-Alf-klein-300x241.jpg 300w, https:\/\/berliner-dampfer.de\/wp-content\/uploads\/2024\/02\/1956-08-08-Alf-klein-1024x822.jpg 1024w, https:\/\/berliner-dampfer.de\/wp-content\/uploads\/2024\/02\/1956-08-08-Alf-klein-768x616.jpg 768w\" sizes=\"auto, (max-width: 1200px) 100vw, 1200px\" \/><\/a><\/p>\n<p>&nbsp;<\/p>\n<p>&nbsp;<\/p>\n<p><a href=\"https:\/\/berliner-dampfer.de\/wp-content\/uploads\/2024\/02\/1966-ca-Alf-klein.jpg\" target=\"_blank\" rel=\"noopener\"><img loading=\"lazy\" decoding=\"async\" class=\"alignnone wp-image-935 size-full\" src=\"https:\/\/berliner-dampfer.de\/wp-content\/uploads\/2024\/02\/1966-ca-Alf-klein.jpg\" alt=\"\" width=\"1200\" height=\"743\" srcset=\"https:\/\/berliner-dampfer.de\/wp-content\/uploads\/2024\/02\/1966-ca-Alf-klein.jpg 1200w, https:\/\/berliner-dampfer.de\/wp-content\/uploads\/2024\/02\/1966-ca-Alf-klein-300x186.jpg 300w, https:\/\/berliner-dampfer.de\/wp-content\/uploads\/2024\/02\/1966-ca-Alf-klein-1024x634.jpg 1024w, https:\/\/berliner-dampfer.de\/wp-content\/uploads\/2024\/02\/1966-ca-Alf-klein-768x476.jpg 768w\" sizes=\"auto, (max-width: 1200px) 100vw, 1200px\" \/><\/a><\/p>\n<p>&nbsp;<\/p>\n<p>&nbsp;<\/p>\n<p>&nbsp;<\/p>\n<p><span style=\"text-decoration: underline;\"><span style=\"font-family: arial, helvetica, sans-serif; font-size: 12pt;\">Zuletzt bearbeitet 21.05.2025<\/span><\/span><\/p>\n","protected":false},"excerpt":{"rendered":"<p>1928 Alf } 1961 Iris } Santa Maria } 1968 Nordstern&nbsp;&nbsp;&nbsp;&nbsp; Wikipedia: Alf (Schiff, 1928)&nbsp; &nbsp; Groggert 1988, Seite 266 und 269 (dort auch mit&hellip;<\/p>\n","protected":false},"author":1,"featured_media":0,"parent":0,"menu_order":0,"comment_status":"closed","ping_status":"closed","template":"","meta":{"ngg_post_thumbnail":0,"iawp_total_views":17,"footnotes":""},"class_list":["post-463","page","type-page","status-publish","hentry"],"_links":{"self":[{"href":"https:\/\/berliner-dampfer.de\/index.php?rest_route=\/wp\/v2\/pages\/463","targetHints":{"allow":["GET"]}}],"collection":[{"href":"https:\/\/berliner-dampfer.de\/index.php?rest_route=\/wp\/v2\/pages"}],"about":[{"href":"https:\/\/berliner-dampfer.de\/index.php?rest_route=\/wp\/v2\/types\/page"}],"author":[{"embeddable":true,"href":"https:\/\/berliner-dampfer.de\/index.php?rest_route=\/wp\/v2\/users\/1"}],"replies":[{"embeddable":true,"href":"https:\/\/berliner-dampfer.de\/index.php?rest_route=%2Fwp%2Fv2%2Fcomments&post=463"}],"version-history":[{"count":37,"href":"https:\/\/berliner-dampfer.de\/index.php?rest_route=\/wp\/v2\/pages\/463\/revisions"}],"predecessor-version":[{"id":15849,"href":"https:\/\/berliner-dampfer.de\/index.php?rest_route=\/wp\/v2\/pages\/463\/revisions\/15849"}],"wp:attachment":[{"href":"https:\/\/berliner-dampfer.de\/index.php?rest_route=%2Fwp%2Fv2%2Fmedia&parent=463"}],"curies":[{"name":"wp","href":"https:\/\/api.w.org\/{rel}","templated":true}]}}

<table style="border-collapse: collapse; width: 100%;">
<tbody>
<tr>
<td style="width: 100%; background-color: #ffff00; text-align: left; vertical-align: top;"><span style="font-family: arial, helvetica, sans-serif; font-size: 12pt;"><span style="font-size: 10pt;">1928</span> <strong>Alf</strong> } <span style="font-size: 10pt;">1961</span> <strong>Iris</strong> } <strong>Santa Maria</strong> } <span style="font-size: 10pt;">1968</span> <strong>Nordstern&nbsp;&nbsp;&nbsp;&nbsp; </strong></span></p>
<p><span style="font-family: arial, helvetica, sans-serif; font-size: 12pt;">Wikipedia: <a href="https://de.wikipedia.org/wiki/Alf_(Schiff,_1928)" target="_blank" rel="noopener">Alf (Schiff, 1928)</a></span>&nbsp;</td>
</tr>
</tbody>
</table>
<p>&nbsp;</p>
<table style="border-collapse: collapse; width: 100%;">
<tbody>
<tr>
<td style="width: 100%; background-color: #ffd700; text-align: left; vertical-align: top;">
<p style="text-align: justify;"><span style="font-family: arial, helvetica, sans-serif; font-size: 12pt;"><a href="https://berliner-dampfer.de/?page_id=194" target="_blank" rel="noopener">Groggert 1988</a>, Seite 266 und 269 (dort auch mit Bild):</span><br />
<span style="font-family: arial, helvetica, sans-serif; font-size: 12pt;">Die Reederei Otto Kagel in Beelitzhof war schon 1946 mit ihren Motorschiffen <a href="https://berliner-dampfer.de/?page_id=475" target="_blank" rel="noopener">&#8222;Troll&#8220;</a> (erbaut 1926 von der Pabst-Werft in Köpenick, Länge 18,23 m, Breite 3,48 m) und <a href="https://berliner-dampfer.de/?page_id=8797" target="_blank" rel="noopener">&#8222;Scharnhorst&#8220;</a> (erbaut 1935 von der Werft Oswald Ernst, Köpenick; Länge 26,0 m, Breite 4,80 m) in die sowjetische Besatzungszone gefahren. Dazu kamen nach der Spaltung die Motorboote <a href="https://berliner-dampfer.de/?page_id=2969" target="_blank" rel="noopener">&#8222;Fee&#8220;</a> (erbaut 1926 von der Nathan-Werft in Köpenick; Länge 12,48 m, Breite 2,38 m) und <strong>&#8222;Alf&#8220;</strong>.</span></p>
<p style="text-align: justify;"><span style="font-family: arial, helvetica, sans-serif; font-size: 12pt;"><strong>&#8222;Alf&#8220;</strong> fuhr zwar unter der Flagge der Reederei Kagel, gehörte aber der Famlie Hansen in <a href="https://de.wikipedia.org/wiki/Beelitzhof" target="_blank" rel="noopener">Beelitzhof</a>. Auch dieses Schiff hatte eine interessante Vergangenheit. 1928 war es von der bekannten Schiffswerft <a href="https://de.wikipedia.org/wiki/Abeking_%26_Rasmussen" target="_blank" rel="noopener">Abeking &amp; Rasmussen</a> in Lemwerder als Luxusyacht abgeliefert worden. Sie gehörte damals der Familie des Warenhausgründers <a href="https://de.wikipedia.org/wiki/Hermann_Tietz_(Kaufmann)" target="_blank" rel="noopener">Hermann Tietz</a>, wie von späteren Besitzern berichtet wird, und fuhr bis an die dänische und schwedische Ostseeküste. Nach 1933 kam sie in die Hände der Nationalsozialisten und soll zuletzt von dem Reichsführer der Hitlerjugend <a href="https://de.wikipedia.org/wiki/Artur_Axmann" target="_blank" rel="noopener">Axmann</a> benutzt worden sein.</span></p>
<p style="text-align: justify;"><span style="font-family: arial, helvetica, sans-serif; font-size: 12pt;">Nach Kriegsende kam die zunächst beschlagnahmte, später freigegebene Yacht in den Besitz der Familie Hansen. Als der abgesunkene stählerne Schiffskörper aus dem Havelschlamm geborgen wurde, waren noch Reste einer sehr aufwendigen Einrichtung zu erkennen.&nbsp; Als Fahrgastschiff <strong>&#8222;Alf&#8220;</strong> fuhr es ab Beelitzhof im Betrieb der Reederei Kagel, bis deren Motorschiffe <a href="https://berliner-dampfer.de/?page_id=8797" target="_blank" rel="noopener">&#8222;Scharnhorst&#8220;</a>, <a href="https://berliner-dampfer.de/?page_id=475" target="_blank" rel="noopener">&#8222;Troll&#8220;</a> und <a href="https://berliner-dampfer.de/?page_id=2969" target="_blank" rel="noopener">&#8222;Fee&#8220;</a> in den Schiffspark der Stern und Kreisschiffahrt eingegliedert wurden. </span></p>
<p style="text-align: justify;"><span style="font-family: arial, helvetica, sans-serif; font-size: 12pt;"><strong>&#8222;Alf&#8220;</strong> fuhr für Frau Hedwig Hansen und kam, als sie die Personenschiffahrt aufgab, zunächst in den Besitz einer Baufirma und im März 1961 zu dem Namen <strong>&#8222;Iris&#8220;</strong>. Der nächste Besitzer war der Schiffseigner Herbert Grundmann, der das Boot in &#8222;Santa Maria&#8220; umtaufte und auf dem Ratzeburger See einsetzte. Bis 1967 blieb die &#8222;Santa Maria&#8220; in der Stadt Heinrichs des Löwen. Dann übersiedelte Grundmann nach Hanau und sein Schiff erwarb der Kapitän Romig aus Haßberg bei Hohwacht. Grundmann und Romig hatten erwogen, die &#8222;Fortuna&#8220; (ex Dampfer &#8222;Oskar&#8220;, erbaut 1903, Gebr. Naas, Neutrelitz) für den Betrieb auf der Ostsee auszubauen. Diese Absicht ließ sich jedoch nicht verwirklichen, und Kaptän Romig brachte die <strong>&#8222;Santa Maria&#8220;</strong> 1968 auf dem Wasserwege nach Lübeck und von dort nach Niendorf a.O. Dort wurde der Schiffskörper durch Querverbindungen und Stringer verstärkt und mit neuen Aufbauten versehen. Von 1968 bis 1972 fuhr das 15,12 m lange, 3,81 m breite Motorschiff unter dem Namen <strong>&#8222;Nordstern&#8220;</strong> zwischen Hohwacht und Heiligenhafen mit Fahrgästen an der Ostseeküste entlang. 1975 ist es schließlich an einen privaten Eigentümer aus Recklinghausen verkauft worden und lag noch viele Jahre lang im Lipper Yachthafen. </span></p>
<p style="text-align: justify;"><span style="font-family: arial, helvetica, sans-serif; font-size: 12pt;">&#8222;Scharnhorst&#8220; fährt heute im Betrieb der Reederei Lahe, die kleine <a href="https://berliner-dampfer.de/?page_id=2969" target="_blank" rel="noopener">&#8222;Fee&#8220;</a> fand nach dem Ausscheiden aus der Personenschiffahrt zunächst als Dienstboot, dann als Bugsierschiff bei einer Abwrackwerft in Spandau Verwendung. &#8222;Troll&#8220; wurde von einem Gastwirt in Haselhorst für private Zwecke genutzt. 1986/87 diente das Schiff seinem neuen Besitzer Taube als Charterboot &#8222;Paule&#8220;.<br />
</span></p>
<p><span style="font-family: arial, helvetica, sans-serif; font-size: 12pt;">Groggert 1988, Seite 272:<br />
</span><span style="font-family: arial, helvetica, sans-serif; font-size: 12pt;">1953 gehörten dem “Reederverband der Westberliner Personenschiffahrt e. V.” folgende Mitglieder an:</span><br />
<span style="font-family: arial, helvetica, sans-serif; font-size: 12pt;">Kagel, Otto, Berlin-Nikolassee, Beelitzhof&nbsp; </span></p>
<ul>
<li><span style="font-family: arial, helvetica, sans-serif; font-size: 12pt;">MS <a href="https://berliner-dampfer.de/?page_id=8797" target="_blank" rel="noopener">“Scharnhorst”</a> &#8211; 248 Personen</span></li>
<li><span style="font-family: arial, helvetica, sans-serif; font-size: 12pt;">MS <a href="https://berliner-dampfer.de/?page_id=475" target="_blank" rel="noopener">“Troll”</a> &#8211; 118 Personen</span></li>
<li><span style="font-family: arial, helvetica, sans-serif; font-size: 12pt;"><strong>MB “Alf” &#8211; 90 Personen</strong></span></li>
<li><span style="font-family: arial, helvetica, sans-serif; font-size: 12pt;">MB <a href="https://berliner-dampfer.de/?page_id=2969" target="_blank" rel="noopener">“Fee”</a> &#8211; 51 Personen</span></li>
</ul>
</td>
</tr>
</tbody>
</table>
<p>&nbsp;</p>
<table style="border-collapse: collapse; width: 100%;">
<tbody>
<tr>
<td style="width: 100%; background-color: #cdcd00;">
<p style="text-align: justify;"><span style="font-family: arial, helvetica, sans-serif; font-size: 12pt;"><a href="https://berliner-dampfer.de/?page_id=194" target="_blank" rel="noopener">Trost 1988</a>, Seite 45:</span><br />
<span style="font-family: arial, helvetica, sans-serif; font-size: 12pt;">Ein neuer Anfang:</span><br />
<span style="font-family: arial, helvetica, sans-serif; font-size: 12pt;">In Charter fuhren außerdem noch 3 kleine Motorboote, <strong>ALF</strong> von Hegwig Hansen, <a href="https://berliner-dampfer.de/?page_id=475" target="_blank" rel="noopener">TROLL</a> und <a href="https://berliner-dampfer.de/?page_id=2969" target="_blank" rel="noopener">FEE</a> von Reederei Steffke in Spandau; TROLL wurde später übernommen, FEE wurde Dienstboot.</span></p>
</td>
</tr>
</tbody>
</table>
<p>&nbsp;</p>
<p>&nbsp;</p>
<p>&nbsp;</p>
<p><a href="https://berliner-dampfer.de/wp-content/uploads/2024/02/1956-08-08-Alf-klein.jpg" target="_blank" rel="noopener"><img loading="lazy" decoding="async" class="alignnone wp-image-467 size-full" src="https://berliner-dampfer.de/wp-content/uploads/2024/02/1956-08-08-Alf-klein.jpg" alt="" width="1200" height="963" srcset="https://berliner-dampfer.de/wp-content/uploads/2024/02/1956-08-08-Alf-klein.jpg 1200w, https://berliner-dampfer.de/wp-content/uploads/2024/02/1956-08-08-Alf-klein-300x241.jpg 300w, https://berliner-dampfer.de/wp-content/uploads/2024/02/1956-08-08-Alf-klein-1024x822.jpg 1024w, https://berliner-dampfer.de/wp-content/uploads/2024/02/1956-08-08-Alf-klein-768x616.jpg 768w" sizes="auto, (max-width: 1200px) 100vw, 1200px" /></a></p>
<p>&nbsp;</p>
<p>&nbsp;</p>
<p><a href="https://berliner-dampfer.de/wp-content/uploads/2024/02/1966-ca-Alf-klein.jpg" target="_blank" rel="noopener"><img loading="lazy" decoding="async" class="alignnone wp-image-935 size-full" src="https://berliner-dampfer.de/wp-content/uploads/2024/02/1966-ca-Alf-klein.jpg" alt="" width="1200" height="743" srcset="https://berliner-dampfer.de/wp-content/uploads/2024/02/1966-ca-Alf-klein.jpg 1200w, https://berliner-dampfer.de/wp-content/uploads/2024/02/1966-ca-Alf-klein-300x186.jpg 300w, https://berliner-dampfer.de/wp-content/uploads/2024/02/1966-ca-Alf-klein-1024x634.jpg 1024w, https://berliner-dampfer.de/wp-content/uploads/2024/02/1966-ca-Alf-klein-768x476.jpg 768w" sizes="auto, (max-width: 1200px) 100vw, 1200px" /></a></p>
<p>&nbsp;</p>
<p>&nbsp;</p>
<p>&nbsp;</p>
<p><span style="text-decoration: underline;"><span style="font-family: arial, helvetica, sans-serif; font-size: 12pt;">Zuletzt bearbeitet 21.05.2025</span></span></p>
