{"id":5164,"date":"2024-09-28T00:08:15","date_gmt":"2024-09-27T22:08:15","guid":{"rendered":"https:\/\/berliner-dampfer.de\/?page_id=5164"},"modified":"2024-11-02T22:28:51","modified_gmt":"2024-11-02T21:28:51","slug":"waldemar","status":"publish","type":"page","link":"https:\/\/berliner-dampfer.de\/?page_id=5164","title":{"rendered":"Waldemar"},"content":{"rendered":"<table style=\"border-collapse: collapse; width: 100%;\">\n<tbody>\n<tr>\n<td style=\"width: 100%; background-color: #ffff00;\"><span style=\"font-family: arial, helvetica, sans-serif; font-size: 12pt;\">1859 <strong>Waldemar<\/strong><\/span><\/p>\n<p><span style=\"font-family: arial, helvetica, sans-serif; font-size: 12pt;\">Vermutlich 1869 ausgemustert und zwischen 1899 und 1902 abgewrackt oder verkauft.<br \/>\nGenau siehe bitte unten Groggert und Trost.<br \/>\n<\/span><\/td>\n<\/tr>\n<\/tbody>\n<\/table>\n<p>&nbsp;<\/p>\n<table style=\"border-collapse: collapse; width: 100%; height: 24px;\">\n<tbody>\n<tr style=\"height: 24px;\">\n<td style=\"width: 100%; background-color: #ffd700; height: 24px; text-align: justify;\"><span style=\"font-family: arial, helvetica, sans-serif; font-size: 12pt;\"><a href=\"https:\/\/berliner-dampfer.de\/?page_id=194\" target=\"_blank\" rel=\"noopener\">Groggert 1988<\/a>, Seite 91:<\/span><\/p>\n<p><span style=\"font-family: arial, helvetica, sans-serif; font-size: 12pt;\">Als 1859 Louis Sachse die Badeanstalt in der N\u00e4he des Schlesischen Buschs \u00fcbernahm, war die \u00c4ra der Raddampfer auf der Spree zu Ende. Sachse setzte f\u00fcr den Zubringerverkehr und zu Fahrten nach Trepwow den eisernen Schraubendampfer <strong>&#8222;Waldemar&#8220;<\/strong> ein.<\/span><\/p>\n<p style=\"text-align: justify;\"><span style=\"font-family: arial, helvetica, sans-serif; font-size: 12pt;\">Groggert 1988, Seite 94:<\/span><br \/>\n<span style=\"font-family: arial, helvetica, sans-serif; font-size: 12pt;\">Die Reederei [Berliner Dampfschiffahrts-Gesellschaft] verf\u00fcgte danach von 1866 bis 1868 \u00fcber 9 kleine und einen gr\u00f6\u00dferen Dampfer, von 1869 (vermutlich nach Ausmusterung des <strong>&#8222;Waldemar&#8220;<\/strong>) bis 1871 \u00fcber 8 kleine und 3 gro\u00dfe, von 1872 bis 1875 \u00fcber 8 kleine und 4 gro\u00dfe, ab 1876 \u00fcber 8 kleine und 6 gro\u00dfe Dampfer.<\/span><\/p>\n<\/td>\n<\/tr>\n<\/tbody>\n<\/table>\n<p>&nbsp;<\/p>\n<table style=\"border-collapse: collapse; width: 100%;\">\n<tbody>\n<tr>\n<td style=\"width: 100%; background-color: #d3d3d3;\"><span style=\"font-family: arial, helvetica, sans-serif; font-size: 12pt;\"><a href=\"https:\/\/berliner-dampfer.de\/?page_id=194\" target=\"_blank\" rel=\"noopener\">Trost 1988<\/a>, Seiten 2 und 3:<\/span><\/p>\n<p style=\"text-align: justify;\"><span style=\"font-family: arial, helvetica, sans-serif; font-size: 12pt;\">Zur gleichen Zeit kam aber auch das erste Dampfschiff im innerst\u00e4dtischen Verkehr in Fahrt. Der Badeanstaltbesitzer A. Maa\u00df hatte die Idee, seine Badeg\u00e4ste von der <a href=\"https:\/\/de.wikipedia.org\/wiki\/Inselbr\u00fccke\" target=\"_blank\" rel=\"noopener\">Inselbr\u00fccke<\/a> nach der Badeanstalt vor dem <a href=\"https:\/\/de.wikipedia.org\/wiki\/Schlesisches_Tor\" target=\"_blank\" rel=\"noopener\">Schlesischen Tor<\/a> mit einem eigenen Dampfer zu bef\u00f6rdern. Leider ist von diesem Schiff heute nicht einmal mehr der Name bekannt.<\/span><\/p>\n<p style=\"text-align: justify;\"><span style=\"font-family: arial, helvetica, sans-serif; font-size: 12pt;\">Die Einrichtung schien aber Anklang gefunden zu haben, denn schon 10 Jahre sp\u00e4ter nahm Maa\u00df\u2018 Nachfolger, Louis Sachse, 1859 den zweiten Dampfer in Betrieb; er hie\u00df <strong>WALDEMAR<\/strong> und fuhr nicht nur nach Sachs\u2019s neuer\u00f6ffneten Wellenbad, sondern auch weiter spreeaufw\u00e4rts bis Stralau und Treptow. Louis Sachse schlo\u00df sich mit den Stettiner Kaufleuten Wittenberg und K\u00fchl zusammen und fuhr ab 22. Februar 1864 mit den 4 neuerbauten Dampfschiffen JOHANNA, SPREA, BERLIN und VICTORIA von der Jannowitzbr\u00fccke aus zur Oberspree.<\/span><\/p>\n<p style=\"text-align: justify;\"><span style=\"font-family: arial, helvetica, sans-serif; font-size: 12pt;\">Trost 1988, Seite 8:<\/span><\/p>\n<p style=\"text-align: justify;\"><span style=\"font-family: arial, helvetica, sans-serif; font-size: 12pt;\"><strong>F\u00fcnf der \u00e4ltesten Dampfer wurden zwischen 1899 und 1902 abgewrackt, bzw. verkauft, darunter WALDEMAR<\/strong>, <a href=\"https:\/\/berliner-dampfer.de\/?page_id=5120\" target=\"_blank\" rel=\"noopener\">BERLIN<\/a> und <a href=\"https:\/\/berliner-dampfer.de\/?page_id=7196\" target=\"_blank\" rel=\"noopener\">KLADDERADATSCH<\/a>, der sp\u00e4ter DEUTSCHER KRONPRINZ, zuletzt bei der SHDG \u201eStern\u201c GREIF hie\u00df. Die VICTORIA ging an die Reederei Schoppe in Havelberg und verkehrte dort auf der Unterhavel bis Rathenow. Daf\u00fcr bestellte man bei den Stettiner Oderwerken wieder 5 Neubauten, die alle 1904 abgeliefert wurden.<\/span><\/p>\n<\/td>\n<\/tr>\n<\/tbody>\n<\/table>\n<p>&nbsp;<\/p>\n<p>&nbsp;<\/p>\n<p><img loading=\"lazy\" decoding=\"async\" class=\"alignnone size-full wp-image-5201\" src=\"https:\/\/berliner-dampfer.de\/wp-content\/uploads\/2024\/09\/1859-ca-Waldemar-Groggert-1988-Seite-92-klein-1200.jpg\" alt=\"\" width=\"1200\" height=\"736\" srcset=\"https:\/\/berliner-dampfer.de\/wp-content\/uploads\/2024\/09\/1859-ca-Waldemar-Groggert-1988-Seite-92-klein-1200.jpg 1200w, https:\/\/berliner-dampfer.de\/wp-content\/uploads\/2024\/09\/1859-ca-Waldemar-Groggert-1988-Seite-92-klein-1200-300x184.jpg 300w, https:\/\/berliner-dampfer.de\/wp-content\/uploads\/2024\/09\/1859-ca-Waldemar-Groggert-1988-Seite-92-klein-1200-1024x628.jpg 1024w, https:\/\/berliner-dampfer.de\/wp-content\/uploads\/2024\/09\/1859-ca-Waldemar-Groggert-1988-Seite-92-klein-1200-768x471.jpg 768w\" sizes=\"auto, (max-width: 1200px) 100vw, 1200px\" \/><\/p>\n<p>&nbsp;<\/p>\n<p>&nbsp;<\/p>\n<p><span style=\"text-decoration: underline;\"><span style=\"font-family: arial, helvetica, sans-serif; font-size: 12pt;\">Zuletzt bearbeitet 28.09.2024<\/span><\/span><\/p>\n","protected":false},"excerpt":{"rendered":"<p>1859 Waldemar Vermutlich 1869 ausgemustert und zwischen 1899 und 1902 abgewrackt oder verkauft. Genau siehe bitte unten Groggert und Trost. &nbsp; Groggert 1988, Seite 91:&hellip;<\/p>\n","protected":false},"author":1,"featured_media":0,"parent":0,"menu_order":0,"comment_status":"closed","ping_status":"closed","template":"","meta":{"ngg_post_thumbnail":0,"iawp_total_views":6,"footnotes":""},"class_list":["post-5164","page","type-page","status-publish","hentry"],"_links":{"self":[{"href":"https:\/\/berliner-dampfer.de\/index.php?rest_route=\/wp\/v2\/pages\/5164","targetHints":{"allow":["GET"]}}],"collection":[{"href":"https:\/\/berliner-dampfer.de\/index.php?rest_route=\/wp\/v2\/pages"}],"about":[{"href":"https:\/\/berliner-dampfer.de\/index.php?rest_route=\/wp\/v2\/types\/page"}],"author":[{"embeddable":true,"href":"https:\/\/berliner-dampfer.de\/index.php?rest_route=\/wp\/v2\/users\/1"}],"replies":[{"embeddable":true,"href":"https:\/\/berliner-dampfer.de\/index.php?rest_route=%2Fwp%2Fv2%2Fcomments&post=5164"}],"version-history":[{"count":18,"href":"https:\/\/berliner-dampfer.de\/index.php?rest_route=\/wp\/v2\/pages\/5164\/revisions"}],"predecessor-version":[{"id":7357,"href":"https:\/\/berliner-dampfer.de\/index.php?rest_route=\/wp\/v2\/pages\/5164\/revisions\/7357"}],"wp:attachment":[{"href":"https:\/\/berliner-dampfer.de\/index.php?rest_route=%2Fwp%2Fv2%2Fmedia&parent=5164"}],"curies":[{"name":"wp","href":"https:\/\/api.w.org\/{rel}","templated":true}]}}