{"id":5496,"date":"2024-10-01T12:24:29","date_gmt":"2024-10-01T10:24:29","guid":{"rendered":"https:\/\/berliner-dampfer.de\/?page_id=5496"},"modified":"2026-04-06T18:34:15","modified_gmt":"2026-04-06T16:34:15","slug":"kehrwieder","status":"publish","type":"page","link":"https:\/\/berliner-dampfer.de\/?page_id=5496","title":{"rendered":"Kehrwieder (I) (1928)"},"content":{"rendered":"<table style=\"border-collapse: collapse; width: 100%;\">\n<tbody>\n<tr>\n<td style=\"width: 100%; background-color: #ffff00;\"><span style=\"font-family: arial, helvetica, sans-serif; font-size: 12pt;\">1928 <strong>Kehrwieder<\/strong> (I) } 1968 <strong>Stadt Kassel<\/strong><\/span><\/p>\n<p><span style=\"font-family: arial, helvetica, sans-serif; font-size: 12pt;\">Binnenschifferforum: <a href=\"https:\/\/www.binnenschifferforum.de\/showthread.php?62700-Kehrwieder-(1)-FGS\" target=\"_blank\" rel=\"noopener\">Kehrwieder<\/a><\/span><br \/>\n<span style=\"font-family: arial, helvetica, sans-serif; font-size: 12pt;\">Binnenschifferforum: <\/span><a href=\"https:\/\/www.binnenschifferforum.de\/showthread.php?62718-Stadt-Kassel-FGS&amp;p=239172#post239172\" target=\"_blank\" rel=\"noopener\"><span style=\"font-family: arial, helvetica, sans-serif; font-size: 12pt;\">Stadt Kassel<\/span><\/a><\/p>\n<p><span style=\"font-family: arial, helvetica, sans-serif; font-size: 12pt;\">Wikipedia: <\/span><a href=\"https:\/\/de.wikipedia.org\/wiki\/Stadt_Kassel\" target=\"_blank\" rel=\"noopener\"><span style=\"font-family: arial, helvetica, sans-serif; font-size: 12pt;\">Stadt Kassel<\/span><\/a><\/p>\n<p><span style=\"font-family: arial, helvetica, sans-serif; font-size: 12pt;\"><a href=\"https:\/\/www.ddr-binnenschifffahrt.de\/db_verlauf.php?schiffId=4003259\" target=\"_blank\" rel=\"noopener\">Schiffshistorie<\/a> in der Datenbank von Uwe Giesler \/ www.ddr-binnenschifffahrt.de.<\/span><\/td>\n<\/tr>\n<\/tbody>\n<\/table>\n<p>&nbsp;<\/p>\n<table style=\"border-collapse: collapse; width: 100%;\">\n<tbody>\n<tr>\n<td style=\"width: 100%; background-color: #ffd700;\">\n<p style=\"text-align: justify;\"><span style=\"font-family: arial, helvetica, sans-serif; font-size: 12pt;\"><a href=\"https:\/\/berliner-dampfer.de\/?page_id=194\" target=\"_blank\" rel=\"noopener\">Groggert 1988<\/a>, Seiten 285\/286:<\/span><br \/>\n<strong><span style=\"font-family: arial, helvetica, sans-serif; font-size: 12pt;\">Unterhalb der Kottbusser Br\u00fccke lie\u00df sich die Reederei Fr\u00f6hlich nieder, deren Motorschiff \u201cKehrwieder\u201d (erbaut 1928 in Woltersdorf) 1955 nach einem gro\u00dfen Umbau auf der Wiese-Werft in Spandau 210 statt bisher 125 Personen fassen konnte. Es war nun 25,27 m lang und 5 m breit.<\/span><\/strong><\/p>\n<p style=\"text-align: justify;\"><span style=\"font-family: arial, helvetica, sans-serif; font-size: 12pt;\">1958 kam dazu die in Hamburg registrierte <a href=\"https:\/\/berliner-dampfer.de\/?page_id=5501\" target=\"_blank\" rel=\"noopener\">\u201cKehrwieder II\u201d<\/a>, die aus dem 1902 von der <a href=\"https:\/\/de.wikipedia.org\/wiki\/Heinrich_Brandenburg_(Werft)\" target=\"_blank\" rel=\"noopener\">Schiffswerft H. Brandenburg<\/a> in Hamburg f\u00fcr die Hamburger Reederei Wachsmuth &amp; Krogmann gebauten Doppelschraubendampfer \u201cReiherstieg\u201d entstanden war. Dieser Dampfer war in Hamburg bei einem Luftangriff w\u00e4hrend des Krieges versenkt, aber wieder gehoben und von der HADAG neu eingesetzt worden. Da beide Kessel h\u00e4tten erneuert werden m\u00fcssen, verkaufte die Reederei das damals 23,40 m lange und 6,46 m breite Schiff 1954 an die Hamburger Firma Ritscher, die es nicht verschrotten lie\u00df, sondern an die Reederei Fr\u00f6hlich weiterver\u00e4u\u00dferte. Die <a href=\"https:\/\/berliner-dampfer.de\/?page_id=5501\" target=\"_blank\" rel=\"noopener\">\u201cKehrwieder II\u201d<\/a> hatte 10 mm starke Platten und war daher auch zum Eisbrechen geeignet. 1963 ist das mit zwei Dieselmotoren zu je 150 PS ausger\u00fcstete Schiff in Spandau auf 31,04 m verl\u00e4ngert worden.<\/span><\/p>\n<p style=\"text-align: justify;\"><span style=\"font-family: arial, helvetica, sans-serif; font-size: 12pt;\">Inzwischen hatte die Reederei Fr\u00f6hlich 1961 anstelle der Reederei Frost den BVG-Linienverkehr von Wannsee nach Kladow \u00fcbernommen und dazu das in W\u00fcrzburg registrierte Motorschiff <a href=\"https:\/\/berliner-dampfer.de\/?page_id=5863\" target=\"_blank\" rel=\"noopener\">&#8222;Kehrwieder III&#8220;<\/a> eingesetzt. Daran hat die Reederei wenig Freude gehabt. Das Publikum bezeichnete das Schiff in Leserzuschriften an die Presse als &#8222;alten Kasten&#8220;, der l\u00e4ngst der Verschrottung reif sei. Am 15. Februar 1963 sank die 26 m lange <a href=\"https:\/\/berliner-dampfer.de\/?page_id=5863\" target=\"_blank\" rel=\"noopener\">&#8222;Kehrwieder III&#8220;<\/a> am Steg in Kladow. Um das Schiff und die Landungsbr\u00fccke herum hatte sich eine dicke Eisdecke gebildet, do dass Bergungsversuche erst Ende M\u00e4rz 1963 beginnen konnten. Erst am 06. April schwamm das Fahrzeug auf und wurde Monate sp\u00e4ter wieder verkauft.<\/span><\/p>\n<p style=\"text-align: justify;\"><span style=\"font-family: arial, helvetica, sans-serif; font-size: 12pt;\"><strong>Auch \u201cKehrwieder I\u201d hat den Besitzer gewechselt und f\u00e4hrt seit Jahren nach einem Abstecher auf den Elbe-Seitenkanal als Motorschiff \u201cStadt Kassel\u201d f\u00fcr die Reederei S\u00f6llner ins Fuldertal.<\/strong><\/span><\/p>\n<p style=\"text-align: justify;\"><span style=\"font-family: arial, helvetica, sans-serif; font-size: 12pt;\">Die <a href=\"https:\/\/berliner-dampfer.de\/?page_id=5501\" target=\"_blank\" rel=\"noopener\">\u201cKehrwieder II\u201d<\/a> l\u00e4uft heute unter der Flagge der Reederei Heinz Riedel.<\/span><\/p>\n<p><span style=\"font-family: arial, helvetica, sans-serif; font-size: 12pt;\">Groggert 1988, Seite 298:<\/span><br \/>\n<span style=\"font-family: arial, helvetica, sans-serif; font-size: 12pt;\">1968, Mitglieder der &#8222;Interessengemeinschaft Personenschiffahrt Berlin West:<br \/>\n&#8230;<br \/>\nReederei Fr\u00f6hlich<\/span><br \/>\n<span style=\"font-family: arial, helvetica, sans-serif; font-size: 12pt;\"><strong>MS Kehrwieder I<\/strong> \u2013 200 Personen<\/span><br \/>\n<span style=\"font-family: arial, helvetica, sans-serif; font-size: 12pt;\">MS Kehrwieder II \u2013 400 Personen<br \/>\nBerlin 61, Planufer 78<br \/>\nAbfahrtstelle: Kottbusser Br\u00fccke, Kreuzberg<br \/>\n<\/span><\/td>\n<\/tr>\n<\/tbody>\n<\/table>\n<p>&nbsp;<\/p>\n<p>&nbsp;<\/p>\n<table style=\"border-collapse: collapse; width: 100%;\">\n<tbody>\n<tr>\n<td style=\"width: 100%; background-color: #ffff00;\"><img loading=\"lazy\" decoding=\"async\" class=\"alignnone size-full wp-image-18392\" src=\"https:\/\/berliner-dampfer.de\/wp-content\/uploads\/2026\/04\/1958-ca-KEHRWIEDER-klein.jpg\" alt=\"\" width=\"1200\" height=\"730\" srcset=\"https:\/\/berliner-dampfer.de\/wp-content\/uploads\/2026\/04\/1958-ca-KEHRWIEDER-klein.jpg 1200w, https:\/\/berliner-dampfer.de\/wp-content\/uploads\/2026\/04\/1958-ca-KEHRWIEDER-klein-300x183.jpg 300w, https:\/\/berliner-dampfer.de\/wp-content\/uploads\/2026\/04\/1958-ca-KEHRWIEDER-klein-1024x623.jpg 1024w, https:\/\/berliner-dampfer.de\/wp-content\/uploads\/2026\/04\/1958-ca-KEHRWIEDER-klein-768x467.jpg 768w\" sizes=\"auto, (max-width: 1200px) 100vw, 1200px\" \/><\/td>\n<\/tr>\n<\/tbody>\n<\/table>\n<p>&nbsp;<\/p>\n<p>&nbsp;<\/p>\n<p>&nbsp;<\/p>\n<table style=\"border-collapse: collapse; width: 100%;\">\n<tbody>\n<tr>\n<td style=\"width: 100%; background-color: #ffff00;\"><span style=\"font-family: arial, helvetica, sans-serif; font-size: 12pt;\"><strong>&#8222;Kehrwieder I&#8220;<\/strong> und <a href=\"https:\/\/berliner-dampfer.de\/?page_id=5501\" target=\"_blank\" rel=\"noopener\">&#8222;Kehrwieder II&#8220;<\/a>, AK postalisch gelaufen am 06.05.1961.<br \/>\n<\/span><span style=\"font-family: arial, helvetica, sans-serif; font-size: 12pt;\"><br \/>\n<\/span><span style=\"font-family: arial, helvetica, sans-serif; font-size: 12pt;\">Die &#8222;Kehrwieder II&#8220; sah vor ihrer Verl\u00e4ngerung 1963 der &#8222;Kehrwieder I&#8220; \u00e4hnlich.<br \/>\n<\/span>&nbsp;<img loading=\"lazy\" decoding=\"async\" class=\"alignnone size-full wp-image-12463\" src=\"https:\/\/berliner-dampfer.de\/wp-content\/uploads\/2025\/02\/1961-06-05-Kehrwieder-I-und-II-Werbepostkarte-Froehlich-klein.jpg\" alt=\"\" width=\"1200\" height=\"1485\" srcset=\"https:\/\/berliner-dampfer.de\/wp-content\/uploads\/2025\/02\/1961-06-05-Kehrwieder-I-und-II-Werbepostkarte-Froehlich-klein.jpg 1200w, https:\/\/berliner-dampfer.de\/wp-content\/uploads\/2025\/02\/1961-06-05-Kehrwieder-I-und-II-Werbepostkarte-Froehlich-klein-242x300.jpg 242w, https:\/\/berliner-dampfer.de\/wp-content\/uploads\/2025\/02\/1961-06-05-Kehrwieder-I-und-II-Werbepostkarte-Froehlich-klein-827x1024.jpg 827w, https:\/\/berliner-dampfer.de\/wp-content\/uploads\/2025\/02\/1961-06-05-Kehrwieder-I-und-II-Werbepostkarte-Froehlich-klein-768x950.jpg 768w\" sizes=\"auto, (max-width: 1200px) 100vw, 1200px\" \/><\/td>\n<\/tr>\n<\/tbody>\n<\/table>\n<p>&nbsp;<\/p>\n<p>&nbsp;<\/p>\n<table style=\"border-collapse: collapse; width: 100%;\">\n<tbody>\n<tr>\n<td style=\"width: 100%; background-color: #ffff00;\"><span style=\"font-family: arial, helvetica, sans-serif; font-size: 12pt;\">AK, postalisch gelaufen, frankiert mit Deutsche <a href=\"https:\/\/de.wikipedia.org\/wiki\/Briefmarken-Jahrgang_1966_der_Deutschen_Bundespost_Berlin\" target=\"_blank\" rel=\"noopener\">Bundespost Berlin \/ 1966, Michelnummer 273<\/a>.<\/span><\/p>\n<p><img loading=\"lazy\" decoding=\"async\" class=\"alignnone size-full wp-image-12608\" src=\"https:\/\/berliner-dampfer.de\/wp-content\/uploads\/2025\/02\/1967-10-05-ca.-KEHRWIEDER-I-KEHRWIEDER-II-klein.jpg\" alt=\"\" width=\"1200\" height=\"1290\" srcset=\"https:\/\/berliner-dampfer.de\/wp-content\/uploads\/2025\/02\/1967-10-05-ca.-KEHRWIEDER-I-KEHRWIEDER-II-klein.jpg 1200w, https:\/\/berliner-dampfer.de\/wp-content\/uploads\/2025\/02\/1967-10-05-ca.-KEHRWIEDER-I-KEHRWIEDER-II-klein-279x300.jpg 279w, https:\/\/berliner-dampfer.de\/wp-content\/uploads\/2025\/02\/1967-10-05-ca.-KEHRWIEDER-I-KEHRWIEDER-II-klein-953x1024.jpg 953w, https:\/\/berliner-dampfer.de\/wp-content\/uploads\/2025\/02\/1967-10-05-ca.-KEHRWIEDER-I-KEHRWIEDER-II-klein-768x826.jpg 768w\" sizes=\"auto, (max-width: 1200px) 100vw, 1200px\" \/><\/td>\n<\/tr>\n<\/tbody>\n<\/table>\n<p>&nbsp;<\/p>\n<p>&nbsp;<\/p>\n<p><img loading=\"lazy\" decoding=\"async\" class=\"size-full wp-image-5528 alignnone\" src=\"https:\/\/berliner-dampfer.de\/wp-content\/uploads\/2024\/10\/1965-ca-Kehrwieder-RSoA-klein-a.jpg\" alt=\"\" width=\"1200\" height=\"675\" srcset=\"https:\/\/berliner-dampfer.de\/wp-content\/uploads\/2024\/10\/1965-ca-Kehrwieder-RSoA-klein-a.jpg 1200w, https:\/\/berliner-dampfer.de\/wp-content\/uploads\/2024\/10\/1965-ca-Kehrwieder-RSoA-klein-a-300x169.jpg 300w, https:\/\/berliner-dampfer.de\/wp-content\/uploads\/2024\/10\/1965-ca-Kehrwieder-RSoA-klein-a-1024x576.jpg 1024w, https:\/\/berliner-dampfer.de\/wp-content\/uploads\/2024\/10\/1965-ca-Kehrwieder-RSoA-klein-a-768x432.jpg 768w\" sizes=\"auto, (max-width: 1200px) 100vw, 1200px\" \/><\/p>\n<p>&nbsp;<\/p>\n<p>&nbsp;<\/p>\n<p><span style=\"text-decoration: underline;\"><span style=\"font-family: arial, helvetica, sans-serif; font-size: 12pt;\">Zuletzt bearbeitet 06.04.2026<\/span><\/span><\/p>\n","protected":false},"excerpt":{"rendered":"<p>1928 Kehrwieder (I) } 1968 Stadt Kassel Binnenschifferforum: Kehrwieder Binnenschifferforum: Stadt Kassel Wikipedia: Stadt Kassel Schiffshistorie in der Datenbank von Uwe Giesler \/ www.ddr-binnenschifffahrt.de. &nbsp;&hellip;<\/p>\n","protected":false},"author":1,"featured_media":0,"parent":0,"menu_order":0,"comment_status":"closed","ping_status":"closed","template":"","meta":{"ngg_post_thumbnail":0,"iawp_total_views":29,"footnotes":""},"class_list":["post-5496","page","type-page","status-publish","hentry"],"_links":{"self":[{"href":"https:\/\/berliner-dampfer.de\/index.php?rest_route=\/wp\/v2\/pages\/5496","targetHints":{"allow":["GET"]}}],"collection":[{"href":"https:\/\/berliner-dampfer.de\/index.php?rest_route=\/wp\/v2\/pages"}],"about":[{"href":"https:\/\/berliner-dampfer.de\/index.php?rest_route=\/wp\/v2\/types\/page"}],"author":[{"embeddable":true,"href":"https:\/\/berliner-dampfer.de\/index.php?rest_route=\/wp\/v2\/users\/1"}],"replies":[{"embeddable":true,"href":"https:\/\/berliner-dampfer.de\/index.php?rest_route=%2Fwp%2Fv2%2Fcomments&post=5496"}],"version-history":[{"count":35,"href":"https:\/\/berliner-dampfer.de\/index.php?rest_route=\/wp\/v2\/pages\/5496\/revisions"}],"predecessor-version":[{"id":18393,"href":"https:\/\/berliner-dampfer.de\/index.php?rest_route=\/wp\/v2\/pages\/5496\/revisions\/18393"}],"wp:attachment":[{"href":"https:\/\/berliner-dampfer.de\/index.php?rest_route=%2Fwp%2Fv2%2Fmedia&parent=5496"}],"curies":[{"name":"wp","href":"https:\/\/api.w.org\/{rel}","templated":true}]}}