{"id":6132,"date":"2024-10-16T10:49:44","date_gmt":"2024-10-16T08:49:44","guid":{"rendered":"https:\/\/berliner-dampfer.de\/?page_id=6132"},"modified":"2025-01-15T19:33:33","modified_gmt":"2025-01-15T18:33:33","slug":"phoenix","status":"publish","type":"page","link":"https:\/\/berliner-dampfer.de\/?page_id=6132","title":{"rendered":"Phoenix (1989)"},"content":{"rendered":"<table style=\"border-collapse: collapse; width: 100%;\">\n<tbody>\n<tr>\n<td style=\"width: 100%; background-color: #ffff00;\"><span style=\"font-family: arial, helvetica, sans-serif; font-size: 12pt;\">1989 <strong>Phoenix<\/strong><\/span><\/p>\n<p><span style=\"font-family: arial, helvetica, sans-serif;\"><span style=\"font-size: 12pt;\">GERT NEUHAUS<br \/>\nKUNST WANDMALEREI F\u00dcR INNEN &amp; AUSSEN &#8211; SEIT 1977: <\/span><a href=\"https:\/\/www.neuhauskunst.com\/wandmalerei\/1977-1989\/phoenix\/\" target=\"_blank\" rel=\"noopener\"><span style=\"font-size: 12pt;\">&#8222;Phoenix&#8220;<\/span><\/a><\/span><\/p>\n<p><span style=\"font-family: arial, helvetica, sans-serif; font-size: 12pt;\">Liegestelle:<a href=\"https:\/\/www.google.de\/maps\/place\/Wintersteinstra%C3%9Fe+20,+10587+Berlin\/@52.5193411,13.3041431,490m\/data=!3m2!1e3!4b1!4m6!3m5!1s0x47a8512376d3ebb3:0x17f40277fabfa066!8m2!3d52.5193379!4d13.306718!16s%2Fg%2F11c28r_j01?entry=ttu&amp;g_ep=EgoyMDI0MTAxMy4wIKXMDSoASAFQAw%3D%3D\" target=\"_blank\" rel=\"noopener\"> Berlin-Charlottenburg, Wintersteinstra\u00dfe 20<\/a><\/span><\/p>\n<p><span style=\"font-family: arial, helvetica, sans-serif; font-size: 12pt;\">Wikipedia: <\/span><a href=\"https:\/\/de.wikipedia.org\/wiki\/Gert_Neuhaus\" target=\"_blank\" rel=\"noopener\"><span style=\"font-family: arial, helvetica, sans-serif; font-size: 12pt;\">Gert Neuhaus<\/span><\/a><\/td>\n<\/tr>\n<\/tbody>\n<\/table>\n<p style=\"text-align: justify;\"><span style=\"font-family: arial, helvetica, sans-serif; font-size: 12pt;\">Ein bemerkenswertes Werk. Wie alle Werke von Gert Neuhaus!<\/span><\/p>\n<p style=\"text-align: justify;\"><span style=\"font-family: arial, helvetica, sans-serif; font-size: 12pt;\">Bei der Wahl der Namen f\u00fcr &#8222;Berliner Dampfer&#8220; folgen einige Reedereien in Berlin der \u00dcbung,&nbsp; ihre besten Schiffe nach allgemein bekannten Ozeanriesen zu benennen. Zum Beispiel: <a href=\"https:\/\/berliner-dampfer.de\/?page_id=1933\" target=\"_blank\" rel=\"noopener\">Bremen<\/a>, <a href=\"https:\/\/berliner-dampfer.de\/?page_id=2115\" target=\"_blank\" rel=\"noopener\">Columbus<\/a>, <a href=\"https:\/\/berliner-dampfer.de\/?page_id=5416\" target=\"_blank\" rel=\"noopener\">Europa<\/a>, <a href=\"https:\/\/berliner-dampfer.de\/?page_id=3982\" target=\"_blank\" rel=\"noopener\">Hanseatic<\/a>, <a href=\"https:\/\/berliner-dampfer.de\/?page_id=4862\" target=\"_blank\" rel=\"noopener\">Imperator.<\/a><\/span><\/p>\n<p style=\"text-align: justify;\"><span style=\"font-family: arial, helvetica, sans-serif; font-size: 12pt;\">Der Name &#8222;Phoenix&#8220; reiht sich in diese Tradition ein. Scheinbar, jedenfalls. Denn auch wenn der Name in Perfektion so klingt &#8211; und es auch zahlreiche Schiffe mit diesem Namen gibt, sogar ein <a href=\"https:\/\/de.wikipedia.org\/wiki\/USS_Phoenix_(SSN-702)\" target=\"_blank\" rel=\"noopener\">Atom-U-Boot<\/a> &#8211; einen Passagier-Ozeanriesen mit diesem Namen gab es m. W. bisher noch nicht. Auch von daher ist &#8222;PHOENIX&#8220; einzigartig und so wahrlich ein &#8222;echter Berliner Dampfer&#8220;. <\/span><\/p>\n<p style=\"text-align: justify;\"><span style=\"font-family: arial, helvetica, sans-serif; font-size: 12pt;\">Au\u00dferdem steht dieses Werk f\u00fcr eine sehr sch\u00f6ne Auferstehung, denn 1989 gab es solche Schiffe, wie das bildlich erschaffene, nicht mehr. Ihr &#8222;Design&#8220; steht f\u00fcr eine vergangene \u00c4ra. Hier dampft die <a href=\"https:\/\/de.wikipedia.org\/wiki\/Ph%C3%B6nix_(Mythologie)\" target=\"_blank\" rel=\"noopener\">&#8222;Phoenix&#8220;<\/a> wahrlich &#8222;wie Phoenix aus der Asche&#8220; zwischen den Hausw\u00e4nden heraus. &#8222;Wo war sie nur die ganzen Jahre, seit sie die Werft im Jahre 1913 verlassen hatte?&#8220;&nbsp; <\/span><\/p>\n<p style=\"text-align: justify;\"><span style=\"font-family: arial, helvetica, sans-serif; font-size: 12pt;\">Auf <a href=\"https:\/\/www.neuhauskunst.com\/wandmalerei\/1977-1989\/phoenix\/\" target=\"_blank\" rel=\"noopener\">seiner Webseite<\/a> hat Gerd Neuhaus zu diesem Werk nicht etwa einen eigenen Text abgebildet, sondern einen Artikel aus dem Pankower Wochenblatt vom 02. November 1995. Dort hei\u00dft es:<\/span><\/p>\n<blockquote>\n<p style=\"text-align: justify;\"><span style=\"font-family: arial, helvetica, sans-serif; font-size: 12pt;\">[Seine] bekanntesten Motive sind der riesige Rei\u00dfverschlu\u00df und der \u00dcberseedampfer, beide in Charlottenburg.<br \/>\n<\/span><span style=\"font-family: arial, helvetica, sans-serif; font-size: 12pt;\">\u201eWas ich male, mu\u00df in die Gegend passen, sozusagen einen inneren Bezug zu den H\u00e4usern und den Menschen haben.&#8220; Vor die Motiventscheidung setzt er daher die ausgiebige Milieustudie. \u201eBlo\u00df hinsetzen und pinseln, is nich&#8220;, sagt Neuhaus.<br \/>\n<\/span><span style=\"font-family: arial, helvetica, sans-serif; font-size: 12pt;\">Beim \u00dcberseedampfer war die N\u00e4he zum Spreekanal ausschlaggebend und die Tatsache, da\u00df in Berlin leider nie die gro\u00dfen Schiffe anlegen: Wassersehnsucht der Berliner \u201emit ihrer nicht klein zu kriegenden Weitl\u00e4ufigkeit&#8220;, wie Neuhaus sie empfindet.<\/span><\/p>\n<\/blockquote>\n<p><span style=\"font-family: arial, helvetica, sans-serif; font-size: 12pt;\"><img loading=\"lazy\" decoding=\"async\" class=\"alignright wp-image-6179\" src=\"https:\/\/berliner-dampfer.de\/wp-content\/uploads\/2024\/10\/1924-Pressestimmen-ueber-Doppelschraubendampfer-Peer-Gynt-Reederei-Viktor-Schuppe-Berlin-klein-a.jpg\" alt=\"\" width=\"200\" height=\"265\" srcset=\"https:\/\/berliner-dampfer.de\/wp-content\/uploads\/2024\/10\/1924-Pressestimmen-ueber-Doppelschraubendampfer-Peer-Gynt-Reederei-Viktor-Schuppe-Berlin-klein-a.jpg 640w, https:\/\/berliner-dampfer.de\/wp-content\/uploads\/2024\/10\/1924-Pressestimmen-ueber-Doppelschraubendampfer-Peer-Gynt-Reederei-Viktor-Schuppe-Berlin-klein-a-226x300.jpg 226w\" sizes=\"auto, (max-width: 200px) 100vw, 200px\" \/><\/span><\/p>\n<p style=\"text-align: justify;\"><span style=\"font-family: arial, helvetica, sans-serif; font-size: 12pt;\">&#8222;Die Tatsache, da\u00df in Berlin leider nie die gro\u00dfen Schiffe anlegen&#8220; ist vielleicht eine gute Gelegenheit zu erw\u00e4hnen, dass die Berliner Reederei Viktor Schuppe hatte einmal gro\u00df in einem Ozeanriesen investiert hatte, aber das Engagement rechnete sich leider nicht. Es handelte sich um die &#8222;Peer Gynt&#8220;, welche in der Allgemeinheit sp\u00e4ter am besten unter dem Namen &#8222;<a href=\"https:\/\/de.wikipedia.org\/wiki\/Oceana_(Schiff,_1913)\" target=\"_blank\" rel=\"noopener\">Oceana&#8220;<\/a> in Erinnerung geblieben ist:<\/span><\/p>\n<blockquote>\n<p style=\"text-align: justify;\"><span style=\"font-family: arial, helvetica, sans-serif; font-size: 12pt;\"><a href=\"https:\/\/de.wikipedia.org\/wiki\/Oceana_(Schiff,_1913)\" target=\"_blank\" rel=\"noopener\">Wikipedia<\/a>: Die Peer Gynt lief am 15. August 1924 von Stettin zur ersten Norwegenfahrt aus, der am 4. September noch eine weitere folgte. Dann wurde sie nach Hamburg verlegt, wo am 17. September eine vierw\u00f6chige Mittelmeerfahrt begann. 1925 war das Schiff \u00fcberwiegend im Mittelmeer eingesetzt. Trotz massiver Aufwendungen, die Presse zu lobender Berichterstattung \u00fcber sein Schiff zu gewinnen, stellte sich der Erfolg f\u00fcr Schuppe nicht ein und er verkaufte das Schiff im Dezember 1926 nach Italien an die Sitmar-Line. Dort wurde sie in Neptunia umbenannt, gelangte aber schon im September 1927 durch Ankauf durch die Hapag wieder unter deutsche Flagge.<\/span><\/p>\n<\/blockquote>\n<p><span style=\"font-family: arial, helvetica, sans-serif; font-size: 12pt;\">Eine &#8222;Phoenix&#8220; gab es in Berlin bis 1989 m. W. noch nie. Erst seit 2006 gibt es eine <a href=\"https:\/\/berliner-dampfer.de\/?page_id=6156\" target=\"_blank\" rel=\"noopener\">&#8222;Ph\u00f6nix&#8220;<\/a>.<\/span><\/p>\n<p>&nbsp;<\/p>\n<table style=\"border-collapse: collapse; width: 100%;\">\n<tbody>\n<tr>\n<td style=\"width: 100%; background-color: #ffff00;\"><span style=\"font-family: arial, helvetica, sans-serif; font-size: 12pt;\">AK, Serie &#8222;Fantasievolles Berlin&#8220; der Berliner Morgenpost, postalisch gelaufen am 07.02.1991 von Berlin nach Brandenburg (Havel):<\/span><\/p>\n<p><img loading=\"lazy\" decoding=\"async\" class=\"alignnone wp-image-6147\" src=\"https:\/\/berliner-dampfer.de\/wp-content\/uploads\/2024\/10\/1989-1991-02-07-Phoenix-klein.jpg\" alt=\"\" width=\"760\" height=\"1101\" srcset=\"https:\/\/berliner-dampfer.de\/wp-content\/uploads\/2024\/10\/1989-1991-02-07-Phoenix-klein.jpg 1200w, https:\/\/berliner-dampfer.de\/wp-content\/uploads\/2024\/10\/1989-1991-02-07-Phoenix-klein-207x300.jpg 207w, https:\/\/berliner-dampfer.de\/wp-content\/uploads\/2024\/10\/1989-1991-02-07-Phoenix-klein-707x1024.jpg 707w, https:\/\/berliner-dampfer.de\/wp-content\/uploads\/2024\/10\/1989-1991-02-07-Phoenix-klein-768x1113.jpg 768w, https:\/\/berliner-dampfer.de\/wp-content\/uploads\/2024\/10\/1989-1991-02-07-Phoenix-klein-1060x1536.jpg 1060w\" sizes=\"auto, (max-width: 760px) 100vw, 760px\" \/><\/td>\n<\/tr>\n<\/tbody>\n<\/table>\n<p>&nbsp;<\/p>\n<p><span style=\"font-family: arial, helvetica, sans-serif; font-size: 12pt;\">Und nochmal die &#8222;Peer Gynt&#8220;:<\/span><\/p>\n<p><img loading=\"lazy\" decoding=\"async\" class=\"alignnone wp-image-6188\" src=\"https:\/\/berliner-dampfer.de\/wp-content\/uploads\/2024\/10\/1923-Viktor-Schuppe-Reederei-Ueberseehandel.jpg\" alt=\"\" width=\"200\" height=\"144\" srcset=\"https:\/\/berliner-dampfer.de\/wp-content\/uploads\/2024\/10\/1923-Viktor-Schuppe-Reederei-Ueberseehandel.jpg 395w, https:\/\/berliner-dampfer.de\/wp-content\/uploads\/2024\/10\/1923-Viktor-Schuppe-Reederei-Ueberseehandel-300x216.jpg 300w\" sizes=\"auto, (max-width: 200px) 100vw, 200px\" \/><\/p>\n<p><img loading=\"lazy\" decoding=\"async\" class=\"alignnone wp-image-6182\" src=\"https:\/\/berliner-dampfer.de\/wp-content\/uploads\/2024\/10\/1924-Pressestimmen-ueber-Doppelschraubendampfer-Peer-Gynt-Reederei-Viktor-Schuppe-Berlin-klein-a-gespiegelt.jpg\" alt=\"\" width=\"760\" height=\"646\" srcset=\"https:\/\/berliner-dampfer.de\/wp-content\/uploads\/2024\/10\/1924-Pressestimmen-ueber-Doppelschraubendampfer-Peer-Gynt-Reederei-Viktor-Schuppe-Berlin-klein-a-gespiegelt.jpg 870w, https:\/\/berliner-dampfer.de\/wp-content\/uploads\/2024\/10\/1924-Pressestimmen-ueber-Doppelschraubendampfer-Peer-Gynt-Reederei-Viktor-Schuppe-Berlin-klein-a-gespiegelt-300x255.jpg 300w, https:\/\/berliner-dampfer.de\/wp-content\/uploads\/2024\/10\/1924-Pressestimmen-ueber-Doppelschraubendampfer-Peer-Gynt-Reederei-Viktor-Schuppe-Berlin-klein-a-gespiegelt-768x653.jpg 768w\" sizes=\"auto, (max-width: 760px) 100vw, 760px\" \/><\/p>\n<p>&nbsp;<\/p>\n<p>&nbsp;<\/p>\n<p><span style=\"text-decoration: underline;\"><span style=\"font-family: arial, helvetica, sans-serif; font-size: 12pt;\">Zuletzt bearbeitet 16.10.2024<\/span><\/span><\/p>\n","protected":false},"excerpt":{"rendered":"<p>1989 Phoenix GERT NEUHAUS KUNST WANDMALEREI F\u00dcR INNEN &amp; AUSSEN &#8211; SEIT 1977: &#8222;Phoenix&#8220; Liegestelle: Berlin-Charlottenburg, Wintersteinstra\u00dfe 20 Wikipedia: Gert Neuhaus Ein bemerkenswertes Werk. Wie&hellip;<\/p>\n","protected":false},"author":1,"featured_media":0,"parent":0,"menu_order":0,"comment_status":"closed","ping_status":"closed","template":"","meta":{"ngg_post_thumbnail":0,"iawp_total_views":52,"footnotes":""},"class_list":["post-6132","page","type-page","status-publish","hentry"],"_links":{"self":[{"href":"https:\/\/berliner-dampfer.de\/index.php?rest_route=\/wp\/v2\/pages\/6132","targetHints":{"allow":["GET"]}}],"collection":[{"href":"https:\/\/berliner-dampfer.de\/index.php?rest_route=\/wp\/v2\/pages"}],"about":[{"href":"https:\/\/berliner-dampfer.de\/index.php?rest_route=\/wp\/v2\/types\/page"}],"author":[{"embeddable":true,"href":"https:\/\/berliner-dampfer.de\/index.php?rest_route=\/wp\/v2\/users\/1"}],"replies":[{"embeddable":true,"href":"https:\/\/berliner-dampfer.de\/index.php?rest_route=%2Fwp%2Fv2%2Fcomments&post=6132"}],"version-history":[{"count":42,"href":"https:\/\/berliner-dampfer.de\/index.php?rest_route=\/wp\/v2\/pages\/6132\/revisions"}],"predecessor-version":[{"id":11155,"href":"https:\/\/berliner-dampfer.de\/index.php?rest_route=\/wp\/v2\/pages\/6132\/revisions\/11155"}],"wp:attachment":[{"href":"https:\/\/berliner-dampfer.de\/index.php?rest_route=%2Fwp%2Fv2%2Fmedia&parent=6132"}],"curies":[{"name":"wp","href":"https:\/\/api.w.org\/{rel}","templated":true}]}}