{"id":6615,"date":"2024-10-24T15:55:32","date_gmt":"2024-10-24T13:55:32","guid":{"rendered":"https:\/\/berliner-dampfer.de\/?page_id=6615"},"modified":"2025-06-13T19:33:47","modified_gmt":"2025-06-13T17:33:47","slug":"schwan","status":"publish","type":"page","link":"https:\/\/berliner-dampfer.de\/?page_id=6615","title":{"rendered":"Schwan"},"content":{"rendered":"<table style=\"border-collapse: collapse; width: 100%;\">\n<tbody>\n<tr>\n<td style=\"width: 100%; background-color: #ffff00;\"><span style=\"font-family: arial, helvetica, sans-serif; font-size: 12pt;\">1883 <b>Schwan<\/b><\/span><\/td>\n<\/tr>\n<\/tbody>\n<\/table>\n<p>&nbsp;<\/p>\n<table style=\"border-collapse: collapse; width: 100%;\">\n<tbody>\n<tr>\n<td style=\"width: 100%; background-color: #ffd700;\">\n<p style=\"text-align: justify;\"><span style=\"font-family: arial, helvetica, sans-serif; font-size: 12pt;\"><a href=\"https:\/\/berliner-dampfer.de\/?page_id=194\" target=\"_blank\" rel=\"noopener\">Groggert 1988<\/a>, Seite 103:<\/span><\/p>\n<p style=\"text-align: justify;\"><span style=\"font-family: arial, helvetica, sans-serif; font-size: 12pt;\">1890 bestand die Flotte der Krahngesellschaft aus 16 Dampfern. In der Mehrzahl handelte es sich dabei jedoch um Schlepper und Frachtdampfer.<\/span><\/p>\n<p style=\"text-align: justify;\"><span style=\"font-family: arial, helvetica, sans-serif; font-size: 12pt;\">Der Umstand, da\u00df <a href=\"https:\/\/geschichtsforum-tegel.berlin\/am-4-6-1881-wurde-die-pferdeeisenbahn-nach-tegel-eingeweiht\/\" target=\"_blank\" rel=\"noopener\">1881 tats\u00e4chlich eine Pferdebahnlinie bis nach Tegel<\/a> gef\u00fchrt wurde und die kleinen Haberkernschen Dampfer sonntags \u00fcberf\u00fcllt waren, veranla\u00dfte Carl Holz, einen Werkmeister von der <a href=\"http:\/\/www.albert-gieseler.de\/dampf_de\/firmen0\/firmadet1085.shtml\" target=\"_blank\" rel=\"noopener\">Egellschen Maschinenfabrik<\/a>, aus der die Germania-Werft entstanden ist, ebenfalls eine Dampfschiffverbinung zwischen Tegel, Tegelorte, Heiligensee und Spandau herzustellen.<\/span><\/p>\n<p style=\"text-align: justify;\"><span style=\"font-family: arial, helvetica, sans-serif; font-size: 12pt;\">Er kaufte dazu den 1862 von der Schiffswerft <a href=\"https:\/\/de.wikipedia.org\/wiki\/Janssen_%26_Schmilinsky\" target=\"_blank\" rel=\"noopener\">Janssen &amp; Schmilinsky<\/a> in Hamburg gebauten Seitenraddampfer <a href=\"https:\/\/berliner-dampfer.de\/?page_id=6588\" target=\"_blank\" rel=\"noopener\">\u201eStern\u201c<\/a>, der bis zu 300 Personen fassen konnte. Dieses Schiff hatte aber wegen seiner Breite von 7,18 m \u00fcber den Radk\u00e4sten an der Scharfenberger Enge, die erst 1905 verbreitert worden ist, st\u00e4ndig Schwierigkeiten, zumal es bei einer L\u00e4nge von 31 m und sehr schwacher Maschinenleistung nicht gut manovrierf\u00e4hig war. Da der <a href=\"https:\/\/berliner-dampfer.de\/?page_id=6588\" target=\"_blank\" rel=\"noopener\">\u201eStern\u201c<\/a> auf dem Tegeler See auch noch stark schlingerte, wurde er bald durch den kleinen Schraubendampfer <strong>\u201eSchwan\u201c<\/strong> ersetzt.<\/span><\/p>\n<p style=\"text-align: justify;\"><span style=\"font-family: arial, helvetica, sans-serif; font-size: 12pt;\">Groggert 1988, Seiten 125\/126:<\/span><br \/>\n<span style=\"font-family: arial, helvetica, sans-serif; font-size: 12pt;\">Seit der Er\u00f6ffnung der Haberkernschen Dampfschiffahrt hatte der Verkehr zwischen Spandau, Tegel und Heiligensee sich derart stark entwickelt, da\u00df es zu einem heftigen Konkurrenzkampf gekommen war. Wie oben erw\u00e4hnt, hatte Carl Holtz als Ersatz f\u00fcr seinen weniger geeigneten Raddampfer <a href=\"https:\/\/berliner-dampfer.de\/?page_id=6588\" target=\"_blank\" rel=\"noopener\">\u201cStern\u201d<\/a>, &#8230; den 1883 von M\u00f6ller &amp; Holberg in Stettin gebauten Schraubendampfer <strong>\u201cSchwan\u201d<\/strong> (L\u00e4nge 16 m, Breite 3,4 m) in Dienst gestellt.<\/span><\/p>\n<p style=\"text-align: justify;\"><span style=\"font-family: arial, helvetica, sans-serif; font-size: 12pt;\">Holtz erweiterte seinen Schiffspark um die kleinen Dampfer <a href=\"https:\/\/berliner-dampfer.de\/?page_id=3045\" target=\"_blank\" rel=\"noopener\">&#8222;Franziska&#8220;<\/a> und &#8222;Grebin&#8220;, da\u00df um 1870 erbaute Dampfboot &#8222;Der L\u00e4ndler&#8220;, das um 1870 erbaute Dampfboot \u201eDer L\u00e4ndler\u201c, das zuvor dem Prinzen Friedrich Carl geh\u00f6rt haben soll, die Dampfbarkasse \u201eWittenberge\u201c und den Dampfer \u201eLuci\u201c.<\/span><\/p>\n<p style=\"text-align: justify;\"><span style=\"font-family: arial, helvetica, sans-serif; font-size: 12pt;\">Nachdem die Schiffseigner Georg Anussat, Hermann Hille und <a href=\"https:\/\/geschichtsforum-tegel.berlin\/tegelarchiv-uebersicht\/reederei-frost\/\" target=\"_blank\" rel=\"noopener\">Ewald Frost<\/a> zum 01. April 1901 die &#8222;Spandauer Dampfschiffahrts Gesellschaft Oberhavel und Tegeler See&#8220; (teilweise auch Tegelersee geschrieben) gegr\u00fcndet hatten, kam es zu Auseinandersetzungen, die nach den Schilderungen von Fahrg\u00e4sten in eine Art von <strong><span style=\"color: #ff0000;\">Seekrieg<\/span><\/strong> auszuarten drohten. Max Rehberg, der fr\u00fchere Leiter des st\u00e4dtischen Binnenschiffahrtsmuseums in Oranienburg, berichtete dar\u00fcber:<\/span><\/p>\n<blockquote>\n<p style=\"text-align: justify;\"><span style=\"font-family: arial, helvetica, sans-serif; font-size: 12pt;\">&#8222;Der L\u00e4ndler&#8220; wurde in <a href=\"https:\/\/de.wikipedia.org\/wiki\/Tegelort\" target=\"_blank\" rel=\"noopener\">J\u00f6rsfelde<\/a> einmal von einem gr\u00f6\u00dferen Dampfer so heftig gegen die Landungsbr\u00fccke gedr\u00fcckt, da\u00df B\u00e4nke und Tische \u00fcber Bord flogen. Am 23. August rammte ein gr\u00f6\u00dferer Gegner den Holtzschen Dampfer &#8222;Grebin&#8220; in der Scharfenberger Enge und brachte ihn zum Sinken. Mit M\u00fche und Not konnten die 15 Fahrg\u00e4ste gerettet werden.<\/span><\/p>\n<p style=\"text-align: justify;\"><span style=\"font-family: arial, helvetica, sans-serif; font-size: 12pt;\"><strong>Am 17. August 1903 sank der &#8222;Schwan&#8220; in der N\u00e4he von Tegelort. Die Fahrg\u00e4ste wurden vom &#8222;L\u00e4ndler&#8220; gerettet. Das Schiff mu\u00dfte nach einigen Wochen mit Hilfe eines Tauchers gehoben werden.<\/strong>&#8222;<\/span><\/p>\n<\/blockquote>\n<p style=\"text-align: justify;\"><span style=\"font-family: arial, helvetica, sans-serif; font-size: 12pt;\">Auch um den Zugang zu den vor dem <a href=\"https:\/\/www.ardmediathek.de\/video\/rbb-retro-berliner-abendschau\/tegeler-ausflugslokale-sprengung-und-neubau\/rbb-fernsehen\/Y3JpZDovL3JiYi1vbmxpbmUuZGUvYmVybGluZXItYWJlbmRzY2hhdS8xOTY1LTAzLTAyVDE5OjMwOjAwXzFmMTNjZWE2LWRiNmItNDRjMS1hYjM1LWIzZjRlYTk5NjlhZC9yZXRyb18xOTY1MDMwMl9hdXNmbHVnc2xva2Fs\" target=\"_blank\" rel=\"noopener\">&#8222;Strandschlo\u00df&#8220;<\/a> von der Gemeinde Tegel errichteten Landungsbr\u00fccke gab es Streit, so da\u00df Holtz schlie\u00dflich aufgab und seinen Betrieb 1907 an die Spandauer Dampfschiffahrts.Gesellschaft verkaufte.<\/span><\/p>\n<\/td>\n<\/tr>\n<\/tbody>\n<\/table>\n<p>&nbsp;<\/p>\n<table style=\"border-collapse: collapse; width: 100%;\">\n<tbody>\n<tr>\n<td style=\"width: 100%; background-color: #d3d3d3;\">\n<p style=\"text-align: justify;\"><span style=\"font-family: arial, helvetica, sans-serif; font-size: 12pt;\"><a href=\"\/Users\/Barbara\/Desktop\/Berliner%20Dampfer%20Webseite\/html\/links_-_literatur.html\" target=\"_blank\" rel=\"noopener\">Trost<\/a> 1988, Seiten 14\/15:<\/span><\/p>\n<p style=\"text-align: justify;\"><span style=\"font-family: arial, helvetica, sans-serif; font-size: 12pt;\">Das Jahr 1907 war von besonderer Bedeutung. da \u00fcbernahm die SHDG \u201cStern\u201d alle 15 Dampfer und 2 Motorschiffe der Spandauer Dampfschiffahrts-Gesellschaft Oberhavel und Teglersee. Es waren zwar viele \u00e4ltere Schiffe darunter, die sogleich weiter verkauft wurden, aber auch Dampfer, die gerade von der Werft abgeliefert wurden.<\/span><\/p>\n<p style=\"text-align: justify;\"><span style=\"font-family: arial, helvetica, sans-serif; font-size: 12pt;\">Zu den \u00e4lteren Dampfern geh\u00f6rten<\/span><\/p>\n<ul style=\"text-align: justify;\">\n<li><span style=\"font-family: arial, helvetica, sans-serif; font-size: 12pt;\"><strong>SCHWAN<\/strong>,<\/span><\/li>\n<li><span style=\"font-family: arial, helvetica, sans-serif; font-size: 12pt;\"><a href=\"https:\/\/berliner-dampfer.de\/?page_id=3015\" target=\"_blank\" rel=\"noopener\">FLORA<\/a>,<\/span><\/li>\n<li><span style=\"font-family: arial, helvetica, sans-serif; font-size: 12pt;\">NEPTUN,<\/span><\/li>\n<li><span style=\"font-family: arial, helvetica, sans-serif; font-size: 12pt;\"><a href=\"https:\/\/berliner-dampfer.de\/?page_id=3045\" target=\"_blank\" rel=\"noopener\">FRANZISKA<\/a> und<\/span><\/li>\n<li><span style=\"font-family: arial, helvetica, sans-serif; font-size: 12pt;\">SOPHIE-CHARLOTTE,<\/span><\/li>\n<\/ul>\n<p style=\"text-align: justify;\"><span style=\"font-family: arial, helvetica, sans-serif; font-size: 12pt;\">j\u00fcngeren Datums waren<\/span><\/p>\n<ul style=\"text-align: justify;\">\n<li><span style=\"font-family: arial, helvetica, sans-serif; font-size: 12pt;\">GEIER,<\/span><\/li>\n<li><span style=\"font-family: arial, helvetica, sans-serif; font-size: 12pt;\">HABICHT,<\/span><\/li>\n<li><span style=\"font-family: arial, helvetica, sans-serif; font-size: 12pt;\">v. BISMARCK,<\/span><\/li>\n<li><span style=\"font-family: arial, helvetica, sans-serif; font-size: 12pt;\">v. HUMBOLDT<\/span><\/li>\n<li><span style=\"font-family: arial, helvetica, sans-serif; font-size: 12pt;\">und NEPTUN 2.<\/span><\/li>\n<\/ul>\n<p style=\"text-align: justify;\"><span style=\"font-family: arial, helvetica, sans-serif; font-size: 12pt;\">Soeben in Dienst gestellt worden waren <a href=\"https:\/\/berliner-dampfer.de\/?page_id=2945\" target=\"_blank\" rel=\"noopener\">FALKE<\/a> und SPERBER&#8230;&#8230;\u201d<\/span><\/p>\n<\/td>\n<\/tr>\n<\/tbody>\n<\/table>\n<p>&nbsp;<\/p>\n<p>&nbsp;<\/p>\n<p><img loading=\"lazy\" decoding=\"async\" class=\"alignnone wp-image-6625 size-full\" src=\"https:\/\/berliner-dampfer.de\/wp-content\/uploads\/2024\/10\/1903-Berliner-Leben-Bergung-Dampfer-SCHWAN-klein.jpg\" alt=\"\" width=\"1200\" height=\"644\" srcset=\"https:\/\/berliner-dampfer.de\/wp-content\/uploads\/2024\/10\/1903-Berliner-Leben-Bergung-Dampfer-SCHWAN-klein.jpg 1200w, https:\/\/berliner-dampfer.de\/wp-content\/uploads\/2024\/10\/1903-Berliner-Leben-Bergung-Dampfer-SCHWAN-klein-300x161.jpg 300w, https:\/\/berliner-dampfer.de\/wp-content\/uploads\/2024\/10\/1903-Berliner-Leben-Bergung-Dampfer-SCHWAN-klein-1024x550.jpg 1024w, https:\/\/berliner-dampfer.de\/wp-content\/uploads\/2024\/10\/1903-Berliner-Leben-Bergung-Dampfer-SCHWAN-klein-768x412.jpg 768w\" sizes=\"auto, (max-width: 1200px) 100vw, 1200px\" \/><\/p>\n<p>&nbsp;<\/p>\n<p>&nbsp;<\/p>\n<p>&nbsp;<\/p>\n<p><span style=\"text-decoration: underline;\"><span style=\"font-family: arial, helvetica, sans-serif; font-size: 12pt;\">Zuletzt bearbeitet 24.10.2024<\/span><\/span><\/p>\n","protected":false},"excerpt":{"rendered":"<p>1883 Schwan &nbsp; Groggert 1988, Seite 103: 1890 bestand die Flotte der Krahngesellschaft aus 16 Dampfern. In der Mehrzahl handelte es sich dabei jedoch um&hellip;<\/p>\n","protected":false},"author":1,"featured_media":0,"parent":0,"menu_order":0,"comment_status":"closed","ping_status":"closed","template":"","meta":{"ngg_post_thumbnail":0,"iawp_total_views":4,"footnotes":""},"class_list":["post-6615","page","type-page","status-publish","hentry"],"_links":{"self":[{"href":"https:\/\/berliner-dampfer.de\/index.php?rest_route=\/wp\/v2\/pages\/6615","targetHints":{"allow":["GET"]}}],"collection":[{"href":"https:\/\/berliner-dampfer.de\/index.php?rest_route=\/wp\/v2\/pages"}],"about":[{"href":"https:\/\/berliner-dampfer.de\/index.php?rest_route=\/wp\/v2\/types\/page"}],"author":[{"embeddable":true,"href":"https:\/\/berliner-dampfer.de\/index.php?rest_route=\/wp\/v2\/users\/1"}],"replies":[{"embeddable":true,"href":"https:\/\/berliner-dampfer.de\/index.php?rest_route=%2Fwp%2Fv2%2Fcomments&post=6615"}],"version-history":[{"count":12,"href":"https:\/\/berliner-dampfer.de\/index.php?rest_route=\/wp\/v2\/pages\/6615\/revisions"}],"predecessor-version":[{"id":16461,"href":"https:\/\/berliner-dampfer.de\/index.php?rest_route=\/wp\/v2\/pages\/6615\/revisions\/16461"}],"wp:attachment":[{"href":"https:\/\/berliner-dampfer.de\/index.php?rest_route=%2Fwp%2Fv2%2Fmedia&parent=6615"}],"curies":[{"name":"wp","href":"https:\/\/api.w.org\/{rel}","templated":true}]}}

<table style="border-collapse: collapse; width: 100%;">
<tbody>
<tr>
<td style="width: 100%; background-color: #ffff00;"><span style="font-family: arial, helvetica, sans-serif; font-size: 12pt;">1883 <b>Schwan</b></span></td>
</tr>
</tbody>
</table>
<p>&nbsp;</p>
<table style="border-collapse: collapse; width: 100%;">
<tbody>
<tr>
<td style="width: 100%; background-color: #ffd700;">
<p style="text-align: justify;"><span style="font-family: arial, helvetica, sans-serif; font-size: 12pt;"><a href="https://berliner-dampfer.de/?page_id=194" target="_blank" rel="noopener">Groggert 1988</a>, Seite 103:</span></p>
<p style="text-align: justify;"><span style="font-family: arial, helvetica, sans-serif; font-size: 12pt;">1890 bestand die Flotte der Krahngesellschaft aus 16 Dampfern. In der Mehrzahl handelte es sich dabei jedoch um Schlepper und Frachtdampfer.</span></p>
<p style="text-align: justify;"><span style="font-family: arial, helvetica, sans-serif; font-size: 12pt;">Der Umstand, daß <a href="https://geschichtsforum-tegel.berlin/am-4-6-1881-wurde-die-pferdeeisenbahn-nach-tegel-eingeweiht/" target="_blank" rel="noopener">1881 tatsächlich eine Pferdebahnlinie bis nach Tegel</a> geführt wurde und die kleinen Haberkernschen Dampfer sonntags überfüllt waren, veranlaßte Carl Holz, einen Werkmeister von der <a href="http://www.albert-gieseler.de/dampf_de/firmen0/firmadet1085.shtml" target="_blank" rel="noopener">Egellschen Maschinenfabrik</a>, aus der die Germania-Werft entstanden ist, ebenfalls eine Dampfschiffverbinung zwischen Tegel, Tegelorte, Heiligensee und Spandau herzustellen.</span></p>
<p style="text-align: justify;"><span style="font-family: arial, helvetica, sans-serif; font-size: 12pt;">Er kaufte dazu den 1862 von der Schiffswerft <a href="https://de.wikipedia.org/wiki/Janssen_%26_Schmilinsky" target="_blank" rel="noopener">Janssen &amp; Schmilinsky</a> in Hamburg gebauten Seitenraddampfer <a href="https://berliner-dampfer.de/?page_id=6588" target="_blank" rel="noopener">„Stern“</a>, der bis zu 300 Personen fassen konnte. Dieses Schiff hatte aber wegen seiner Breite von 7,18 m über den Radkästen an der Scharfenberger Enge, die erst 1905 verbreitert worden ist, ständig Schwierigkeiten, zumal es bei einer Länge von 31 m und sehr schwacher Maschinenleistung nicht gut manovrierfähig war. Da der <a href="https://berliner-dampfer.de/?page_id=6588" target="_blank" rel="noopener">„Stern“</a> auf dem Tegeler See auch noch stark schlingerte, wurde er bald durch den kleinen Schraubendampfer <strong>„Schwan“</strong> ersetzt.</span></p>
<p style="text-align: justify;"><span style="font-family: arial, helvetica, sans-serif; font-size: 12pt;">Groggert 1988, Seiten 125/126:</span><br />
<span style="font-family: arial, helvetica, sans-serif; font-size: 12pt;">Seit der Eröffnung der Haberkernschen Dampfschiffahrt hatte der Verkehr zwischen Spandau, Tegel und Heiligensee sich derart stark entwickelt, daß es zu einem heftigen Konkurrenzkampf gekommen war. Wie oben erwähnt, hatte Carl Holtz als Ersatz für seinen weniger geeigneten Raddampfer <a href="https://berliner-dampfer.de/?page_id=6588" target="_blank" rel="noopener">“Stern”</a>, &#8230; den 1883 von Möller &amp; Holberg in Stettin gebauten Schraubendampfer <strong>“Schwan”</strong> (Länge 16 m, Breite 3,4 m) in Dienst gestellt.</span></p>
<p style="text-align: justify;"><span style="font-family: arial, helvetica, sans-serif; font-size: 12pt;">Holtz erweiterte seinen Schiffspark um die kleinen Dampfer <a href="https://berliner-dampfer.de/?page_id=3045" target="_blank" rel="noopener">&#8222;Franziska&#8220;</a> und &#8222;Grebin&#8220;, daß um 1870 erbaute Dampfboot &#8222;Der Ländler&#8220;, das um 1870 erbaute Dampfboot „Der Ländler“, das zuvor dem Prinzen Friedrich Carl gehört haben soll, die Dampfbarkasse „Wittenberge“ und den Dampfer „Luci“.</span></p>
<p style="text-align: justify;"><span style="font-family: arial, helvetica, sans-serif; font-size: 12pt;">Nachdem die Schiffseigner Georg Anussat, Hermann Hille und <a href="https://geschichtsforum-tegel.berlin/tegelarchiv-uebersicht/reederei-frost/" target="_blank" rel="noopener">Ewald Frost</a> zum 01. April 1901 die &#8222;Spandauer Dampfschiffahrts Gesellschaft Oberhavel und Tegeler See&#8220; (teilweise auch Tegelersee geschrieben) gegründet hatten, kam es zu Auseinandersetzungen, die nach den Schilderungen von Fahrgästen in eine Art von <strong><span style="color: #ff0000;">Seekrieg</span></strong> auszuarten drohten. Max Rehberg, der frühere Leiter des städtischen Binnenschiffahrtsmuseums in Oranienburg, berichtete darüber:</span></p>
<blockquote>
<p style="text-align: justify;"><span style="font-family: arial, helvetica, sans-serif; font-size: 12pt;">&#8222;Der Ländler&#8220; wurde in <a href="https://de.wikipedia.org/wiki/Tegelort" target="_blank" rel="noopener">Jörsfelde</a> einmal von einem größeren Dampfer so heftig gegen die Landungsbrücke gedrückt, daß Bänke und Tische über Bord flogen. Am 23. August rammte ein größerer Gegner den Holtzschen Dampfer &#8222;Grebin&#8220; in der Scharfenberger Enge und brachte ihn zum Sinken. Mit Mühe und Not konnten die 15 Fahrgäste gerettet werden.</span></p>
<p style="text-align: justify;"><span style="font-family: arial, helvetica, sans-serif; font-size: 12pt;"><strong>Am 17. August 1903 sank der &#8222;Schwan&#8220; in der Nähe von Tegelort. Die Fahrgäste wurden vom &#8222;Ländler&#8220; gerettet. Das Schiff mußte nach einigen Wochen mit Hilfe eines Tauchers gehoben werden.</strong>&#8222;</span></p>
</blockquote>
<p style="text-align: justify;"><span style="font-family: arial, helvetica, sans-serif; font-size: 12pt;">Auch um den Zugang zu den vor dem <a href="https://www.ardmediathek.de/video/rbb-retro-berliner-abendschau/tegeler-ausflugslokale-sprengung-und-neubau/rbb-fernsehen/Y3JpZDovL3JiYi1vbmxpbmUuZGUvYmVybGluZXItYWJlbmRzY2hhdS8xOTY1LTAzLTAyVDE5OjMwOjAwXzFmMTNjZWE2LWRiNmItNDRjMS1hYjM1LWIzZjRlYTk5NjlhZC9yZXRyb18xOTY1MDMwMl9hdXNmbHVnc2xva2Fs" target="_blank" rel="noopener">&#8222;Strandschloß&#8220;</a> von der Gemeinde Tegel errichteten Landungsbrücke gab es Streit, so daß Holtz schließlich aufgab und seinen Betrieb 1907 an die Spandauer Dampfschiffahrts.Gesellschaft verkaufte.</span></p>
</td>
</tr>
</tbody>
</table>
<p>&nbsp;</p>
<table style="border-collapse: collapse; width: 100%;">
<tbody>
<tr>
<td style="width: 100%; background-color: #d3d3d3;">
<p style="text-align: justify;"><span style="font-family: arial, helvetica, sans-serif; font-size: 12pt;"><a href="/Users/Barbara/Desktop/Berliner%20Dampfer%20Webseite/html/links_-_literatur.html" target="_blank" rel="noopener">Trost</a> 1988, Seiten 14/15:</span></p>
<p style="text-align: justify;"><span style="font-family: arial, helvetica, sans-serif; font-size: 12pt;">Das Jahr 1907 war von besonderer Bedeutung. da übernahm die SHDG “Stern” alle 15 Dampfer und 2 Motorschiffe der Spandauer Dampfschiffahrts-Gesellschaft Oberhavel und Teglersee. Es waren zwar viele ältere Schiffe darunter, die sogleich weiter verkauft wurden, aber auch Dampfer, die gerade von der Werft abgeliefert wurden.</span></p>
<p style="text-align: justify;"><span style="font-family: arial, helvetica, sans-serif; font-size: 12pt;">Zu den älteren Dampfern gehörten</span></p>
<ul style="text-align: justify;">
<li><span style="font-family: arial, helvetica, sans-serif; font-size: 12pt;"><strong>SCHWAN</strong>,</span></li>
<li><span style="font-family: arial, helvetica, sans-serif; font-size: 12pt;"><a href="https://berliner-dampfer.de/?page_id=3015" target="_blank" rel="noopener">FLORA</a>,</span></li>
<li><span style="font-family: arial, helvetica, sans-serif; font-size: 12pt;">NEPTUN,</span></li>
<li><span style="font-family: arial, helvetica, sans-serif; font-size: 12pt;"><a href="https://berliner-dampfer.de/?page_id=3045" target="_blank" rel="noopener">FRANZISKA</a> und</span></li>
<li><span style="font-family: arial, helvetica, sans-serif; font-size: 12pt;">SOPHIE-CHARLOTTE,</span></li>
</ul>
<p style="text-align: justify;"><span style="font-family: arial, helvetica, sans-serif; font-size: 12pt;">jüngeren Datums waren</span></p>
<ul style="text-align: justify;">
<li><span style="font-family: arial, helvetica, sans-serif; font-size: 12pt;">GEIER,</span></li>
<li><span style="font-family: arial, helvetica, sans-serif; font-size: 12pt;">HABICHT,</span></li>
<li><span style="font-family: arial, helvetica, sans-serif; font-size: 12pt;">v. BISMARCK,</span></li>
<li><span style="font-family: arial, helvetica, sans-serif; font-size: 12pt;">v. HUMBOLDT</span></li>
<li><span style="font-family: arial, helvetica, sans-serif; font-size: 12pt;">und NEPTUN 2.</span></li>
</ul>
<p style="text-align: justify;"><span style="font-family: arial, helvetica, sans-serif; font-size: 12pt;">Soeben in Dienst gestellt worden waren <a href="https://berliner-dampfer.de/?page_id=2945" target="_blank" rel="noopener">FALKE</a> und SPERBER&#8230;&#8230;”</span></p>
</td>
</tr>
</tbody>
</table>
<p>&nbsp;</p>
<p>&nbsp;</p>
<p><img loading="lazy" decoding="async" class="alignnone wp-image-6625 size-full" src="https://berliner-dampfer.de/wp-content/uploads/2024/10/1903-Berliner-Leben-Bergung-Dampfer-SCHWAN-klein.jpg" alt="" width="1200" height="644" srcset="https://berliner-dampfer.de/wp-content/uploads/2024/10/1903-Berliner-Leben-Bergung-Dampfer-SCHWAN-klein.jpg 1200w, https://berliner-dampfer.de/wp-content/uploads/2024/10/1903-Berliner-Leben-Bergung-Dampfer-SCHWAN-klein-300x161.jpg 300w, https://berliner-dampfer.de/wp-content/uploads/2024/10/1903-Berliner-Leben-Bergung-Dampfer-SCHWAN-klein-1024x550.jpg 1024w, https://berliner-dampfer.de/wp-content/uploads/2024/10/1903-Berliner-Leben-Bergung-Dampfer-SCHWAN-klein-768x412.jpg 768w" sizes="auto, (max-width: 1200px) 100vw, 1200px" /></p>
<p>&nbsp;</p>
<p>&nbsp;</p>
<p>&nbsp;</p>
<p><span style="text-decoration: underline;"><span style="font-family: arial, helvetica, sans-serif; font-size: 12pt;">Zuletzt bearbeitet 24.10.2024</span></span></p>
