{"id":6755,"date":"2024-10-25T18:40:41","date_gmt":"2024-10-25T16:40:41","guid":{"rendered":"https:\/\/berliner-dampfer.de\/?page_id=6755"},"modified":"2025-03-01T10:16:28","modified_gmt":"2025-03-01T09:16:28","slug":"nordstern-1902","status":"publish","type":"page","link":"https:\/\/berliner-dampfer.de\/?page_id=6755","title":{"rendered":"Nordstern (1902)"},"content":{"rendered":"<table style=\"border-collapse: collapse; width: 100%;\">\n<tbody>\n<tr>\n<td style=\"width: 100%; background-color: #ffff00;\"><span style=\"font-family: arial, helvetica, sans-serif; font-size: 12pt;\"><span style=\"font-size: 10pt;\">1902<\/span> <b>Nordstern<\/b> } <span style=\"font-size: 10pt;\">19xx<\/span> <b>Nordstern II<\/b> } <span style=\"font-size: 10pt;\">1935<\/span> <b>Nordstern<\/b><\/span><\/p>\n<p><span style=\"font-family: arial, helvetica, sans-serif; font-size: 12pt;\">Binnenschifferforum: <a href=\"https:\/\/www.binnenschifferforum.de\/showthread.php?30019-Nordstern-DS-05609410\" target=\"_blank\" rel=\"noopener\">Nordstern (DS)<\/a><\/span><br \/>\n<span style=\"font-family: arial, helvetica, sans-serif; font-size: 12pt;\">Binnenschifferforum: <a href=\"https:\/\/www.binnenschifferforum.de\/showthread.php?85248-Nordstern-FGS-05609410\" target=\"_blank\" rel=\"noopener\">Nordstern (FGS)<\/a><\/span><\/p>\n<p><span style=\"font-family: arial, helvetica, sans-serif; font-size: 12pt;\">Wikipedia: <a href=\"https:\/\/de.wikipedia.org\/wiki\/Nordstern_(Schiff,_1902)\" target=\"_blank\" rel=\"noopener\">Nordstern (Schiff, 1902)<\/a><\/span><\/p>\n<p><span style=\"font-family: arial, helvetica, sans-serif; font-size: 12pt;\"><a href=\"https:\/\/www.ddr-binnenschifffahrt.de\/db_verlauf.php?schiffId=3201074\" target=\"_blank\" rel=\"noopener\">Schiffshistorie<\/a> in der Datenbank von Uwe Giesler \/ www.ddr-binnenschifffahrt.de.<\/span><\/td>\n<\/tr>\n<\/tbody>\n<\/table>\n<p>&nbsp;<\/p>\n<table style=\"border-collapse: collapse; width: 100%;\">\n<tbody>\n<tr>\n<td style=\"width: 100%; background-color: #ffd700;\">\n<p style=\"text-align: justify;\"><span style=\"font-family: arial, helvetica, sans-serif; font-size: 12pt;\"><a href=\"https:\/\/berliner-dampfer.de\/?page_id=194\" target=\"_blank\" rel=\"noopener\">Groggert 1988<\/a>, Seite 128:<\/span><br \/>\n<span style=\"font-family: arial, helvetica, sans-serif; font-size: 12pt;\">Die \u00dcbung, Dampfer privater Eigner anzumieten, behielt die SpHDG Stern bei. Zu den Schiffen, die wiederholt oder f\u00fcr einen l\u00e4ngeren Zeitraum in Charter fuhren, geh\u00f6rten die Dampfer <strong>\u201cNordstern\u201d<\/strong>, den die Werft <a href=\"https:\/\/de.wikipedia.org\/wiki\/Gebr._Wiemann\" target=\"_blank\" rel=\"noopener\">Gebr. Wiemann<\/a> in Brandenburg 1902 als ihren ersten Personendampfer f\u00fcr die Firma Golsch &amp; Kahle gebaut hatte (L\u00e4nge 26 m, Breite 4,8 m)&#8230; (Foto Seite 131).<\/span><\/p>\n<p style=\"text-align: justify;\"><span style=\"font-family: arial, helvetica, sans-serif; font-size: 12pt;\">Seite 196:<\/span><br \/>\n<span style=\"font-family: arial, helvetica, sans-serif; font-size: 12pt;\">Au\u00dfer dem Dampfer <a href=\"https:\/\/berliner-dampfer.de\/?page_id=6726\" target=\"_blank\" rel=\"noopener\">\u201cNordstern\u201d (ex \u201cKaiserin Augusta\u201d)<\/a> der Spree-Havel-Dampfschiffahrts-Gesellschaft Stern befand sich vor\u00fcbergehend noch ein zweiter Dampfer <strong>\u201cNordstern\u201d<\/strong> im gemeinsamen Schiffspark der Stern und Kreisschiffahrt. Dieser gecharterte <strong>\u201cNordstern\u201d<\/strong> war 1902 von Gebr. Wiemann in Brandenburg f\u00fcr die Firma Golsch &amp; Kahle gebaut worden und ist heute in der N\u00e4he von Brandenburg einer der letzten \u201cechten\u201d Dampfer auf der Unterhavel.<\/span><\/p>\n<p style=\"text-align: justify;\"><span style=\"font-family: arial, helvetica, sans-serif; font-size: 12pt;\">Seite 224:<\/span><br \/>\n<span style=\"font-family: arial, helvetica, sans-serif; font-size: 12pt;\">Der 1902 von Gebr. Wiemann gebaute, 26 m lange, 4,80 m breite Dampfer <strong>\u201cNordstern\u201d<\/strong>, der als <strong>\u201cNordstern II\u201d<\/strong> (264 Pers.) neben der fr\u00fcheren <a href=\"https:\/\/berliner-dampfer.de\/?page_id=6726\" target=\"_blank\" rel=\"noopener\">\u201cKaiserin Augusta\u201d (= \u201cNordstern\u201d)<\/a> ebenfalls 1931 in Charter der Stern und Kreisschiffahrt fuhr, ist heute noch vorhanden und wird bei Brandenburg a. H. betriebsf\u00e4hig gehalten.<\/span><\/p>\n<\/td>\n<\/tr>\n<\/tbody>\n<\/table>\n<p>&nbsp;<\/p>\n<p style=\"text-align: center;\">_______________<\/p>\n<table style=\"border-collapse: collapse; width: 100%;\">\n<tbody>\n<tr>\n<td style=\"width: 100%; background-color: #c0c0ff;\"><span style=\"font-family: arial, helvetica, sans-serif; font-size: 12pt;\">Der <strong>Schiffseigner<\/strong> Lothar Bischoff (vermutlich) <strong>1991<\/strong> \u00fcber die Nordstern in einem Faltprospekt mit anh\u00e4ngener Werbepostkarte.<\/span><\/p>\n<p><span style=\"font-family: arial, helvetica, sans-serif; font-size: 12pt;\">Man beachte, dass er sein Schiff <strong>&#8222;Der Nordstern&#8220;<\/strong> nannte:<\/span><\/td>\n<\/tr>\n<\/tbody>\n<\/table>\n<table style=\"border-collapse: collapse; width: 100%;\">\n<tbody>\n<tr>\n<td style=\"width: 50%; background-color: #c0c0ff;\"><a href=\"https:\/\/berliner-dampfer.de\/wp-content\/uploads\/2025\/03\/1991-DER-NORDSTERN-Prospekt-01-klein.jpg\" target=\"_blank\" rel=\"noopener\"><img loading=\"lazy\" decoding=\"async\" class=\"alignnone wp-image-13340 size-full\" src=\"https:\/\/berliner-dampfer.de\/wp-content\/uploads\/2025\/03\/1991-DER-NORDSTERN-Prospekt-01-klein.jpg\" alt=\"\" width=\"1200\" height=\"842\" srcset=\"https:\/\/berliner-dampfer.de\/wp-content\/uploads\/2025\/03\/1991-DER-NORDSTERN-Prospekt-01-klein.jpg 1200w, https:\/\/berliner-dampfer.de\/wp-content\/uploads\/2025\/03\/1991-DER-NORDSTERN-Prospekt-01-klein-300x211.jpg 300w, https:\/\/berliner-dampfer.de\/wp-content\/uploads\/2025\/03\/1991-DER-NORDSTERN-Prospekt-01-klein-1024x719.jpg 1024w, https:\/\/berliner-dampfer.de\/wp-content\/uploads\/2025\/03\/1991-DER-NORDSTERN-Prospekt-01-klein-768x539.jpg 768w\" sizes=\"auto, (max-width: 1200px) 100vw, 1200px\" \/><\/a><\/td>\n<td style=\"width: 50%; background-color: #c0c0ff;\"><a href=\"https:\/\/berliner-dampfer.de\/wp-content\/uploads\/2025\/03\/1991-DER-NORDSTERN-Prospekt-02-klein.jpg\" target=\"_blank\" rel=\"noopener\"><img loading=\"lazy\" decoding=\"async\" class=\"alignnone wp-image-13341 size-full\" src=\"https:\/\/berliner-dampfer.de\/wp-content\/uploads\/2025\/03\/1991-DER-NORDSTERN-Prospekt-02-klein.jpg\" alt=\"\" width=\"1200\" height=\"851\" srcset=\"https:\/\/berliner-dampfer.de\/wp-content\/uploads\/2025\/03\/1991-DER-NORDSTERN-Prospekt-02-klein.jpg 1200w, https:\/\/berliner-dampfer.de\/wp-content\/uploads\/2025\/03\/1991-DER-NORDSTERN-Prospekt-02-klein-300x213.jpg 300w, https:\/\/berliner-dampfer.de\/wp-content\/uploads\/2025\/03\/1991-DER-NORDSTERN-Prospekt-02-klein-1024x726.jpg 1024w, https:\/\/berliner-dampfer.de\/wp-content\/uploads\/2025\/03\/1991-DER-NORDSTERN-Prospekt-02-klein-768x545.jpg 768w\" sizes=\"auto, (max-width: 1200px) 100vw, 1200px\" \/><\/a><\/td>\n<\/tr>\n<\/tbody>\n<\/table>\n<table style=\"border-collapse: collapse; width: 100%;\">\n<tbody>\n<tr>\n<td style=\"width: 20%; background-color: #c0c0ff;\"><a href=\"https:\/\/berliner-dampfer.de\/wp-content\/uploads\/2025\/03\/1991-DER-NORDSTERN-Prospekt-03-klein.jpg\" target=\"_blank\" rel=\"noopener\"><img loading=\"lazy\" decoding=\"async\" class=\"alignnone wp-image-13342 size-full\" src=\"https:\/\/berliner-dampfer.de\/wp-content\/uploads\/2025\/03\/1991-DER-NORDSTERN-Prospekt-03-klein.jpg\" alt=\"\" width=\"1200\" height=\"1689\" srcset=\"https:\/\/berliner-dampfer.de\/wp-content\/uploads\/2025\/03\/1991-DER-NORDSTERN-Prospekt-03-klein.jpg 1200w, https:\/\/berliner-dampfer.de\/wp-content\/uploads\/2025\/03\/1991-DER-NORDSTERN-Prospekt-03-klein-213x300.jpg 213w, https:\/\/berliner-dampfer.de\/wp-content\/uploads\/2025\/03\/1991-DER-NORDSTERN-Prospekt-03-klein-728x1024.jpg 728w, https:\/\/berliner-dampfer.de\/wp-content\/uploads\/2025\/03\/1991-DER-NORDSTERN-Prospekt-03-klein-768x1081.jpg 768w, https:\/\/berliner-dampfer.de\/wp-content\/uploads\/2025\/03\/1991-DER-NORDSTERN-Prospekt-03-klein-1091x1536.jpg 1091w\" sizes=\"auto, (max-width: 1200px) 100vw, 1200px\" \/><\/a><\/td>\n<td style=\"width: 20%; background-color: #c0c0ff;\"><a href=\"https:\/\/berliner-dampfer.de\/wp-content\/uploads\/2025\/03\/1991-DER-NORDSTERN-Prospekt-04-klein.jpg\" target=\"_blank\" rel=\"noopener\"><img loading=\"lazy\" decoding=\"async\" class=\"alignnone wp-image-13343 size-full\" src=\"https:\/\/berliner-dampfer.de\/wp-content\/uploads\/2025\/03\/1991-DER-NORDSTERN-Prospekt-04-klein.jpg\" alt=\"\" width=\"1200\" height=\"1689\" srcset=\"https:\/\/berliner-dampfer.de\/wp-content\/uploads\/2025\/03\/1991-DER-NORDSTERN-Prospekt-04-klein.jpg 1200w, https:\/\/berliner-dampfer.de\/wp-content\/uploads\/2025\/03\/1991-DER-NORDSTERN-Prospekt-04-klein-213x300.jpg 213w, https:\/\/berliner-dampfer.de\/wp-content\/uploads\/2025\/03\/1991-DER-NORDSTERN-Prospekt-04-klein-728x1024.jpg 728w, https:\/\/berliner-dampfer.de\/wp-content\/uploads\/2025\/03\/1991-DER-NORDSTERN-Prospekt-04-klein-768x1081.jpg 768w, https:\/\/berliner-dampfer.de\/wp-content\/uploads\/2025\/03\/1991-DER-NORDSTERN-Prospekt-04-klein-1091x1536.jpg 1091w\" sizes=\"auto, (max-width: 1200px) 100vw, 1200px\" \/><\/a><\/td>\n<td style=\"width: 20%; background-color: #c0c0ff;\"><a href=\"https:\/\/berliner-dampfer.de\/wp-content\/uploads\/2025\/03\/1991-DER-NORDSTERN-Prospekt-05-klein.jpg\" target=\"_blank\" rel=\"noopener\"><img loading=\"lazy\" decoding=\"async\" class=\"alignnone wp-image-13346 size-full\" src=\"https:\/\/berliner-dampfer.de\/wp-content\/uploads\/2025\/03\/1991-DER-NORDSTERN-Prospekt-05-klein.jpg\" alt=\"\" width=\"1200\" height=\"1675\" srcset=\"https:\/\/berliner-dampfer.de\/wp-content\/uploads\/2025\/03\/1991-DER-NORDSTERN-Prospekt-05-klein.jpg 1200w, https:\/\/berliner-dampfer.de\/wp-content\/uploads\/2025\/03\/1991-DER-NORDSTERN-Prospekt-05-klein-215x300.jpg 215w, https:\/\/berliner-dampfer.de\/wp-content\/uploads\/2025\/03\/1991-DER-NORDSTERN-Prospekt-05-klein-734x1024.jpg 734w, https:\/\/berliner-dampfer.de\/wp-content\/uploads\/2025\/03\/1991-DER-NORDSTERN-Prospekt-05-klein-768x1072.jpg 768w, https:\/\/berliner-dampfer.de\/wp-content\/uploads\/2025\/03\/1991-DER-NORDSTERN-Prospekt-05-klein-1100x1536.jpg 1100w\" sizes=\"auto, (max-width: 1200px) 100vw, 1200px\" \/><\/a><\/td>\n<td style=\"width: 20%; background-color: #c0c0ff;\"><a href=\"https:\/\/berliner-dampfer.de\/wp-content\/uploads\/2025\/03\/1991-DER-NORDSTERN-Prospekt-06-klein.jpg\" target=\"_blank\" rel=\"noopener\"><img loading=\"lazy\" decoding=\"async\" class=\"alignnone wp-image-13347 size-full\" src=\"https:\/\/berliner-dampfer.de\/wp-content\/uploads\/2025\/03\/1991-DER-NORDSTERN-Prospekt-06-klein.jpg\" alt=\"\" width=\"1200\" height=\"1705\" srcset=\"https:\/\/berliner-dampfer.de\/wp-content\/uploads\/2025\/03\/1991-DER-NORDSTERN-Prospekt-06-klein.jpg 1200w, https:\/\/berliner-dampfer.de\/wp-content\/uploads\/2025\/03\/1991-DER-NORDSTERN-Prospekt-06-klein-211x300.jpg 211w, https:\/\/berliner-dampfer.de\/wp-content\/uploads\/2025\/03\/1991-DER-NORDSTERN-Prospekt-06-klein-721x1024.jpg 721w, https:\/\/berliner-dampfer.de\/wp-content\/uploads\/2025\/03\/1991-DER-NORDSTERN-Prospekt-06-klein-768x1091.jpg 768w, https:\/\/berliner-dampfer.de\/wp-content\/uploads\/2025\/03\/1991-DER-NORDSTERN-Prospekt-06-klein-1081x1536.jpg 1081w\" sizes=\"auto, (max-width: 1200px) 100vw, 1200px\" \/><\/a><\/td>\n<td style=\"width: 20%; background-color: #c0c0ff;\"><a href=\"https:\/\/berliner-dampfer.de\/wp-content\/uploads\/2025\/03\/1991-DER-NORDSTERN-Prospekt-07-klein.jpg\" target=\"_blank\" rel=\"noopener\"><img loading=\"lazy\" decoding=\"async\" class=\"alignnone wp-image-13348 size-full\" src=\"https:\/\/berliner-dampfer.de\/wp-content\/uploads\/2025\/03\/1991-DER-NORDSTERN-Prospekt-07-klein.jpg\" alt=\"\" width=\"1200\" height=\"1705\" srcset=\"https:\/\/berliner-dampfer.de\/wp-content\/uploads\/2025\/03\/1991-DER-NORDSTERN-Prospekt-07-klein.jpg 1200w, https:\/\/berliner-dampfer.de\/wp-content\/uploads\/2025\/03\/1991-DER-NORDSTERN-Prospekt-07-klein-211x300.jpg 211w, https:\/\/berliner-dampfer.de\/wp-content\/uploads\/2025\/03\/1991-DER-NORDSTERN-Prospekt-07-klein-721x1024.jpg 721w, https:\/\/berliner-dampfer.de\/wp-content\/uploads\/2025\/03\/1991-DER-NORDSTERN-Prospekt-07-klein-768x1091.jpg 768w, https:\/\/berliner-dampfer.de\/wp-content\/uploads\/2025\/03\/1991-DER-NORDSTERN-Prospekt-07-klein-1081x1536.jpg 1081w\" sizes=\"auto, (max-width: 1200px) 100vw, 1200px\" \/><\/a><\/td>\n<\/tr>\n<\/tbody>\n<\/table>\n<p style=\"text-align: center;\">_______________<\/p>\n<p>&nbsp;<\/p>\n<p>&nbsp;<\/p>\n<p>&nbsp;<\/p>\n<p><img loading=\"lazy\" decoding=\"async\" class=\"alignnone size-full wp-image-6762\" src=\"https:\/\/berliner-dampfer.de\/wp-content\/uploads\/2024\/10\/19xx-Nordstern-Groggert-1988-Seite-131.jpg\" alt=\"\" width=\"1200\" height=\"671\" srcset=\"https:\/\/berliner-dampfer.de\/wp-content\/uploads\/2024\/10\/19xx-Nordstern-Groggert-1988-Seite-131.jpg 1200w, https:\/\/berliner-dampfer.de\/wp-content\/uploads\/2024\/10\/19xx-Nordstern-Groggert-1988-Seite-131-300x168.jpg 300w, https:\/\/berliner-dampfer.de\/wp-content\/uploads\/2024\/10\/19xx-Nordstern-Groggert-1988-Seite-131-1024x573.jpg 1024w, https:\/\/berliner-dampfer.de\/wp-content\/uploads\/2024\/10\/19xx-Nordstern-Groggert-1988-Seite-131-768x429.jpg 768w\" sizes=\"auto, (max-width: 1200px) 100vw, 1200px\" \/><\/p>\n<p>&nbsp;<\/p>\n<p>&nbsp;<\/p>\n<p>&nbsp;<\/p>\n<table style=\"border-collapse: collapse; width: 100%;\">\n<tbody>\n<tr>\n<td style=\"width: 100%; background-color: #ffff00;\"><span style=\"font-family: arial, helvetica, sans-serif; font-size: 12pt;\">10.07.<strong>1985<\/strong> in <a href=\"https:\/\/de.wikipedia.org\/wiki\/Brandenburg_an_der_Havel\" target=\"_blank\" rel=\"noopener\">Brandenburg a.d.Havel<\/a>, <a href=\"https:\/\/de.wikipedia.org\/wiki\/St._Johannis_(Brandenburg_an_der_Havel)\" target=\"_blank\" rel=\"noopener\">St. Johannis<\/a>.<\/span><br \/>\n<span style=\"font-family: arial, helvetica, sans-serif; font-size: 12pt;\">Links: <a href=\"https:\/\/berliner-dampfer.de\/?page_id=797\" target=\"_blank\" rel=\"noopener\">&#8222;Ghost&#8220;<\/a><\/span><br \/>\n<span style=\"font-family: arial, helvetica, sans-serif; font-size: 12pt;\">Rechts: &#8222;Volldampf&#8220;<br \/>\n<a href=\"https:\/\/berliner-dampfer.de\/wp-content\/uploads\/2025\/02\/1982-07-10-GHOST-und-VOLLDAMPF-NORDSTERN-klein-a-Name-VOLLDAMPF.jpg\" target=\"_blank\" rel=\"noopener\"><img loading=\"lazy\" decoding=\"async\" class=\"alignnone wp-image-12893\" src=\"https:\/\/berliner-dampfer.de\/wp-content\/uploads\/2025\/02\/1982-07-10-GHOST-und-VOLLDAMPF-NORDSTERN-klein-a-Name-VOLLDAMPF.jpg\" alt=\"\" width=\"150\" height=\"33\" srcset=\"https:\/\/berliner-dampfer.de\/wp-content\/uploads\/2025\/02\/1982-07-10-GHOST-und-VOLLDAMPF-NORDSTERN-klein-a-Name-VOLLDAMPF.jpg 556w, https:\/\/berliner-dampfer.de\/wp-content\/uploads\/2025\/02\/1982-07-10-GHOST-und-VOLLDAMPF-NORDSTERN-klein-a-Name-VOLLDAMPF-300x65.jpg 300w\" sizes=\"auto, (max-width: 150px) 100vw, 150px\" \/><\/a><\/span><br \/>\n<span style=\"font-family: arial, helvetica, sans-serif; font-size: 12pt;\">Hintergrund: <strong>&#8222;Nordstern&#8220;<\/strong><\/span>&nbsp;&nbsp;<br \/>\n<a href=\"https:\/\/berliner-dampfer.de\/wp-content\/uploads\/2025\/02\/1982-07-10-GHOST-und-VOLLDAMPF-NORDSTERN-klein-a-11.jpg\" target=\"_blank\" rel=\"noopener\"><img loading=\"lazy\" decoding=\"async\" class=\"alignnone wp-image-12896\" src=\"https:\/\/berliner-dampfer.de\/wp-content\/uploads\/2025\/02\/1982-07-10-GHOST-und-VOLLDAMPF-NORDSTERN-klein-a-11.jpg\" alt=\"\" width=\"150\" height=\"44\" srcset=\"https:\/\/berliner-dampfer.de\/wp-content\/uploads\/2025\/02\/1982-07-10-GHOST-und-VOLLDAMPF-NORDSTERN-klein-a-11.jpg 305w, https:\/\/berliner-dampfer.de\/wp-content\/uploads\/2025\/02\/1982-07-10-GHOST-und-VOLLDAMPF-NORDSTERN-klein-a-11-300x89.jpg 300w\" sizes=\"auto, (max-width: 150px) 100vw, 150px\" \/><\/a><br \/>\n<img loading=\"lazy\" decoding=\"async\" class=\"alignnone size-full wp-image-12888\" src=\"https:\/\/berliner-dampfer.de\/wp-content\/uploads\/2025\/02\/1982-07-10-GHOST-und-VOLLDAMPF-NORDSTERN-klein.jpg\" alt=\"\" width=\"1200\" height=\"842\" srcset=\"https:\/\/berliner-dampfer.de\/wp-content\/uploads\/2025\/02\/1982-07-10-GHOST-und-VOLLDAMPF-NORDSTERN-klein.jpg 1200w, https:\/\/berliner-dampfer.de\/wp-content\/uploads\/2025\/02\/1982-07-10-GHOST-und-VOLLDAMPF-NORDSTERN-klein-300x211.jpg 300w, https:\/\/berliner-dampfer.de\/wp-content\/uploads\/2025\/02\/1982-07-10-GHOST-und-VOLLDAMPF-NORDSTERN-klein-1024x719.jpg 1024w, https:\/\/berliner-dampfer.de\/wp-content\/uploads\/2025\/02\/1982-07-10-GHOST-und-VOLLDAMPF-NORDSTERN-klein-768x539.jpg 768w\" sizes=\"auto, (max-width: 1200px) 100vw, 1200px\" \/><\/td>\n<\/tr>\n<\/tbody>\n<\/table>\n<p>&nbsp;<\/p>\n<p>&nbsp;<\/p>\n<p>&nbsp;<\/p>\n<table style=\"border-collapse: collapse; width: 100%;\">\n<tbody>\n<tr>\n<td style=\"width: 100%; background-color: #ffff00;\"><span style=\"font-family: arial, helvetica, sans-serif; font-size: 12pt;\">Juni <strong>1982<\/strong>, die <strong>&#8222;Nordstern&#8220;<\/strong> in <a href=\"https:\/\/de.wikipedia.org\/wiki\/Havelberg\" target=\"_blank\" rel=\"noopener\">Havelberg<\/a>.<\/span><br \/>\n<a href=\"https:\/\/berliner-dampfer.de\/wp-content\/uploads\/2025\/02\/1985-06-00-NORDSTERN-klein-a-Kennung.jpg\" target=\"_blank\" rel=\"noopener\"><img loading=\"lazy\" decoding=\"async\" class=\"alignnone wp-image-12901\" src=\"https:\/\/berliner-dampfer.de\/wp-content\/uploads\/2025\/02\/1985-06-00-NORDSTERN-klein-a-Kennung.jpg\" alt=\"\" width=\"150\" height=\"44\" srcset=\"https:\/\/berliner-dampfer.de\/wp-content\/uploads\/2025\/02\/1985-06-00-NORDSTERN-klein-a-Kennung.jpg 358w, https:\/\/berliner-dampfer.de\/wp-content\/uploads\/2025\/02\/1985-06-00-NORDSTERN-klein-a-Kennung-300x89.jpg 300w\" sizes=\"auto, (max-width: 150px) 100vw, 150px\" \/><\/a><img loading=\"lazy\" decoding=\"async\" class=\"alignnone size-full wp-image-12911\" src=\"https:\/\/berliner-dampfer.de\/wp-content\/uploads\/2025\/02\/1985-06-00-NORDSTERN-klein-a.jpg\" alt=\"\" width=\"1200\" height=\"731\" srcset=\"https:\/\/berliner-dampfer.de\/wp-content\/uploads\/2025\/02\/1985-06-00-NORDSTERN-klein-a.jpg 1200w, https:\/\/berliner-dampfer.de\/wp-content\/uploads\/2025\/02\/1985-06-00-NORDSTERN-klein-a-300x183.jpg 300w, https:\/\/berliner-dampfer.de\/wp-content\/uploads\/2025\/02\/1985-06-00-NORDSTERN-klein-a-1024x624.jpg 1024w, https:\/\/berliner-dampfer.de\/wp-content\/uploads\/2025\/02\/1985-06-00-NORDSTERN-klein-a-768x468.jpg 768w\" sizes=\"auto, (max-width: 1200px) 100vw, 1200px\" \/><\/td>\n<\/tr>\n<\/tbody>\n<\/table>\n<p>&nbsp;<\/p>\n<p>&nbsp;<\/p>\n<p>&nbsp;<\/p>\n<table style=\"border-collapse: collapse; width: 100%;\">\n<tbody>\n<tr>\n<td style=\"width: 100%; background-color: #ffff00;\"><span style=\"font-family: arial, helvetica, sans-serif; font-size: 12pt;\">20.09.<strong>1987<\/strong>, <strong>&#8222;Nordstern&#8220;<\/strong> bei <a href=\"https:\/\/de.wikipedia.org\/wiki\/Werder_(Havel)\" target=\"_blank\" rel=\"noopener\">Werder<\/a>.<\/span><\/p>\n<p><img loading=\"lazy\" decoding=\"async\" class=\"alignnone size-full wp-image-12910\" src=\"https:\/\/berliner-dampfer.de\/wp-content\/uploads\/2025\/02\/1987-09-20-NORDSTERN-klein.jpg\" alt=\"\" width=\"1200\" height=\"996\" srcset=\"https:\/\/berliner-dampfer.de\/wp-content\/uploads\/2025\/02\/1987-09-20-NORDSTERN-klein.jpg 1200w, https:\/\/berliner-dampfer.de\/wp-content\/uploads\/2025\/02\/1987-09-20-NORDSTERN-klein-300x249.jpg 300w, https:\/\/berliner-dampfer.de\/wp-content\/uploads\/2025\/02\/1987-09-20-NORDSTERN-klein-1024x850.jpg 1024w, https:\/\/berliner-dampfer.de\/wp-content\/uploads\/2025\/02\/1987-09-20-NORDSTERN-klein-768x637.jpg 768w\" sizes=\"auto, (max-width: 1200px) 100vw, 1200px\" \/><\/td>\n<\/tr>\n<\/tbody>\n<\/table>\n<p>&nbsp;<\/p>\n<p>&nbsp;<\/p>\n<p>&nbsp;<\/p>\n<table style=\"border-collapse: collapse; width: 100%;\">\n<tbody>\n<tr>\n<td style=\"width: 100%; background-color: #ffff00;\"><span style=\"font-family: arial, helvetica, sans-serif; font-size: 12pt;\"><strong>&#8222;Nordstern&#8220;<\/strong> Juni <strong>1997<\/strong>.<\/span><\/p>\n<p><img loading=\"lazy\" decoding=\"async\" class=\"alignnone size-full wp-image-12913\" src=\"https:\/\/berliner-dampfer.de\/wp-content\/uploads\/2025\/02\/1997-06-00-NORDSTERN-klein-a.jpg\" alt=\"\" width=\"1200\" height=\"725\" srcset=\"https:\/\/berliner-dampfer.de\/wp-content\/uploads\/2025\/02\/1997-06-00-NORDSTERN-klein-a.jpg 1200w, https:\/\/berliner-dampfer.de\/wp-content\/uploads\/2025\/02\/1997-06-00-NORDSTERN-klein-a-300x181.jpg 300w, https:\/\/berliner-dampfer.de\/wp-content\/uploads\/2025\/02\/1997-06-00-NORDSTERN-klein-a-1024x619.jpg 1024w, https:\/\/berliner-dampfer.de\/wp-content\/uploads\/2025\/02\/1997-06-00-NORDSTERN-klein-a-768x464.jpg 768w\" sizes=\"auto, (max-width: 1200px) 100vw, 1200px\" \/><\/td>\n<\/tr>\n<\/tbody>\n<\/table>\n<p>&nbsp;<\/p>\n<p>&nbsp;<\/p>\n<p>&nbsp;<\/p>\n<table style=\"border-collapse: collapse; width: 100%;\">\n<tbody>\n<tr>\n<td style=\"width: 100%; background-color: #ffff00;\"><span style=\"font-family: arial, helvetica, sans-serif; font-size: 12pt;\">12.06.<strong>1998 &#8222;Nordstern&#8220;<\/strong><\/span><\/p>\n<p><img loading=\"lazy\" decoding=\"async\" class=\"alignnone size-full wp-image-12309\" src=\"https:\/\/berliner-dampfer.de\/wp-content\/uploads\/2025\/02\/1998-06-12-NORDSTERN-klein.jpg\" alt=\"\" width=\"1200\" height=\"722\" srcset=\"https:\/\/berliner-dampfer.de\/wp-content\/uploads\/2025\/02\/1998-06-12-NORDSTERN-klein.jpg 1200w, https:\/\/berliner-dampfer.de\/wp-content\/uploads\/2025\/02\/1998-06-12-NORDSTERN-klein-300x181.jpg 300w, https:\/\/berliner-dampfer.de\/wp-content\/uploads\/2025\/02\/1998-06-12-NORDSTERN-klein-1024x616.jpg 1024w, https:\/\/berliner-dampfer.de\/wp-content\/uploads\/2025\/02\/1998-06-12-NORDSTERN-klein-768x462.jpg 768w\" sizes=\"auto, (max-width: 1200px) 100vw, 1200px\" \/><\/td>\n<\/tr>\n<\/tbody>\n<\/table>\n<p>&nbsp;<\/p>\n<p>&nbsp;<\/p>\n<p>&nbsp;<\/p>\n<table style=\"border-collapse: collapse; width: 100%;\">\n<tbody>\n<tr>\n<td style=\"width: 100%; background-color: #ffff00;\"><span style=\"font-family: arial, helvetica, sans-serif; font-size: 12pt;\"><strong>&#8222;Nordstern&#8220;<\/strong> am 03.06.<strong>2005<\/strong> in Berlin.<\/span><\/p>\n<p><img loading=\"lazy\" decoding=\"async\" class=\"alignnone size-full wp-image-6763\" src=\"https:\/\/berliner-dampfer.de\/wp-content\/uploads\/2024\/10\/2005-03-06-Nordstern-1-Roskowetz-klein.jpg\" alt=\"\" width=\"1200\" height=\"675\" srcset=\"https:\/\/berliner-dampfer.de\/wp-content\/uploads\/2024\/10\/2005-03-06-Nordstern-1-Roskowetz-klein.jpg 1200w, https:\/\/berliner-dampfer.de\/wp-content\/uploads\/2024\/10\/2005-03-06-Nordstern-1-Roskowetz-klein-300x169.jpg 300w, https:\/\/berliner-dampfer.de\/wp-content\/uploads\/2024\/10\/2005-03-06-Nordstern-1-Roskowetz-klein-1024x576.jpg 1024w, https:\/\/berliner-dampfer.de\/wp-content\/uploads\/2024\/10\/2005-03-06-Nordstern-1-Roskowetz-klein-768x432.jpg 768w\" sizes=\"auto, (max-width: 1200px) 100vw, 1200px\" \/><\/p>\n<p><img loading=\"lazy\" decoding=\"async\" class=\"alignnone size-full wp-image-6764\" src=\"https:\/\/berliner-dampfer.de\/wp-content\/uploads\/2024\/10\/2005-06-03-Nordstern-Roskowetz-klein.jpg\" alt=\"\" width=\"1200\" height=\"675\" srcset=\"https:\/\/berliner-dampfer.de\/wp-content\/uploads\/2024\/10\/2005-06-03-Nordstern-Roskowetz-klein.jpg 1200w, https:\/\/berliner-dampfer.de\/wp-content\/uploads\/2024\/10\/2005-06-03-Nordstern-Roskowetz-klein-300x169.jpg 300w, https:\/\/berliner-dampfer.de\/wp-content\/uploads\/2024\/10\/2005-06-03-Nordstern-Roskowetz-klein-1024x576.jpg 1024w, https:\/\/berliner-dampfer.de\/wp-content\/uploads\/2024\/10\/2005-06-03-Nordstern-Roskowetz-klein-768x432.jpg 768w\" sizes=\"auto, (max-width: 1200px) 100vw, 1200px\" \/><\/td>\n<\/tr>\n<\/tbody>\n<\/table>\n<p>&nbsp;<\/p>\n<p>&nbsp;<\/p>\n<p>&nbsp;<\/p>\n<p><span style=\"text-decoration: underline;\"><span style=\"font-family: arial, helvetica, sans-serif; font-size: 12pt;\">Zuletzt bearbeitet 01.03.2025<\/span><\/span><\/p>\n","protected":false},"excerpt":{"rendered":"<p>1902 Nordstern } 19xx Nordstern II } 1935 Nordstern Binnenschifferforum: Nordstern (DS) Binnenschifferforum: Nordstern (FGS) Wikipedia: Nordstern (Schiff, 1902) Schiffshistorie in der Datenbank von Uwe&hellip;<\/p>\n","protected":false},"author":1,"featured_media":0,"parent":0,"menu_order":0,"comment_status":"closed","ping_status":"closed","template":"","meta":{"ngg_post_thumbnail":0,"iawp_total_views":41,"footnotes":""},"class_list":["post-6755","page","type-page","status-publish","hentry"],"_links":{"self":[{"href":"https:\/\/berliner-dampfer.de\/index.php?rest_route=\/wp\/v2\/pages\/6755","targetHints":{"allow":["GET"]}}],"collection":[{"href":"https:\/\/berliner-dampfer.de\/index.php?rest_route=\/wp\/v2\/pages"}],"about":[{"href":"https:\/\/berliner-dampfer.de\/index.php?rest_route=\/wp\/v2\/types\/page"}],"author":[{"embeddable":true,"href":"https:\/\/berliner-dampfer.de\/index.php?rest_route=\/wp\/v2\/users\/1"}],"replies":[{"embeddable":true,"href":"https:\/\/berliner-dampfer.de\/index.php?rest_route=%2Fwp%2Fv2%2Fcomments&post=6755"}],"version-history":[{"count":41,"href":"https:\/\/berliner-dampfer.de\/index.php?rest_route=\/wp\/v2\/pages\/6755\/revisions"}],"predecessor-version":[{"id":13352,"href":"https:\/\/berliner-dampfer.de\/index.php?rest_route=\/wp\/v2\/pages\/6755\/revisions\/13352"}],"wp:attachment":[{"href":"https:\/\/berliner-dampfer.de\/index.php?rest_route=%2Fwp%2Fv2%2Fmedia&parent=6755"}],"curies":[{"name":"wp","href":"https:\/\/api.w.org\/{rel}","templated":true}]}}