{"id":6798,"date":"2024-10-26T06:29:34","date_gmt":"2024-10-26T04:29:34","guid":{"rendered":"https:\/\/berliner-dampfer.de\/?page_id=6798"},"modified":"2024-12-07T22:20:27","modified_gmt":"2024-12-07T21:20:27","slug":"newa","status":"publish","type":"page","link":"https:\/\/berliner-dampfer.de\/?page_id=6798","title":{"rendered":"Newa"},"content":{"rendered":"<table style=\"border-collapse: collapse; width: 100%;\">\n<tbody>\n<tr>\n<td style=\"width: 100%; background-color: #ffff00;\"><span style=\"font-family: arial, helvetica, sans-serif; font-size: 12pt;\">1901 <strong>Europa<\/strong> } 1947 <strong>Neva<\/strong> } 1952 <strong>Newa<\/strong><\/span><\/p>\n<p><span style=\"font-family: arial, helvetica, sans-serif; font-size: 12pt;\"><a href=\"https:\/\/www.ddr-binnenschifffahrt.de\/db_verlauf.php?schiffId=1300738\" target=\"_blank\" rel=\"noopener\">Schiffshistorie<\/a> in der Datenbank von Uwe Giesler \/ www.ddr-binnenschifffahrt.de.<\/span><\/td>\n<\/tr>\n<\/tbody>\n<\/table>\n<p>&nbsp;<\/p>\n<table style=\"border-collapse: collapse; width: 100%;\">\n<tbody>\n<tr>\n<td style=\"width: 100%; background-color: #ffd700; text-align: justify;\"><span style=\"font-family: arial, helvetica, sans-serif; font-size: 12pt;\">Groggert 1988, Seite 138:<\/span><br \/>\n<span style=\"font-family: arial, helvetica, sans-serif; font-size: 12pt;\">Neben ihren eigenen Schiffen setzte die Reederei Nobiling, deren Firmenbezeichung 1910 &#8222;Reederei Nobiling (J. Hachez Nachf.) Passagier Schiffahrt&#8220; lautete, regelm\u00e4\u00dfig gecharterte Schiffe ein, darunter bis 1906 st\u00e4ndig den 1895 in Uebigau gebauten Dampfer &#8222;Stralau&#8220; der Reederei G. Zachow, sp\u00e4ter auch den 1901 von der <a href=\"https:\/\/de.wikipedia.org\/wiki\/Schichau-Werke\" target=\"_blank\" rel=\"noopener\">Schichau-Werft<\/a> in Elbing gebauten mehr als 300 Personen fassenden Dampfer <strong>&#8222;Europa<\/strong>&#8220; der Reederei Paul Gr\u00fcttke, Brandenburg,&#8230;. &nbsp;<\/span><\/p>\n<p style=\"text-align: justify;\"><span style=\"font-family: arial, helvetica, sans-serif; font-size: 12pt;\"> <a href=\"https:\/\/berliner-dampfer.de\/?page_id=194\" target=\"_blank\" rel=\"noopener\">Groggert 1988<\/a>, Seiten 148\/149:<\/span><br \/>\n<span style=\"font-family: arial, helvetica, sans-serif; font-size: 12pt;\">Einige Jahre nach der Reederei Stein nahm die Reederei Gr\u00fcttke, die ihren Betrieb von Spandau nach Brandenburg verlegte, einen Ausflugsverkahr mit den gro\u00dfen Dampfern <strong>\u201eEuropa\u201c<\/strong>, erbaut 1901 von <a href=\"https:\/\/de.wikipedia.org\/wiki\/Schichau-Werke\" target=\"_blank\" rel=\"noopener\">Schichau<\/a> in Elbing (L\u00e4nge 30 m, Breite 5,50 m) und <a href=\"https:\/\/berliner-dampfer.de\/?page_id=5772\" target=\"_blank\" rel=\"noopener\">\u201eOdin\u201c<\/a>, erbaut 1906 von <a href=\"https:\/\/de.wikipedia.org\/wiki\/J._W._Klawitter\" target=\"_blank\" rel=\"noopener\">J. W. Klawitter<\/a>, Danzig (L\u00e4nge 24,8 m, Breite 5,2 m) auf.<br \/>\n<\/span><\/p>\n<p style=\"text-align: justify;\"><span style=\"font-family: arial, helvetica, sans-serif; font-size: 12pt;\">Groggert 1988, Seiten 204\/207:<\/span><br \/>\n<span style=\"font-family: arial, helvetica, sans-serif; font-size: 12pt;\">1935 geh\u00f6rten dem \u201eReeder-Verband der Personenschiffahrt zwischen Elbe und Oder\u201c folgende in Berlin und seiner Umgebung ans\u00e4ssige Betriebe an:<\/span><br \/>\n<span style=\"font-family: arial, helvetica, sans-serif; font-size: 12pt;\">Gr\u00fcttke, Paul \u2013 Brandenburg (Havel), Johanniskirchplatz 3<\/span><br \/>\n<span style=\"font-family: arial, helvetica, sans-serif; font-size: 12pt;\">Tourenfahrten auf den Wasserstra\u00dfen im Gebiet des WBA. Brandenburg.<\/span><br \/>\n<span style=\"font-family: arial, helvetica, sans-serif; font-size: 12pt;\">D <a href=\"https:\/\/berliner-dampfer.de\/?page_id=5772\" target=\"_blank\" rel=\"noopener\">Odin<\/a> \u2013 324 Personen<\/span><br \/>\n<span style=\"font-family: arial, helvetica, sans-serif; font-size: 12pt;\">D <strong>Europa<\/strong> \u2013 324 Personen<\/span><br \/>\n<span style=\"font-family: arial, helvetica, sans-serif; font-size: 12pt;\">Der 24,8 m lange, 5,2 m breite Dampfer <a href=\"https:\/\/berliner-dampfer.de\/?page_id=5772\" target=\"_blank\" rel=\"noopener\">\u201eOdin\u201c<\/a> ist 1906 von der Schiffswerft <a href=\"https:\/\/de.wikipedia.org\/wiki\/J._W._Klawitter\" target=\"_blank\" rel=\"noopener\">J. W. Klawitter<\/a> in Danzig erbaut worden. Die 30 m lange, 5,50 m breite <strong>\u201eEuropa\u201c<\/strong> lief 1901 bei <a href=\"https:\/\/de.wikipedia.org\/wiki\/Schichau-Werke\" target=\"_blank\" rel=\"noopener\">Schichau<\/a> in Elbing vom Stapel. <strong>Einige Jahre lang fuhr das Schiff in Charter der Reederei Nobiling. 1939 ist die \u201eEuropa\u201c verkauft worden und diente seit dieser Zeit als Schlepper.<\/strong> \u201eOdin\u201c war w\u00e4hrend des Krieges und nach dem Kriege auch auf den Berliner Gew\u00e4ssern im Einsatz und ist 1956 aus dem Betrieb genommen worden.<\/span><\/p>\n<\/td>\n<\/tr>\n<\/tbody>\n<\/table>\n<p>&nbsp;<\/p>\n<table style=\"border-collapse: collapse; width: 100%;\">\n<tbody>\n<tr>\n<td style=\"width: 100%; background-color: #ffff00; text-align: justify;\"><span style=\"font-family: arial, helvetica, sans-serif; font-size: 12pt;\"><a href=\"https:\/\/berliner-dampfer.de\/wp-content\/uploads\/2024\/10\/1927-ca-Europa-und-vermtl.-Odin-Reederei-PG-Paul-Gruettke-klein-a-Europa-324-Personen.jpg\" target=\"_blank\" rel=\"noopener\"><img loading=\"lazy\" decoding=\"async\" class=\"alignright wp-image-6809\" src=\"https:\/\/berliner-dampfer.de\/wp-content\/uploads\/2024\/10\/1927-ca-Europa-und-vermtl.-Odin-Reederei-PG-Paul-Gruettke-klein-a-Europa-324-Personen.jpg\" alt=\"\" width=\"200\" height=\"128\" srcset=\"https:\/\/berliner-dampfer.de\/wp-content\/uploads\/2024\/10\/1927-ca-Europa-und-vermtl.-Odin-Reederei-PG-Paul-Gruettke-klein-a-Europa-324-Personen.jpg 640w, https:\/\/berliner-dampfer.de\/wp-content\/uploads\/2024\/10\/1927-ca-Europa-und-vermtl.-Odin-Reederei-PG-Paul-Gruettke-klein-a-Europa-324-Personen-300x192.jpg 300w\" sizes=\"auto, (max-width: 200px) 100vw, 200px\" \/><\/a>AK, Aufnahmejahr unbekannt, gesch\u00e4tzt 1927.<\/span><br \/>\n<span style=\"font-family: arial, helvetica, sans-serif; font-size: 12pt;\"><strong>Links vorne die &#8222;Europa&#8220;, &#8222;324 Personen Deck&#8220;.<\/strong><\/span><br \/>\n<span style=\"font-family: arial, helvetica, sans-serif; font-size: 12pt;\">Links hinten vermutlich die <a href=\"https:\/\/berliner-dampfer.de\/wp-admin\/post.php?post=5772&amp;action=edit\" target=\"_blank\" rel=\"noopener\">&#8222;Odin&#8220;<\/a>.<\/span><\/p>\n<p style=\"text-align: left;\"><span style=\"font-family: arial, helvetica, sans-serif; font-size: 12pt;\">Ort: <a href=\"https:\/\/de.wikipedia.org\/wiki\/Schleuse_Brandenburg\" target=\"_blank\" rel=\"noopener\">Vorstadtschleuse Brandenburg,<\/a><br \/>\nrechts das <a href=\"https:\/\/upload.wikimedia.org\/wikipedia\/commons\/6\/65\/Hebestelle_Vorstadtschleuse_Brandenburg.JPG\" target=\"_blank\" rel=\"noopener\">Geb\u00e4ude der ehemaligen Schiffahrt-Abgaben-Hebestelle<\/a> in Brandenburg an der Havel.<\/span><\/p>\n<p><img loading=\"lazy\" decoding=\"async\" class=\"alignnone size-full wp-image-6807\" src=\"https:\/\/berliner-dampfer.de\/wp-content\/uploads\/2024\/10\/1927-ca-Europa-und-vermtl.-Odin-Reederei-PG-Paul-Gruettke-klein.jpg\" alt=\"\" width=\"1200\" height=\"815\" srcset=\"https:\/\/berliner-dampfer.de\/wp-content\/uploads\/2024\/10\/1927-ca-Europa-und-vermtl.-Odin-Reederei-PG-Paul-Gruettke-klein.jpg 1200w, https:\/\/berliner-dampfer.de\/wp-content\/uploads\/2024\/10\/1927-ca-Europa-und-vermtl.-Odin-Reederei-PG-Paul-Gruettke-klein-300x204.jpg 300w, https:\/\/berliner-dampfer.de\/wp-content\/uploads\/2024\/10\/1927-ca-Europa-und-vermtl.-Odin-Reederei-PG-Paul-Gruettke-klein-1024x695.jpg 1024w, https:\/\/berliner-dampfer.de\/wp-content\/uploads\/2024\/10\/1927-ca-Europa-und-vermtl.-Odin-Reederei-PG-Paul-Gruettke-klein-768x522.jpg 768w\" sizes=\"auto, (max-width: 1200px) 100vw, 1200px\" \/><\/td>\n<\/tr>\n<\/tbody>\n<\/table>\n<p>&nbsp;<\/p>\n<p>&nbsp;<\/p>\n<p>&nbsp;<\/p>\n<p><span style=\"text-decoration: underline;\"><span style=\"font-family: arial, helvetica, sans-serif; font-size: 12pt;\">Zuletzt bearbeitet 26.10.2024<\/span><\/span><\/p>\n","protected":false},"excerpt":{"rendered":"<p>1901 Europa } 1947 Neva } 1952 Newa Schiffshistorie in der Datenbank von Uwe Giesler \/ www.ddr-binnenschifffahrt.de. &nbsp; Groggert 1988, Seite 138: Neben ihren eigenen&hellip;<\/p>\n","protected":false},"author":1,"featured_media":0,"parent":0,"menu_order":0,"comment_status":"closed","ping_status":"closed","template":"","meta":{"ngg_post_thumbnail":0,"iawp_total_views":11,"footnotes":""},"class_list":["post-6798","page","type-page","status-publish","hentry"],"_links":{"self":[{"href":"https:\/\/berliner-dampfer.de\/index.php?rest_route=\/wp\/v2\/pages\/6798","targetHints":{"allow":["GET"]}}],"collection":[{"href":"https:\/\/berliner-dampfer.de\/index.php?rest_route=\/wp\/v2\/pages"}],"about":[{"href":"https:\/\/berliner-dampfer.de\/index.php?rest_route=\/wp\/v2\/types\/page"}],"author":[{"embeddable":true,"href":"https:\/\/berliner-dampfer.de\/index.php?rest_route=\/wp\/v2\/users\/1"}],"replies":[{"embeddable":true,"href":"https:\/\/berliner-dampfer.de\/index.php?rest_route=%2Fwp%2Fv2%2Fcomments&post=6798"}],"version-history":[{"count":20,"href":"https:\/\/berliner-dampfer.de\/index.php?rest_route=\/wp\/v2\/pages\/6798\/revisions"}],"predecessor-version":[{"id":9174,"href":"https:\/\/berliner-dampfer.de\/index.php?rest_route=\/wp\/v2\/pages\/6798\/revisions\/9174"}],"wp:attachment":[{"href":"https:\/\/berliner-dampfer.de\/index.php?rest_route=%2Fwp%2Fv2%2Fmedia&parent=6798"}],"curies":[{"name":"wp","href":"https:\/\/api.w.org\/{rel}","templated":true}]}}

<table style="border-collapse: collapse; width: 100%;">
<tbody>
<tr>
<td style="width: 100%; background-color: #ffff00;"><span style="font-family: arial, helvetica, sans-serif; font-size: 12pt;">1901 <strong>Europa</strong> } 1947 <strong>Neva</strong> } 1952 <strong>Newa</strong></span></p>
<p><span style="font-family: arial, helvetica, sans-serif; font-size: 12pt;"><a href="https://www.ddr-binnenschifffahrt.de/db_verlauf.php?schiffId=1300738" target="_blank" rel="noopener">Schiffshistorie</a> in der Datenbank von Uwe Giesler / www.ddr-binnenschifffahrt.de.</span></td>
</tr>
</tbody>
</table>
<p>&nbsp;</p>
<table style="border-collapse: collapse; width: 100%;">
<tbody>
<tr>
<td style="width: 100%; background-color: #ffd700; text-align: justify;"><span style="font-family: arial, helvetica, sans-serif; font-size: 12pt;">Groggert 1988, Seite 138:</span><br />
<span style="font-family: arial, helvetica, sans-serif; font-size: 12pt;">Neben ihren eigenen Schiffen setzte die Reederei Nobiling, deren Firmenbezeichung 1910 &#8222;Reederei Nobiling (J. Hachez Nachf.) Passagier Schiffahrt&#8220; lautete, regelmäßig gecharterte Schiffe ein, darunter bis 1906 ständig den 1895 in Uebigau gebauten Dampfer &#8222;Stralau&#8220; der Reederei G. Zachow, später auch den 1901 von der <a href="https://de.wikipedia.org/wiki/Schichau-Werke" target="_blank" rel="noopener">Schichau-Werft</a> in Elbing gebauten mehr als 300 Personen fassenden Dampfer <strong>&#8222;Europa</strong>&#8220; der Reederei Paul Grüttke, Brandenburg,&#8230;. &nbsp;</span></p>
<p style="text-align: justify;"><span style="font-family: arial, helvetica, sans-serif; font-size: 12pt;"> <a href="https://berliner-dampfer.de/?page_id=194" target="_blank" rel="noopener">Groggert 1988</a>, Seiten 148/149:</span><br />
<span style="font-family: arial, helvetica, sans-serif; font-size: 12pt;">Einige Jahre nach der Reederei Stein nahm die Reederei Grüttke, die ihren Betrieb von Spandau nach Brandenburg verlegte, einen Ausflugsverkahr mit den großen Dampfern <strong>„Europa“</strong>, erbaut 1901 von <a href="https://de.wikipedia.org/wiki/Schichau-Werke" target="_blank" rel="noopener">Schichau</a> in Elbing (Länge 30 m, Breite 5,50 m) und <a href="https://berliner-dampfer.de/?page_id=5772" target="_blank" rel="noopener">„Odin“</a>, erbaut 1906 von <a href="https://de.wikipedia.org/wiki/J._W._Klawitter" target="_blank" rel="noopener">J. W. Klawitter</a>, Danzig (Länge 24,8 m, Breite 5,2 m) auf.<br />
</span></p>
<p style="text-align: justify;"><span style="font-family: arial, helvetica, sans-serif; font-size: 12pt;">Groggert 1988, Seiten 204/207:</span><br />
<span style="font-family: arial, helvetica, sans-serif; font-size: 12pt;">1935 gehörten dem „Reeder-Verband der Personenschiffahrt zwischen Elbe und Oder“ folgende in Berlin und seiner Umgebung ansässige Betriebe an:</span><br />
<span style="font-family: arial, helvetica, sans-serif; font-size: 12pt;">Grüttke, Paul – Brandenburg (Havel), Johanniskirchplatz 3</span><br />
<span style="font-family: arial, helvetica, sans-serif; font-size: 12pt;">Tourenfahrten auf den Wasserstraßen im Gebiet des WBA. Brandenburg.</span><br />
<span style="font-family: arial, helvetica, sans-serif; font-size: 12pt;">D <a href="https://berliner-dampfer.de/?page_id=5772" target="_blank" rel="noopener">Odin</a> – 324 Personen</span><br />
<span style="font-family: arial, helvetica, sans-serif; font-size: 12pt;">D <strong>Europa</strong> – 324 Personen</span><br />
<span style="font-family: arial, helvetica, sans-serif; font-size: 12pt;">Der 24,8 m lange, 5,2 m breite Dampfer <a href="https://berliner-dampfer.de/?page_id=5772" target="_blank" rel="noopener">„Odin“</a> ist 1906 von der Schiffswerft <a href="https://de.wikipedia.org/wiki/J._W._Klawitter" target="_blank" rel="noopener">J. W. Klawitter</a> in Danzig erbaut worden. Die 30 m lange, 5,50 m breite <strong>„Europa“</strong> lief 1901 bei <a href="https://de.wikipedia.org/wiki/Schichau-Werke" target="_blank" rel="noopener">Schichau</a> in Elbing vom Stapel. <strong>Einige Jahre lang fuhr das Schiff in Charter der Reederei Nobiling. 1939 ist die „Europa“ verkauft worden und diente seit dieser Zeit als Schlepper.</strong> „Odin“ war während des Krieges und nach dem Kriege auch auf den Berliner Gewässern im Einsatz und ist 1956 aus dem Betrieb genommen worden.</span></p>
</td>
</tr>
</tbody>
</table>
<p>&nbsp;</p>
<table style="border-collapse: collapse; width: 100%;">
<tbody>
<tr>
<td style="width: 100%; background-color: #ffff00; text-align: justify;"><span style="font-family: arial, helvetica, sans-serif; font-size: 12pt;"><a href="https://berliner-dampfer.de/wp-content/uploads/2024/10/1927-ca-Europa-und-vermtl.-Odin-Reederei-PG-Paul-Gruettke-klein-a-Europa-324-Personen.jpg" target="_blank" rel="noopener"><img loading="lazy" decoding="async" class="alignright wp-image-6809" src="https://berliner-dampfer.de/wp-content/uploads/2024/10/1927-ca-Europa-und-vermtl.-Odin-Reederei-PG-Paul-Gruettke-klein-a-Europa-324-Personen.jpg" alt="" width="200" height="128" srcset="https://berliner-dampfer.de/wp-content/uploads/2024/10/1927-ca-Europa-und-vermtl.-Odin-Reederei-PG-Paul-Gruettke-klein-a-Europa-324-Personen.jpg 640w, https://berliner-dampfer.de/wp-content/uploads/2024/10/1927-ca-Europa-und-vermtl.-Odin-Reederei-PG-Paul-Gruettke-klein-a-Europa-324-Personen-300x192.jpg 300w" sizes="auto, (max-width: 200px) 100vw, 200px" /></a>AK, Aufnahmejahr unbekannt, geschätzt 1927.</span><br />
<span style="font-family: arial, helvetica, sans-serif; font-size: 12pt;"><strong>Links vorne die &#8222;Europa&#8220;, &#8222;324 Personen Deck&#8220;.</strong></span><br />
<span style="font-family: arial, helvetica, sans-serif; font-size: 12pt;">Links hinten vermutlich die <a href="https://berliner-dampfer.de/wp-admin/post.php?post=5772&amp;action=edit" target="_blank" rel="noopener">&#8222;Odin&#8220;</a>.</span></p>
<p style="text-align: left;"><span style="font-family: arial, helvetica, sans-serif; font-size: 12pt;">Ort: <a href="https://de.wikipedia.org/wiki/Schleuse_Brandenburg" target="_blank" rel="noopener">Vorstadtschleuse Brandenburg,</a><br />
rechts das <a href="https://upload.wikimedia.org/wikipedia/commons/6/65/Hebestelle_Vorstadtschleuse_Brandenburg.JPG" target="_blank" rel="noopener">Gebäude der ehemaligen Schiffahrt-Abgaben-Hebestelle</a> in Brandenburg an der Havel.</span></p>
<p><img loading="lazy" decoding="async" class="alignnone size-full wp-image-6807" src="https://berliner-dampfer.de/wp-content/uploads/2024/10/1927-ca-Europa-und-vermtl.-Odin-Reederei-PG-Paul-Gruettke-klein.jpg" alt="" width="1200" height="815" srcset="https://berliner-dampfer.de/wp-content/uploads/2024/10/1927-ca-Europa-und-vermtl.-Odin-Reederei-PG-Paul-Gruettke-klein.jpg 1200w, https://berliner-dampfer.de/wp-content/uploads/2024/10/1927-ca-Europa-und-vermtl.-Odin-Reederei-PG-Paul-Gruettke-klein-300x204.jpg 300w, https://berliner-dampfer.de/wp-content/uploads/2024/10/1927-ca-Europa-und-vermtl.-Odin-Reederei-PG-Paul-Gruettke-klein-1024x695.jpg 1024w, https://berliner-dampfer.de/wp-content/uploads/2024/10/1927-ca-Europa-und-vermtl.-Odin-Reederei-PG-Paul-Gruettke-klein-768x522.jpg 768w" sizes="auto, (max-width: 1200px) 100vw, 1200px" /></td>
</tr>
</tbody>
</table>
<p>&nbsp;</p>
<p>&nbsp;</p>
<p>&nbsp;</p>
<p><span style="text-decoration: underline;"><span style="font-family: arial, helvetica, sans-serif; font-size: 12pt;">Zuletzt bearbeitet 26.10.2024</span></span></p>
