{"id":7996,"date":"2024-11-14T08:36:33","date_gmt":"2024-11-14T07:36:33","guid":{"rendered":"https:\/\/berliner-dampfer.de\/?page_id=7996"},"modified":"2025-02-06T22:52:33","modified_gmt":"2025-02-06T21:52:33","slug":"mark-brandenburg","status":"publish","type":"page","link":"https:\/\/berliner-dampfer.de\/?page_id=7996","title":{"rendered":"Mark Brandenburg (1976)"},"content":{"rendered":"<table style=\"border-collapse: collapse; width: 100%;\">\n<tbody>\n<tr>\n<td style=\"width: 100%; background-color: #ffff00;\"><span style=\"font-family: arial, helvetica, sans-serif; font-size: 12pt;\"><span style=\"font-size: 10pt;\">1976<\/span> <strong>Wilhelm Pieck<\/strong> } <span style=\"font-size: 10pt;\">1991<\/span> <strong>Mark Brandenburg<\/strong><\/span><\/p>\n<p><span style=\"font-family: arial, helvetica, sans-serif; font-size: 12pt;\">Wikipedia: Mark Brandenburg (Schiff, 1976)<\/span><\/p>\n<p><span style=\"font-family: arial, helvetica, sans-serif; font-size: 12pt;\"><a href=\"https:\/\/www.ddr-binnenschifffahrt.de\/db_verlauf.php?schiffId=4040681\" target=\"_blank\" rel=\"noopener\">Schiffshistorie<\/a> in der Datenbank von Uwe Giesler \/ www.ddr-binnenschifffahrt.de.<\/span><\/p>\n<p>__________<\/p>\n<p><span style=\"font-family: arial, helvetica, sans-serif; font-size: 12pt;\">Wikipedia Namensgeber: <a href=\"https:\/\/de.wikipedia.org\/wiki\/Wilhelm_Pieck\" target=\"_blank\" rel=\"noopener\">Wilhelm Pieck<\/a><\/span><\/td>\n<\/tr>\n<\/tbody>\n<\/table>\n<p>&nbsp;<\/p>\n<table style=\"border-collapse: collapse; width: 100%;\">\n<tbody>\n<tr>\n<td style=\"width: 100%; background-color: #ffd700;\">\n<p style=\"text-align: justify;\"><span style=\"font-family: arial, helvetica, sans-serif; font-size: 12pt;\"><a href=\"https:\/\/berliner-dampfer.de\/?page_id=194\" target=\"_blank\" rel=\"noopener\">Groggert 1988<\/a>, Seite 324:<\/span><br \/>\n<span style=\"font-family: arial, helvetica, sans-serif; font-size: 12pt;\">Enger begrenzt ist der Bereich, den das gr\u00f6\u00dfte Schiff der Wei\u00dfen Flotte Berlin befahren kann. Das in <a href=\"https:\/\/de.wikipedia.org\/wiki\/SET_Schiffbau-_u._Entwicklungsgesellschaft_Tangerm%C3%BCnde#Genthin\" target=\"_blank\" rel=\"noopener\">Genthin<\/a> erbaute, 66,95 m lange, 8,15 m breite &#8222;Luxusschiff&#8220; hatte seinen Weg nach Treptow \u00fcber Brandenburg, den Havelkanal, den Gro\u00df-Schiffahrtsweg \u00fcber das Schiffshebewerk Niederfinow, die Oder un den Oder-Spree-Kanal genommen, als es im Mai 1976 eintraf.<br \/>\n<\/span><\/p>\n<p style=\"text-align: justify;\"><span style=\"font-family: arial, helvetica, sans-serif; font-size: 12pt;\">Es wurde auf den Namen &#8222;Wilhelm Pick&#8220; getauft. Die Fenster der vier Salons des mit einer Klimaanlage ausger\u00fcsteten Schiffes lassen sich nicht \u00f6ffnen. Der obere Salon hat wegen der engen Br\u00fcckendurchfahrten bei K\u00f6penick schr\u00e4ge Seitenw\u00e4nde und Oberlichter zu beiden Seiten des Dachs. Die Seitenh\u00f6he betr\u00e4gt 2,72 m. Da auch der untere Salon relativ gro\u00dfe Fenster hat, ist in diesem Abschnitt nur wenig Freibord. Zwei 225-PS-Dieselmotoren sind vor dem Achtersalon elastisch eingeh\u00e4ngt, um die \u00dcbertragung von K\u00f6rperschall m\u00f6glichst gering zu halten. Das Schiff hat eine Radaranlage und zwei Bugstrahlruder.<\/span><\/p>\n<\/td>\n<\/tr>\n<\/tbody>\n<\/table>\n<p>&nbsp;<\/p>\n<p>&nbsp;<\/p>\n<p><span style=\"text-decoration: underline;\"><span style=\"font-family: arial, helvetica, sans-serif; font-size: 12pt;\">Wilhelm Pieck:<\/span><\/span><\/p>\n<p><img loading=\"lazy\" decoding=\"async\" class=\"alignnone size-full wp-image-8018\" src=\"https:\/\/berliner-dampfer.de\/wp-content\/uploads\/2024\/11\/1976-Wilhelm-Pieck-Groggert-1988-Seite-326.jpg\" alt=\"\" width=\"1200\" height=\"283\" srcset=\"https:\/\/berliner-dampfer.de\/wp-content\/uploads\/2024\/11\/1976-Wilhelm-Pieck-Groggert-1988-Seite-326.jpg 1200w, https:\/\/berliner-dampfer.de\/wp-content\/uploads\/2024\/11\/1976-Wilhelm-Pieck-Groggert-1988-Seite-326-300x71.jpg 300w, https:\/\/berliner-dampfer.de\/wp-content\/uploads\/2024\/11\/1976-Wilhelm-Pieck-Groggert-1988-Seite-326-1024x241.jpg 1024w, https:\/\/berliner-dampfer.de\/wp-content\/uploads\/2024\/11\/1976-Wilhelm-Pieck-Groggert-1988-Seite-326-768x181.jpg 768w\" sizes=\"auto, (max-width: 1200px) 100vw, 1200px\" \/><\/p>\n<p>&nbsp;<\/p>\n<p><img loading=\"lazy\" decoding=\"async\" class=\"alignnone size-full wp-image-8004\" src=\"https:\/\/berliner-dampfer.de\/wp-content\/uploads\/2024\/11\/1976-ca.-Wilhelm-Pieck-Fahrgastschiff-klein.jpg\" alt=\"\" width=\"1200\" height=\"687\" srcset=\"https:\/\/berliner-dampfer.de\/wp-content\/uploads\/2024\/11\/1976-ca.-Wilhelm-Pieck-Fahrgastschiff-klein.jpg 1200w, https:\/\/berliner-dampfer.de\/wp-content\/uploads\/2024\/11\/1976-ca.-Wilhelm-Pieck-Fahrgastschiff-klein-300x172.jpg 300w, https:\/\/berliner-dampfer.de\/wp-content\/uploads\/2024\/11\/1976-ca.-Wilhelm-Pieck-Fahrgastschiff-klein-1024x586.jpg 1024w, https:\/\/berliner-dampfer.de\/wp-content\/uploads\/2024\/11\/1976-ca.-Wilhelm-Pieck-Fahrgastschiff-klein-768x440.jpg 768w\" sizes=\"auto, (max-width: 1200px) 100vw, 1200px\" \/><\/p>\n<p>&nbsp;<\/p>\n<p><img loading=\"lazy\" decoding=\"async\" class=\"alignnone size-full wp-image-10410\" src=\"https:\/\/berliner-dampfer.de\/wp-content\/uploads\/2025\/01\/1976-ca-Wilhelm-Pieck-MITROPA-klein-1.jpg\" alt=\"\" width=\"1200\" height=\"939\" srcset=\"https:\/\/berliner-dampfer.de\/wp-content\/uploads\/2025\/01\/1976-ca-Wilhelm-Pieck-MITROPA-klein-1.jpg 1200w, https:\/\/berliner-dampfer.de\/wp-content\/uploads\/2025\/01\/1976-ca-Wilhelm-Pieck-MITROPA-klein-1-300x235.jpg 300w, https:\/\/berliner-dampfer.de\/wp-content\/uploads\/2025\/01\/1976-ca-Wilhelm-Pieck-MITROPA-klein-1-1024x801.jpg 1024w, https:\/\/berliner-dampfer.de\/wp-content\/uploads\/2025\/01\/1976-ca-Wilhelm-Pieck-MITROPA-klein-1-768x601.jpg 768w\" sizes=\"auto, (max-width: 1200px) 100vw, 1200px\" \/><\/p>\n<p>&nbsp;<\/p>\n<p>&nbsp;<\/p>\n<p>&nbsp;<\/p>\n<p>&nbsp;<\/p>\n<p>&nbsp;<\/p>\n<p><span style=\"text-decoration: underline;\"><span style=\"font-family: arial, helvetica, sans-serif; font-size: 12pt;\">Mark Brandenburg:<\/span><\/span><\/p>\n<p><img loading=\"lazy\" decoding=\"async\" class=\"alignnone size-full wp-image-8005\" src=\"https:\/\/berliner-dampfer.de\/wp-content\/uploads\/2024\/11\/2009-06-21-Mark-Brandenburg-in-Charlottenburg-05-klein.jpg\" alt=\"\" width=\"1200\" height=\"675\" srcset=\"https:\/\/berliner-dampfer.de\/wp-content\/uploads\/2024\/11\/2009-06-21-Mark-Brandenburg-in-Charlottenburg-05-klein.jpg 1200w, https:\/\/berliner-dampfer.de\/wp-content\/uploads\/2024\/11\/2009-06-21-Mark-Brandenburg-in-Charlottenburg-05-klein-300x169.jpg 300w, https:\/\/berliner-dampfer.de\/wp-content\/uploads\/2024\/11\/2009-06-21-Mark-Brandenburg-in-Charlottenburg-05-klein-1024x576.jpg 1024w, https:\/\/berliner-dampfer.de\/wp-content\/uploads\/2024\/11\/2009-06-21-Mark-Brandenburg-in-Charlottenburg-05-klein-768x432.jpg 768w\" sizes=\"auto, (max-width: 1200px) 100vw, 1200px\" \/><\/p>\n<p>&nbsp;<\/p>\n<p><img loading=\"lazy\" decoding=\"async\" class=\"alignnone size-full wp-image-8006\" src=\"https:\/\/berliner-dampfer.de\/wp-content\/uploads\/2024\/11\/2009-06-21-Mark-Brandenburg-in-Charlottenburg-09-klein.jpg\" alt=\"\" width=\"1200\" height=\"675\" srcset=\"https:\/\/berliner-dampfer.de\/wp-content\/uploads\/2024\/11\/2009-06-21-Mark-Brandenburg-in-Charlottenburg-09-klein.jpg 1200w, https:\/\/berliner-dampfer.de\/wp-content\/uploads\/2024\/11\/2009-06-21-Mark-Brandenburg-in-Charlottenburg-09-klein-300x169.jpg 300w, https:\/\/berliner-dampfer.de\/wp-content\/uploads\/2024\/11\/2009-06-21-Mark-Brandenburg-in-Charlottenburg-09-klein-1024x576.jpg 1024w, https:\/\/berliner-dampfer.de\/wp-content\/uploads\/2024\/11\/2009-06-21-Mark-Brandenburg-in-Charlottenburg-09-klein-768x432.jpg 768w\" sizes=\"auto, (max-width: 1200px) 100vw, 1200px\" \/><\/p>\n<p>&nbsp;<\/p>\n<p><img loading=\"lazy\" decoding=\"async\" class=\"alignnone size-full wp-image-8007\" src=\"https:\/\/berliner-dampfer.de\/wp-content\/uploads\/2024\/11\/2009-06-21-Mark-Brandenburg-in-Charlottenburg-10-klein.jpg\" alt=\"\" width=\"1200\" height=\"675\" srcset=\"https:\/\/berliner-dampfer.de\/wp-content\/uploads\/2024\/11\/2009-06-21-Mark-Brandenburg-in-Charlottenburg-10-klein.jpg 1200w, https:\/\/berliner-dampfer.de\/wp-content\/uploads\/2024\/11\/2009-06-21-Mark-Brandenburg-in-Charlottenburg-10-klein-300x169.jpg 300w, https:\/\/berliner-dampfer.de\/wp-content\/uploads\/2024\/11\/2009-06-21-Mark-Brandenburg-in-Charlottenburg-10-klein-1024x576.jpg 1024w, https:\/\/berliner-dampfer.de\/wp-content\/uploads\/2024\/11\/2009-06-21-Mark-Brandenburg-in-Charlottenburg-10-klein-768x432.jpg 768w\" sizes=\"auto, (max-width: 1200px) 100vw, 1200px\" \/><\/p>\n<p>&nbsp;<\/p>\n<p><img loading=\"lazy\" decoding=\"async\" class=\"alignnone size-full wp-image-8008\" src=\"https:\/\/berliner-dampfer.de\/wp-content\/uploads\/2024\/11\/2009-06-21-Mark-Brandenburg-in-Charlottenburg-11-klein.jpg\" alt=\"\" width=\"1200\" height=\"675\" srcset=\"https:\/\/berliner-dampfer.de\/wp-content\/uploads\/2024\/11\/2009-06-21-Mark-Brandenburg-in-Charlottenburg-11-klein.jpg 1200w, https:\/\/berliner-dampfer.de\/wp-content\/uploads\/2024\/11\/2009-06-21-Mark-Brandenburg-in-Charlottenburg-11-klein-300x169.jpg 300w, https:\/\/berliner-dampfer.de\/wp-content\/uploads\/2024\/11\/2009-06-21-Mark-Brandenburg-in-Charlottenburg-11-klein-1024x576.jpg 1024w, https:\/\/berliner-dampfer.de\/wp-content\/uploads\/2024\/11\/2009-06-21-Mark-Brandenburg-in-Charlottenburg-11-klein-768x432.jpg 768w\" sizes=\"auto, (max-width: 1200px) 100vw, 1200px\" \/><\/p>\n<p>&nbsp;<\/p>\n<p><img loading=\"lazy\" decoding=\"async\" class=\"alignnone size-full wp-image-8009\" src=\"https:\/\/berliner-dampfer.de\/wp-content\/uploads\/2024\/11\/2009-06-21-Mark-Brandenburg-in-Charlottenburg-13-klein.jpg\" alt=\"\" width=\"1200\" height=\"675\" srcset=\"https:\/\/berliner-dampfer.de\/wp-content\/uploads\/2024\/11\/2009-06-21-Mark-Brandenburg-in-Charlottenburg-13-klein.jpg 1200w, https:\/\/berliner-dampfer.de\/wp-content\/uploads\/2024\/11\/2009-06-21-Mark-Brandenburg-in-Charlottenburg-13-klein-300x169.jpg 300w, https:\/\/berliner-dampfer.de\/wp-content\/uploads\/2024\/11\/2009-06-21-Mark-Brandenburg-in-Charlottenburg-13-klein-1024x576.jpg 1024w, https:\/\/berliner-dampfer.de\/wp-content\/uploads\/2024\/11\/2009-06-21-Mark-Brandenburg-in-Charlottenburg-13-klein-768x432.jpg 768w\" sizes=\"auto, (max-width: 1200px) 100vw, 1200px\" \/><\/p>\n<p>&nbsp;<\/p>\n<p><img loading=\"lazy\" decoding=\"async\" class=\"alignnone size-full wp-image-8010\" src=\"https:\/\/berliner-dampfer.de\/wp-content\/uploads\/2024\/11\/2009-06-21-Mark-Brandenburg-in-Charlottenburg-15-klein.jpg\" alt=\"\" width=\"1200\" height=\"675\" srcset=\"https:\/\/berliner-dampfer.de\/wp-content\/uploads\/2024\/11\/2009-06-21-Mark-Brandenburg-in-Charlottenburg-15-klein.jpg 1200w, https:\/\/berliner-dampfer.de\/wp-content\/uploads\/2024\/11\/2009-06-21-Mark-Brandenburg-in-Charlottenburg-15-klein-300x169.jpg 300w, https:\/\/berliner-dampfer.de\/wp-content\/uploads\/2024\/11\/2009-06-21-Mark-Brandenburg-in-Charlottenburg-15-klein-1024x576.jpg 1024w, https:\/\/berliner-dampfer.de\/wp-content\/uploads\/2024\/11\/2009-06-21-Mark-Brandenburg-in-Charlottenburg-15-klein-768x432.jpg 768w\" sizes=\"auto, (max-width: 1200px) 100vw, 1200px\" \/><\/p>\n<p>&nbsp;<\/p>\n<p>&nbsp;<\/p>\n<p>&nbsp;<\/p>\n<p><span style=\"text-decoration: underline;\"><span style=\"font-family: arial, helvetica, sans-serif; font-size: 12pt;\">Zuletzt bearbeitet 12.01.2025<br \/>\n<\/span><\/span><\/p>\n","protected":false},"excerpt":{"rendered":"<p>1976 Wilhelm Pieck } 1991 Mark Brandenburg Wikipedia: Mark Brandenburg (Schiff, 1976) Schiffshistorie in der Datenbank von Uwe Giesler \/ www.ddr-binnenschifffahrt.de. __________ Wikipedia Namensgeber: Wilhelm&hellip;<\/p>\n","protected":false},"author":1,"featured_media":0,"parent":0,"menu_order":0,"comment_status":"closed","ping_status":"closed","template":"","meta":{"ngg_post_thumbnail":0,"iawp_total_views":51,"footnotes":""},"class_list":["post-7996","page","type-page","status-publish","hentry"],"_links":{"self":[{"href":"https:\/\/berliner-dampfer.de\/index.php?rest_route=\/wp\/v2\/pages\/7996","targetHints":{"allow":["GET"]}}],"collection":[{"href":"https:\/\/berliner-dampfer.de\/index.php?rest_route=\/wp\/v2\/pages"}],"about":[{"href":"https:\/\/berliner-dampfer.de\/index.php?rest_route=\/wp\/v2\/types\/page"}],"author":[{"embeddable":true,"href":"https:\/\/berliner-dampfer.de\/index.php?rest_route=\/wp\/v2\/users\/1"}],"replies":[{"embeddable":true,"href":"https:\/\/berliner-dampfer.de\/index.php?rest_route=%2Fwp%2Fv2%2Fcomments&post=7996"}],"version-history":[{"count":17,"href":"https:\/\/berliner-dampfer.de\/index.php?rest_route=\/wp\/v2\/pages\/7996\/revisions"}],"predecessor-version":[{"id":12381,"href":"https:\/\/berliner-dampfer.de\/index.php?rest_route=\/wp\/v2\/pages\/7996\/revisions\/12381"}],"wp:attachment":[{"href":"https:\/\/berliner-dampfer.de\/index.php?rest_route=%2Fwp%2Fv2%2Fmedia&parent=7996"}],"curies":[{"name":"wp","href":"https:\/\/api.w.org\/{rel}","templated":true}]}}