{"id":836,"date":"2024-02-08T03:19:07","date_gmt":"2024-02-08T02:19:07","guid":{"rendered":"https:\/\/berliner-dampfer.de\/?page_id=836"},"modified":"2025-01-15T18:41:10","modified_gmt":"2025-01-15T17:41:10","slug":"borussia","status":"publish","type":"page","link":"https:\/\/berliner-dampfer.de\/?page_id=836","title":{"rendered":"Borussia (1882)"},"content":{"rendered":"<table style=\"border-collapse: collapse; width: 100%;\">\n<tbody>\n<tr>\n<td style=\"width: 100%; background-color: #ffff00; text-align: left; vertical-align: top;\"><span style=\"font-size: 12pt; font-family: arial, helvetica, sans-serif;\">1<\/span><span style=\"font-size: 12pt; font-family: arial, helvetica, sans-serif;\">882 <\/span><strong><span style=\"font-size: 12pt; font-family: arial, helvetica, sans-serif;\">Borussia } <\/span><\/strong><span style=\"font-size: 12pt; font-family: arial, helvetica, sans-serif;\">1912 <\/span><strong><span style=\"font-size: 12pt; font-family: arial, helvetica, sans-serif;\">Wotan <\/span><\/strong><span style=\"font-size: 12pt; font-family: arial, helvetica, sans-serif;\">&#8211; Ende 1. Weltkrieg Verlust\/Verbleib in Belgien<\/span><strong><span style=\"font-size: 12pt; font-family: arial, helvetica, sans-serif;\"><br \/>\n<\/span><\/strong><\/td>\n<\/tr>\n<\/tbody>\n<\/table>\n<p>&nbsp;<\/p>\n<table style=\"border-collapse: collapse; width: 100%;\">\n<tbody>\n<tr>\n<td style=\"width: 100%; background-color: #ffd700; vertical-align: top; text-align: justify;\"><span style=\"font-family: arial, helvetica, sans-serif; font-size: 12pt;\"><a href=\"https:\/\/berliner-dampfer.de\/?page_id=194\" target=\"_blank\" rel=\"noopener\">Groggert 1988<\/a>, Seite 102:<br \/>\nDer Betrieb des Unternehmers Strohkorb, der um 1881 eine Dampferlinie von Spandau nach Pichelswerder unterhielt, blieb zwar bedeutungslos. Wichtiger war die Dampfschiffahrt der Berliner Krahngesellschaft, die 1882 bei Aron &amp; Gollnow die <strong>Doppelschraubendampfer VI &#8222;Borussia&#8220;<\/strong> und VII &#8222;Wannsee&#8220; bauen lie\u00df. Sie waren 21,85 m lang und 4,6 m breit. Dazu kam der 1880 in Holland gebaute kleine Schraubendampfer &#8222;Grunewald&#8220;. Die Schiffe fuhren im Sommer nach einem festen Fahrplan von Bellevue nach Potsdam und von Spandau \u00fcber Pichelsdorf, Schildhorn, Gatow und Kladow nach Wannsee; im Winter schleppten sie K\u00e4hne mit Obst von <a href=\"https:\/\/de.wikipedia.org\/wiki\/Niegripp\" target=\"_blank\" rel=\"noopener\">Niegripp<\/a> nach Berlin.<\/span><\/p>\n<p style=\"text-align: justify;\"><span style=\"font-family: arial, helvetica, sans-serif; font-size: 12pt;\">Groggert 1988, Seite 148:<br \/>\n<\/span><span style=\"font-family: arial, helvetica, sans-serif; font-size: 12pt;\">Nachdem die Berliner Krahngesellschaft ihre Personenschiffahrt vom Caf\u00e9 G\u00e4rtner am Bahnhof Bellevue nach Spandau und Zielen an der Unterhavel eingestellt hatte, nahm die SpHDG Stern ihre wegen der starken Konkurrenz auf dieser Linie vor\u00fcbergehend aufgelegten Schiffe wieder in Betrieb und fuhr von der Weidenheimer Br\u00fccke und der Moabiter Br\u00fccke nach Potsdam. Der 1882 von Aron &amp; Gollnow, Grabow, f\u00fcr die Krangesellschaft gebaute <strong>Dampfer VI, &#8222;Borussia&#8220;<\/strong>, blieb nach seinem Verkauf zun\u00e4chst als Schlepper in Berlin und Charlottenburg. Im Winter 1911\/12 lie\u00df ihn Frau Emma Kr\u00fcger aus Charlottenburg wieder zum Personendampfer umbauen und gab ihm den Namen &#8222;<strong>Wotan<\/strong>&#8220; .<\/span><\/p>\n<p style=\"text-align: justify;\"><span style=\"font-family: arial, helvetica, sans-serif; font-size: 12pt;\">Groggert 1988, Seite 159:<br \/>\n<\/span><span style=\"font-family: arial, helvetica, sans-serif; font-size: 12pt;\">Mehrere Dampfer sind fern von ihrem Heimathafen als eine besondere Art kleinerer Lazarettschiffe eingesetzt worden und haben Verwundetentransporte in Belgien durchgef\u00fchrt. &#8230; Der Dampfer &#8222;<strong>Wotan<\/strong>&#8220; (<strong>ex &#8222;Borussia&#8220;<\/strong> der Krangesellschaft), den die Heeresverwaltung 1916 anmietete, verblieb in Belgien und kehrte nicht mehr nach Berlin zur\u00fcck.<\/span><\/p>\n<\/td>\n<\/tr>\n<\/tbody>\n<\/table>\n<p>&nbsp;<\/p>\n<table style=\"border-collapse: collapse; width: 100%; height: 250px;\">\n<tbody>\n<tr style=\"height: 250px;\">\n<td style=\"width: 50%; background-color: #ffff00; text-align: left; vertical-align: top; height: 250px;\"><span style=\"font-family: arial, helvetica, sans-serif; font-size: 12pt;\"><a href=\"https:\/\/www.deutsche-digitale-bibliothek.de\/item\/GGPEBFQN5T3N73L3YZHQ2DQ7UY53WGZ4\" target=\"_blank\" rel=\"noopener\">1894 Schiffahrts-Kalender f\u00fcr das Elbe-Gebiet<\/a><\/span><\/p>\n<p><img loading=\"lazy\" decoding=\"async\" class=\"alignnone wp-image-6043 size-full\" src=\"https:\/\/berliner-dampfer.de\/wp-content\/uploads\/2024\/10\/1882-Borussia-Berliner-Krahn-Gesellschaft.-Deutsche-Digitale-Bibliothek.jpg\" alt=\"\" width=\"976\" height=\"939\" srcset=\"https:\/\/berliner-dampfer.de\/wp-content\/uploads\/2024\/10\/1882-Borussia-Berliner-Krahn-Gesellschaft.-Deutsche-Digitale-Bibliothek.jpg 976w, https:\/\/berliner-dampfer.de\/wp-content\/uploads\/2024\/10\/1882-Borussia-Berliner-Krahn-Gesellschaft.-Deutsche-Digitale-Bibliothek-300x289.jpg 300w, https:\/\/berliner-dampfer.de\/wp-content\/uploads\/2024\/10\/1882-Borussia-Berliner-Krahn-Gesellschaft.-Deutsche-Digitale-Bibliothek-768x739.jpg 768w\" sizes=\"auto, (max-width: 976px) 100vw, 976px\" \/><\/p>\n<p><span style=\"font-family: arial, helvetica, sans-serif; font-size: 12pt;\">Quelle:<\/span> <a href=\"https:\/\/www.deutsche-digitale-bibliothek.de\/item\/GGPEBFQN5T3N73L3YZHQ2DQ7UY53WGZ4\" target=\"_blank\" rel=\"noopener\"><span style=\"font-family: arial, helvetica, sans-serif; font-size: 12pt;\">Deutsche Digitale Bibliothek<\/span><\/a><\/td>\n<td style=\"width: 50%; background-color: #ffff00; text-align: left; vertical-align: top; height: 250px;\"><strong><span style=\"font-family: arial, helvetica, sans-serif; font-size: 12pt;\">Berliner Krahn-Gesellschaft<\/span><\/strong><\/p>\n<p><span style=\"font-family: arial, helvetica, sans-serif; font-size: 12pt;\">Berlin NW, Kronprinzen Ufer 8<\/span><br \/>\n<span style=\"font-family: arial, helvetica, sans-serif; font-size: 12pt;\">Inhaber: <a href=\"https:\/\/en.wikipedia.org\/wiki\/Henry_Tyler_(Conservative_politician)\" target=\"_blank\" rel=\"noopener\">Sir Henry Whatley Tyler,<\/a> London<\/span><br \/>\n<span style=\"font-family: arial, helvetica, sans-serif; font-size: 12pt;\">Bevollm\u00e4chtogter in Berlin: Willliam Pasley Tyler<\/span><br \/>\n<span style=\"font-family: arial, helvetica, sans-serif; font-size: 12pt;\">Gr\u00fcndungsjahr: 1882<\/span><br \/>\n<span style=\"font-family: arial, helvetica, sans-serif; font-size: 12pt;\">Betriebsmaterial:<\/span><\/p>\n<ul>\n<li><span style=\"font-family: arial, helvetica, sans-serif; font-size: 12pt;\">&#8230;.<br \/>\n<\/span><\/li>\n<li><span style=\"font-family: arial, helvetica, sans-serif; font-size: 12pt;\">3 Doppelschrauben-Schleppdampfer&#8230;. 25 m lang, 3,75 m breit.<\/span><\/li>\n<li>&#8230;.<\/li>\n<\/ul>\n<\/td>\n<\/tr>\n<\/tbody>\n<\/table>\n<p>&nbsp;<\/p>\n<p>&nbsp;<\/p>\n<table style=\"border-collapse: collapse; width: 100%;\">\n<tbody>\n<tr>\n<td style=\"width: 100%; background-color: #ffff00;\"><span style=\"font-family: arial, helvetica, sans-serif; font-size: 12pt;\">AK, Aufnahmejahr unbekannt, postalisch gelaufen am 30.04.1905, abgehend von Spandau-Pichelsdorf nach Hamburg:<\/span><\/p>\n<blockquote><p><span style=\"font-family: arial, helvetica, sans-serif; font-size: 12pt;\">&#8222;&#8230;.<strong>VI<\/strong>&#8230;..<strong>BORUSSIA<\/strong>&#8222;<\/span><\/p><\/blockquote>\n<p><img loading=\"lazy\" decoding=\"async\" class=\"alignnone wp-image-838 size-full\" src=\"https:\/\/berliner-dampfer.de\/wp-content\/uploads\/2024\/02\/1905-04-30-Dampfer-Borussia-klein.jpg\" alt=\"\" width=\"1200\" height=\"752\" srcset=\"https:\/\/berliner-dampfer.de\/wp-content\/uploads\/2024\/02\/1905-04-30-Dampfer-Borussia-klein.jpg 1200w, https:\/\/berliner-dampfer.de\/wp-content\/uploads\/2024\/02\/1905-04-30-Dampfer-Borussia-klein-300x188.jpg 300w, https:\/\/berliner-dampfer.de\/wp-content\/uploads\/2024\/02\/1905-04-30-Dampfer-Borussia-klein-1024x642.jpg 1024w, https:\/\/berliner-dampfer.de\/wp-content\/uploads\/2024\/02\/1905-04-30-Dampfer-Borussia-klein-768x481.jpg 768w\" sizes=\"auto, (max-width: 1200px) 100vw, 1200px\" \/><\/td>\n<\/tr>\n<\/tbody>\n<\/table>\n<p>&nbsp;<\/p>\n<p>&nbsp;<\/p>\n<p>&nbsp;<\/p>\n<p><span style=\"text-decoration: underline;\"><span style=\"font-family: arial, helvetica, sans-serif; font-size: 12pt;\">Zuletzt bearbeitet 14.10.2024<\/span><\/span><\/p>\n","protected":false},"excerpt":{"rendered":"<p>1882 Borussia } 1912 Wotan &#8211; Ende 1. Weltkrieg Verlust\/Verbleib in Belgien &nbsp; Groggert 1988, Seite 102: Der Betrieb des Unternehmers Strohkorb, der um 1881&hellip;<\/p>\n","protected":false},"author":1,"featured_media":0,"parent":0,"menu_order":0,"comment_status":"closed","ping_status":"closed","template":"","meta":{"ngg_post_thumbnail":0,"iawp_total_views":11,"footnotes":""},"class_list":["post-836","page","type-page","status-publish","hentry"],"_links":{"self":[{"href":"https:\/\/berliner-dampfer.de\/index.php?rest_route=\/wp\/v2\/pages\/836","targetHints":{"allow":["GET"]}}],"collection":[{"href":"https:\/\/berliner-dampfer.de\/index.php?rest_route=\/wp\/v2\/pages"}],"about":[{"href":"https:\/\/berliner-dampfer.de\/index.php?rest_route=\/wp\/v2\/types\/page"}],"author":[{"embeddable":true,"href":"https:\/\/berliner-dampfer.de\/index.php?rest_route=\/wp\/v2\/users\/1"}],"replies":[{"embeddable":true,"href":"https:\/\/berliner-dampfer.de\/index.php?rest_route=%2Fwp%2Fv2%2Fcomments&post=836"}],"version-history":[{"count":33,"href":"https:\/\/berliner-dampfer.de\/index.php?rest_route=\/wp\/v2\/pages\/836\/revisions"}],"predecessor-version":[{"id":11137,"href":"https:\/\/berliner-dampfer.de\/index.php?rest_route=\/wp\/v2\/pages\/836\/revisions\/11137"}],"wp:attachment":[{"href":"https:\/\/berliner-dampfer.de\/index.php?rest_route=%2Fwp%2Fv2%2Fmedia&parent=836"}],"curies":[{"name":"wp","href":"https:\/\/api.w.org\/{rel}","templated":true}]}}