{"id":8970,"date":"2024-12-01T12:52:45","date_gmt":"2024-12-01T11:52:45","guid":{"rendered":"https:\/\/berliner-dampfer.de\/?page_id=8970"},"modified":"2025-03-19T05:49:12","modified_gmt":"2025-03-19T04:49:12","slug":"woltersdorf-1890","status":"publish","type":"page","link":"https:\/\/berliner-dampfer.de\/?page_id=8970","title":{"rendered":"Woltersdorf (1890)"},"content":{"rendered":"<table style=\"border-collapse: collapse; width: 100%;\">\n<tbody>\n<tr>\n<td style=\"width: 100%; background-color: #ffff00;\">\n<p style=\"text-align: justify;\"><span style=\"font-family: arial, helvetica, sans-serif; font-size: 12pt;\"><span style=\"font-size: 10pt;\">1890<\/span> <strong>Georg<\/strong> } <span style=\"font-size: 10pt;\">1936<\/span> <strong>Westerland<\/strong> } <span style=\"font-size: 10pt;\">1969<\/span> <strong>Woltersdor<\/strong>f } <span style=\"font-size: 10pt;\">1979<\/span> abgewrackt<\/span><\/p>\n<p style=\"text-align: justify;\"><span style=\"font-family: arial, helvetica, sans-serif; font-size: 12pt;\"><a href=\"https:\/\/www.ddr-binnenschifffahrt.de\/db_verlauf.php?schiffId=4003032\" target=\"_blank\" rel=\"noopener\">Schiffshistorie<\/a> in der Datenbank von Uwe Giesler \/ www.ddr-binnenschifffahrt.de.<\/span><\/p>\n<\/td>\n<\/tr>\n<\/tbody>\n<\/table>\n<p>&nbsp;<\/p>\n<table style=\"border-collapse: collapse; width: 100%;\">\n<tbody>\n<tr>\n<td style=\"width: 100%; background-color: #ffd700;\">\n<p style=\"text-align: justify;\"><span style=\"font-family: arial, helvetica, sans-serif; font-size: 12pt;\"><a href=\"https:\/\/berliner-dampfer.de\/?page_id=194\" target=\"_blank\" rel=\"noopener\">Groggert 1988<\/a>, <\/span><span style=\"font-family: arial, helvetica, sans-serif; font-size: 12pt;\">Seite 210:<br \/>\nDie 1910 gegr\u00fcndete Reederei Kl\u00e4ne geh\u00f6rte zu den \u00e4ltesten Betrieben im Bereich des L\u00f6cknitztals. Sie fuhr in Gemeinschaft mit den Reedereien Hartwig und F. M\u00fcller &amp; S\u00f6hne vom Halleschen Tor auf der Oberspree, von der Jannowitzbr\u00fccke als Mitglied der Fahrgemeinschaft Reedereien Oberspree und von Erkner in der L\u00f6cknitz-Fahrgemeinschaft bis nach M\u00f6llenhorst.<\/span><br \/>\n<span style=\"font-family: arial, helvetica, sans-serif; font-size: 12pt;\">1936 stellte die Werft Wilke in Dolgenbrodt durch Generalumbau eines in Rotterdam erbauten Dampfers f\u00fcr die Rederei Kl\u00e4ne das Motorschiff <b>&#8222;Westerland&#8220;<\/b> her.<\/span><\/p>\n<p style=\"text-align: justify;\"><span style=\"font-family: arial, helvetica, sans-serif; font-size: 12pt;\">Groggert 1988, Seite 319:<br \/>\nIm Fr\u00fchjahr 1970 taufte die \u201cWei\u00dfe Flotte Berlin\u201d viele der \u00e4lteren Motorschiffe um, n\u00e4mlich<\/span><br \/>\n<span style=\"font-family: arial, helvetica, sans-serif; font-size: 12pt;\">[&#8230;]<\/span><br \/>\n<span style=\"font-family: arial, helvetica, sans-serif; font-size: 12pt;\">\u201c<b>Westerland<\/b>\u201d in \u201c<b>Woltersdorf<\/b>\u201d<\/span><br \/>\n<span style=\"font-family: arial, helvetica, sans-serif; font-size: 12pt;\">[&#8230;]<\/span><\/p>\n<\/td>\n<\/tr>\n<\/tbody>\n<\/table>\n<p>&nbsp;<\/p>\n<p>&nbsp;<\/p>\n<p><img loading=\"lazy\" decoding=\"async\" class=\"alignnone size-full wp-image-8974\" src=\"https:\/\/berliner-dampfer.de\/wp-content\/uploads\/2024\/12\/1957-ca-Westerland-3-032-klein.jpg\" alt=\"\" width=\"1200\" height=\"611\" srcset=\"https:\/\/berliner-dampfer.de\/wp-content\/uploads\/2024\/12\/1957-ca-Westerland-3-032-klein.jpg 1200w, https:\/\/berliner-dampfer.de\/wp-content\/uploads\/2024\/12\/1957-ca-Westerland-3-032-klein-300x153.jpg 300w, https:\/\/berliner-dampfer.de\/wp-content\/uploads\/2024\/12\/1957-ca-Westerland-3-032-klein-1024x521.jpg 1024w, https:\/\/berliner-dampfer.de\/wp-content\/uploads\/2024\/12\/1957-ca-Westerland-3-032-klein-768x391.jpg 768w\" sizes=\"auto, (max-width: 1200px) 100vw, 1200px\" \/><\/p>\n<p>&nbsp;<\/p>\n<p>&nbsp;<\/p>\n<p>&nbsp;<\/p>\n<table style=\"border-collapse: collapse; width: 100%;\">\n<tbody>\n<tr>\n<td style=\"width: 100%; background-color: #ffff00;\"><span style=\"font-family: arial, helvetica, sans-serif; font-size: 12pt;\">Berlin, den <strong>19. Juni 1959<\/strong>, Foto Woike. <strong>&#8222;Westerland&#8220;<\/strong>, Schiffskennung <a href=\"https:\/\/www.ddr-binnenschifffahrt.de\/db_detail.php?id=404927\" target=\"_blank\" rel=\"noopener\">&#8222;P-113&#8220;<\/a>.<\/span><\/p>\n<blockquote><p><span style=\"font-family: arial, helvetica, sans-serif; font-size: 12pt;\">Zur Erinnerung an eine fr\u00f6hliche Dampferfahrt mit Tante Gertrud, Tante Elly, Gabriela und Oma.<\/span><\/p><\/blockquote>\n<p><img loading=\"lazy\" decoding=\"async\" class=\"alignnone size-full wp-image-8975\" src=\"https:\/\/berliner-dampfer.de\/wp-content\/uploads\/2024\/12\/1959-06-19-Westerland-P-113-klein.jpg\" alt=\"\" width=\"1200\" height=\"737\" srcset=\"https:\/\/berliner-dampfer.de\/wp-content\/uploads\/2024\/12\/1959-06-19-Westerland-P-113-klein.jpg 1200w, https:\/\/berliner-dampfer.de\/wp-content\/uploads\/2024\/12\/1959-06-19-Westerland-P-113-klein-300x184.jpg 300w, https:\/\/berliner-dampfer.de\/wp-content\/uploads\/2024\/12\/1959-06-19-Westerland-P-113-klein-1024x629.jpg 1024w, https:\/\/berliner-dampfer.de\/wp-content\/uploads\/2024\/12\/1959-06-19-Westerland-P-113-klein-768x472.jpg 768w\" sizes=\"auto, (max-width: 1200px) 100vw, 1200px\" \/><\/td>\n<\/tr>\n<\/tbody>\n<\/table>\n<p>&nbsp;<\/p>\n<p>&nbsp;<\/p>\n<p>&nbsp;<\/p>\n<p><img loading=\"lazy\" decoding=\"async\" class=\"alignnone size-full wp-image-8976\" src=\"https:\/\/berliner-dampfer.de\/wp-content\/uploads\/2024\/12\/1961-09-03-Westerland-P-113-klein.jpg\" alt=\"\" width=\"1200\" height=\"741\" srcset=\"https:\/\/berliner-dampfer.de\/wp-content\/uploads\/2024\/12\/1961-09-03-Westerland-P-113-klein.jpg 1200w, https:\/\/berliner-dampfer.de\/wp-content\/uploads\/2024\/12\/1961-09-03-Westerland-P-113-klein-300x185.jpg 300w, https:\/\/berliner-dampfer.de\/wp-content\/uploads\/2024\/12\/1961-09-03-Westerland-P-113-klein-1024x632.jpg 1024w, https:\/\/berliner-dampfer.de\/wp-content\/uploads\/2024\/12\/1961-09-03-Westerland-P-113-klein-768x474.jpg 768w\" sizes=\"auto, (max-width: 1200px) 100vw, 1200px\" \/><\/p>\n<p>&nbsp;<\/p>\n<p>&nbsp;<\/p>\n<p>&nbsp;<\/p>\n<table style=\"border-collapse: collapse; width: 100%;\">\n<tbody>\n<tr>\n<td style=\"width: 100%; background-color: #ffff00;\">\n<p style=\"text-align: justify;\"><span style=\"font-family: arial, helvetica, sans-serif; font-size: 12pt;\"><strong>&#8222;Westerland&#8220;<\/strong>, Schiffskennung <a href=\"https:\/\/www.ddr-binnenschifffahrt.de\/db_detail.php?id=404927\" target=\"_blank\" rel=\"noopener\">&#8222;P-113&#8220;<\/a>. AK Aufnahmejahr unbekannt, <strong>1965<\/strong> ca., Dampfersteg, <a href=\"https:\/\/de.wikipedia.org\/wiki\/Sporthaus_Ziegenhals\" target=\"_blank\" rel=\"noopener\">&#8222;Ernst-Th\u00e4lmann-Gedenkst\u00e4tte&#8220;<\/a> in <a href=\"https:\/\/de.wikipedia.org\/wiki\/Ziegenhals_(K\u00f6nigs_Wusterhausen)\" target=\"_blank\" rel=\"noopener\">Ziegenhals<\/a>.<\/span><\/p>\n<p><img loading=\"lazy\" decoding=\"async\" class=\"alignnone size-full wp-image-13979\" src=\"https:\/\/berliner-dampfer.de\/wp-content\/uploads\/2025\/03\/1965-ca-WESTERLAND-P-113-klein-a.jpg\" alt=\"\" width=\"1200\" height=\"630\" srcset=\"https:\/\/berliner-dampfer.de\/wp-content\/uploads\/2025\/03\/1965-ca-WESTERLAND-P-113-klein-a.jpg 1200w, https:\/\/berliner-dampfer.de\/wp-content\/uploads\/2025\/03\/1965-ca-WESTERLAND-P-113-klein-a-300x158.jpg 300w, https:\/\/berliner-dampfer.de\/wp-content\/uploads\/2025\/03\/1965-ca-WESTERLAND-P-113-klein-a-1024x538.jpg 1024w, https:\/\/berliner-dampfer.de\/wp-content\/uploads\/2025\/03\/1965-ca-WESTERLAND-P-113-klein-a-768x403.jpg 768w\" sizes=\"auto, (max-width: 1200px) 100vw, 1200px\" \/><\/td>\n<\/tr>\n<\/tbody>\n<\/table>\n<p>&nbsp;<\/p>\n<p>&nbsp;<\/p>\n<p>&nbsp;<\/p>\n<p>&nbsp;<\/p>\n<table style=\"border-collapse: collapse; width: 100%;\">\n<tbody>\n<tr>\n<td style=\"width: 100%; background-color: #ffff00;\"><span style=\"font-family: arial, helvetica, sans-serif; font-size: 12pt;\"><strong>&#8222;Woltersdorf&#8220;<\/strong>, Schiffskennung <a href=\"https:\/\/www.ddr-binnenschifffahrt.de\/db_detail.php?id=404928\" target=\"_blank\" rel=\"noopener\">&#8222;P-113&#8220;<\/a>. Fotokarte vom <strong>15.08.1974<\/strong>. <\/span><\/p>\n<p><img loading=\"lazy\" decoding=\"async\" class=\"alignnone size-full wp-image-9098\" src=\"https:\/\/berliner-dampfer.de\/wp-content\/uploads\/2024\/12\/1974-08-15-Woltersdorf-P113-klein.jpg\" alt=\"\" width=\"1200\" height=\"1056\" srcset=\"https:\/\/berliner-dampfer.de\/wp-content\/uploads\/2024\/12\/1974-08-15-Woltersdorf-P113-klein.jpg 1200w, https:\/\/berliner-dampfer.de\/wp-content\/uploads\/2024\/12\/1974-08-15-Woltersdorf-P113-klein-300x264.jpg 300w, https:\/\/berliner-dampfer.de\/wp-content\/uploads\/2024\/12\/1974-08-15-Woltersdorf-P113-klein-1024x901.jpg 1024w, https:\/\/berliner-dampfer.de\/wp-content\/uploads\/2024\/12\/1974-08-15-Woltersdorf-P113-klein-768x676.jpg 768w\" sizes=\"auto, (max-width: 1200px) 100vw, 1200px\" \/><\/td>\n<\/tr>\n<\/tbody>\n<\/table>\n<p>&nbsp;<\/p>\n<p>&nbsp;<\/p>\n<p>&nbsp;<\/p>\n<p><span style=\"text-decoration: underline;\"><span style=\"font-family: arial, helvetica, sans-serif; font-size: 12pt;\">Zuletzt bearbeitet 19.03.2025<\/span><\/span><\/p>\n","protected":false},"excerpt":{"rendered":"<p>1890 Georg } 1936 Westerland } 1969 Woltersdorf } 1979 abgewrackt Schiffshistorie in der Datenbank von Uwe Giesler \/ www.ddr-binnenschifffahrt.de. &nbsp; Groggert 1988, Seite 210:&hellip;<\/p>\n","protected":false},"author":1,"featured_media":0,"parent":0,"menu_order":0,"comment_status":"closed","ping_status":"closed","template":"","meta":{"ngg_post_thumbnail":0,"iawp_total_views":20,"footnotes":""},"class_list":["post-8970","page","type-page","status-publish","hentry"],"_links":{"self":[{"href":"https:\/\/berliner-dampfer.de\/index.php?rest_route=\/wp\/v2\/pages\/8970","targetHints":{"allow":["GET"]}}],"collection":[{"href":"https:\/\/berliner-dampfer.de\/index.php?rest_route=\/wp\/v2\/pages"}],"about":[{"href":"https:\/\/berliner-dampfer.de\/index.php?rest_route=\/wp\/v2\/types\/page"}],"author":[{"embeddable":true,"href":"https:\/\/berliner-dampfer.de\/index.php?rest_route=\/wp\/v2\/users\/1"}],"replies":[{"embeddable":true,"href":"https:\/\/berliner-dampfer.de\/index.php?rest_route=%2Fwp%2Fv2%2Fcomments&post=8970"}],"version-history":[{"count":15,"href":"https:\/\/berliner-dampfer.de\/index.php?rest_route=\/wp\/v2\/pages\/8970\/revisions"}],"predecessor-version":[{"id":13984,"href":"https:\/\/berliner-dampfer.de\/index.php?rest_route=\/wp\/v2\/pages\/8970\/revisions\/13984"}],"wp:attachment":[{"href":"https:\/\/berliner-dampfer.de\/index.php?rest_route=%2Fwp%2Fv2%2Fmedia&parent=8970"}],"curies":[{"name":"wp","href":"https:\/\/api.w.org\/{rel}","templated":true}]}}

<table style="border-collapse: collapse; width: 100%;">
<tbody>
<tr>
<td style="width: 100%; background-color: #ffff00;">
<p style="text-align: justify;"><span style="font-family: arial, helvetica, sans-serif; font-size: 12pt;"><span style="font-size: 10pt;">1890</span> <strong>Georg</strong> } <span style="font-size: 10pt;">1936</span> <strong>Westerland</strong> } <span style="font-size: 10pt;">1969</span> <strong>Woltersdor</strong>f } <span style="font-size: 10pt;">1979</span> abgewrackt</span></p>
<p style="text-align: justify;"><span style="font-family: arial, helvetica, sans-serif; font-size: 12pt;"><a href="https://www.ddr-binnenschifffahrt.de/db_verlauf.php?schiffId=4003032" target="_blank" rel="noopener">Schiffshistorie</a> in der Datenbank von Uwe Giesler / www.ddr-binnenschifffahrt.de.</span></p>
</td>
</tr>
</tbody>
</table>
<p>&nbsp;</p>
<table style="border-collapse: collapse; width: 100%;">
<tbody>
<tr>
<td style="width: 100%; background-color: #ffd700;">
<p style="text-align: justify;"><span style="font-family: arial, helvetica, sans-serif; font-size: 12pt;"><a href="https://berliner-dampfer.de/?page_id=194" target="_blank" rel="noopener">Groggert 1988</a>, </span><span style="font-family: arial, helvetica, sans-serif; font-size: 12pt;">Seite 210:<br />
Die 1910 gegründete Reederei Kläne gehörte zu den ältesten Betrieben im Bereich des Löcknitztals. Sie fuhr in Gemeinschaft mit den Reedereien Hartwig und F. Müller &amp; Söhne vom Halleschen Tor auf der Oberspree, von der Jannowitzbrücke als Mitglied der Fahrgemeinschaft Reedereien Oberspree und von Erkner in der Löcknitz-Fahrgemeinschaft bis nach Möllenhorst.</span><br />
<span style="font-family: arial, helvetica, sans-serif; font-size: 12pt;">1936 stellte die Werft Wilke in Dolgenbrodt durch Generalumbau eines in Rotterdam erbauten Dampfers für die Rederei Kläne das Motorschiff <b>&#8222;Westerland&#8220;</b> her.</span></p>
<p style="text-align: justify;"><span style="font-family: arial, helvetica, sans-serif; font-size: 12pt;">Groggert 1988, Seite 319:<br />
Im Frühjahr 1970 taufte die “Weiße Flotte Berlin” viele der älteren Motorschiffe um, nämlich</span><br />
<span style="font-family: arial, helvetica, sans-serif; font-size: 12pt;">[&#8230;]</span><br />
<span style="font-family: arial, helvetica, sans-serif; font-size: 12pt;">“<b>Westerland</b>” in “<b>Woltersdorf</b>”</span><br />
<span style="font-family: arial, helvetica, sans-serif; font-size: 12pt;">[&#8230;]</span></p>
</td>
</tr>
</tbody>
</table>
<p>&nbsp;</p>
<p>&nbsp;</p>
<p><img loading="lazy" decoding="async" class="alignnone size-full wp-image-8974" src="https://berliner-dampfer.de/wp-content/uploads/2024/12/1957-ca-Westerland-3-032-klein.jpg" alt="" width="1200" height="611" srcset="https://berliner-dampfer.de/wp-content/uploads/2024/12/1957-ca-Westerland-3-032-klein.jpg 1200w, https://berliner-dampfer.de/wp-content/uploads/2024/12/1957-ca-Westerland-3-032-klein-300x153.jpg 300w, https://berliner-dampfer.de/wp-content/uploads/2024/12/1957-ca-Westerland-3-032-klein-1024x521.jpg 1024w, https://berliner-dampfer.de/wp-content/uploads/2024/12/1957-ca-Westerland-3-032-klein-768x391.jpg 768w" sizes="auto, (max-width: 1200px) 100vw, 1200px" /></p>
<p>&nbsp;</p>
<p>&nbsp;</p>
<p>&nbsp;</p>
<table style="border-collapse: collapse; width: 100%;">
<tbody>
<tr>
<td style="width: 100%; background-color: #ffff00;"><span style="font-family: arial, helvetica, sans-serif; font-size: 12pt;">Berlin, den <strong>19. Juni 1959</strong>, Foto Woike. <strong>&#8222;Westerland&#8220;</strong>, Schiffskennung <a href="https://www.ddr-binnenschifffahrt.de/db_detail.php?id=404927" target="_blank" rel="noopener">&#8222;P-113&#8220;</a>.</span></p>
<blockquote><p><span style="font-family: arial, helvetica, sans-serif; font-size: 12pt;">Zur Erinnerung an eine fröhliche Dampferfahrt mit Tante Gertrud, Tante Elly, Gabriela und Oma.</span></p></blockquote>
<p><img loading="lazy" decoding="async" class="alignnone size-full wp-image-8975" src="https://berliner-dampfer.de/wp-content/uploads/2024/12/1959-06-19-Westerland-P-113-klein.jpg" alt="" width="1200" height="737" srcset="https://berliner-dampfer.de/wp-content/uploads/2024/12/1959-06-19-Westerland-P-113-klein.jpg 1200w, https://berliner-dampfer.de/wp-content/uploads/2024/12/1959-06-19-Westerland-P-113-klein-300x184.jpg 300w, https://berliner-dampfer.de/wp-content/uploads/2024/12/1959-06-19-Westerland-P-113-klein-1024x629.jpg 1024w, https://berliner-dampfer.de/wp-content/uploads/2024/12/1959-06-19-Westerland-P-113-klein-768x472.jpg 768w" sizes="auto, (max-width: 1200px) 100vw, 1200px" /></td>
</tr>
</tbody>
</table>
<p>&nbsp;</p>
<p>&nbsp;</p>
<p>&nbsp;</p>
<p><img loading="lazy" decoding="async" class="alignnone size-full wp-image-8976" src="https://berliner-dampfer.de/wp-content/uploads/2024/12/1961-09-03-Westerland-P-113-klein.jpg" alt="" width="1200" height="741" srcset="https://berliner-dampfer.de/wp-content/uploads/2024/12/1961-09-03-Westerland-P-113-klein.jpg 1200w, https://berliner-dampfer.de/wp-content/uploads/2024/12/1961-09-03-Westerland-P-113-klein-300x185.jpg 300w, https://berliner-dampfer.de/wp-content/uploads/2024/12/1961-09-03-Westerland-P-113-klein-1024x632.jpg 1024w, https://berliner-dampfer.de/wp-content/uploads/2024/12/1961-09-03-Westerland-P-113-klein-768x474.jpg 768w" sizes="auto, (max-width: 1200px) 100vw, 1200px" /></p>
<p>&nbsp;</p>
<p>&nbsp;</p>
<p>&nbsp;</p>
<table style="border-collapse: collapse; width: 100%;">
<tbody>
<tr>
<td style="width: 100%; background-color: #ffff00;">
<p style="text-align: justify;"><span style="font-family: arial, helvetica, sans-serif; font-size: 12pt;"><strong>&#8222;Westerland&#8220;</strong>, Schiffskennung <a href="https://www.ddr-binnenschifffahrt.de/db_detail.php?id=404927" target="_blank" rel="noopener">&#8222;P-113&#8220;</a>. AK Aufnahmejahr unbekannt, <strong>1965</strong> ca., Dampfersteg, <a href="https://de.wikipedia.org/wiki/Sporthaus_Ziegenhals" target="_blank" rel="noopener">&#8222;Ernst-Thälmann-Gedenkstätte&#8220;</a> in <a href="https://de.wikipedia.org/wiki/Ziegenhals_(Königs_Wusterhausen)" target="_blank" rel="noopener">Ziegenhals</a>.</span></p>
<p><img loading="lazy" decoding="async" class="alignnone size-full wp-image-13979" src="https://berliner-dampfer.de/wp-content/uploads/2025/03/1965-ca-WESTERLAND-P-113-klein-a.jpg" alt="" width="1200" height="630" srcset="https://berliner-dampfer.de/wp-content/uploads/2025/03/1965-ca-WESTERLAND-P-113-klein-a.jpg 1200w, https://berliner-dampfer.de/wp-content/uploads/2025/03/1965-ca-WESTERLAND-P-113-klein-a-300x158.jpg 300w, https://berliner-dampfer.de/wp-content/uploads/2025/03/1965-ca-WESTERLAND-P-113-klein-a-1024x538.jpg 1024w, https://berliner-dampfer.de/wp-content/uploads/2025/03/1965-ca-WESTERLAND-P-113-klein-a-768x403.jpg 768w" sizes="auto, (max-width: 1200px) 100vw, 1200px" /></td>
</tr>
</tbody>
</table>
<p>&nbsp;</p>
<p>&nbsp;</p>
<p>&nbsp;</p>
<p>&nbsp;</p>
<table style="border-collapse: collapse; width: 100%;">
<tbody>
<tr>
<td style="width: 100%; background-color: #ffff00;"><span style="font-family: arial, helvetica, sans-serif; font-size: 12pt;"><strong>&#8222;Woltersdorf&#8220;</strong>, Schiffskennung <a href="https://www.ddr-binnenschifffahrt.de/db_detail.php?id=404928" target="_blank" rel="noopener">&#8222;P-113&#8220;</a>. Fotokarte vom <strong>15.08.1974</strong>. </span></p>
<p><img loading="lazy" decoding="async" class="alignnone size-full wp-image-9098" src="https://berliner-dampfer.de/wp-content/uploads/2024/12/1974-08-15-Woltersdorf-P113-klein.jpg" alt="" width="1200" height="1056" srcset="https://berliner-dampfer.de/wp-content/uploads/2024/12/1974-08-15-Woltersdorf-P113-klein.jpg 1200w, https://berliner-dampfer.de/wp-content/uploads/2024/12/1974-08-15-Woltersdorf-P113-klein-300x264.jpg 300w, https://berliner-dampfer.de/wp-content/uploads/2024/12/1974-08-15-Woltersdorf-P113-klein-1024x901.jpg 1024w, https://berliner-dampfer.de/wp-content/uploads/2024/12/1974-08-15-Woltersdorf-P113-klein-768x676.jpg 768w" sizes="auto, (max-width: 1200px) 100vw, 1200px" /></td>
</tr>
</tbody>
</table>
<p>&nbsp;</p>
<p>&nbsp;</p>
<p>&nbsp;</p>
<p><span style="text-decoration: underline;"><span style="font-family: arial, helvetica, sans-serif; font-size: 12pt;">Zuletzt bearbeitet 19.03.2025</span></span></p>
