{"id":9130,"date":"2024-12-06T13:17:02","date_gmt":"2024-12-06T12:17:02","guid":{"rendered":"https:\/\/berliner-dampfer.de\/?page_id=9130"},"modified":"2025-02-04T21:29:47","modified_gmt":"2025-02-04T20:29:47","slug":"wintermaerchen-1896","status":"publish","type":"page","link":"https:\/\/berliner-dampfer.de\/?page_id=9130","title":{"rendered":"Winterm\u00e4rchen (1896)"},"content":{"rendered":"<table style=\"border-collapse: collapse; width: 100%;\">\n<tbody>\n<tr>\n<td style=\"width: 100%; background-color: #ffff00;\"><span style=\"font-family: arial, helvetica, sans-serif; font-size: 12pt;\">1896 <strong>Stadt Andernach<\/strong> } 1899 <strong>Niederwald<\/strong> } 1916 nach Berlin, weiterhin Niederwald } 1925 <strong>Winterm\u00e4rchen III<\/strong>&nbsp; <\/span><\/td>\n<\/tr>\n<\/tbody>\n<\/table>\n<p>&nbsp;<\/p>\n<table style=\"border-collapse: collapse; width: 100%;\">\n<tbody>\n<tr>\n<td style=\"width: 100%; background-color: #ffd700;\">\n<p style=\"text-align: justify;\"><span style=\"font-family: arial, helvetica, sans-serif; font-size: 12pt;\"><a href=\"https:\/\/berliner-dampfer.de\/?page_id=194\" target=\"_blank\" rel=\"noopener\">Groggert 1988<\/a>, Seite 138:<\/span><br \/>\n<span style=\"font-family: arial, helvetica, sans-serif; font-size: 12pt;\">Im Dezember 1916 kaufte Nobiling aufgrund m\u00fcndlicher Vereinbarung f\u00fcr 19000 M von der Niederwaldbahngesellschaft* in R\u00fcdesheim schlie\u00dflich noch den Dampfer \u201c<b>Niederwald<\/b>\u201d. Dieser <b>gro\u00dfe<\/b>, mit <b>zwei 130-PS-Maschinen<\/b> ausger\u00fcstete <b>Doppelschrauber<\/b> war als Schlepp-, G\u00fcter- und Personendampfer mit 700 Zentnern Tragf\u00e4higkeit 1895\/96 von der Werft <a href=\"https:\/\/www.deutsche-digitale-bibliothek.de\/item\/KFKOSUCLF25CE7ILJSSUCD3T77PVWOHX\" target=\"_blank\" rel=\"noopener\">Schaubach &amp; Graemer<\/a>, L\u00fctzel-Coblenz f\u00fcr C.A. Schiefenbusch, Andernach, gebaut worden. Er hie\u00df urspr\u00fcnglich \u201c<b>Stadt Andernach<\/b>\u201d, bis ihn 1899 die <a href=\"https:\/\/de.wikipedia.org\/wiki\/Niederwaldbahn\" target=\"_blank\" rel=\"noopener\">Niederwaldbahngesellschaft<\/a> \u00fcbernahm.<\/span><\/p>\n<p style=\"text-align: justify;\"><span style=\"font-family: arial, helvetica, sans-serif; font-size: 12pt;\">Groggert 1988, Seite 166\/168:<\/span><br \/>\n<span style=\"font-family: arial, helvetica, sans-serif; font-size: 12pt;\">\u2026 Aus dem \u00e4lteren Dampfer, der seit 1912 <a href=\"https:\/\/berliner-dampfer.de\/?page_id=9153\" target=\"_blank\" rel=\"noopener\">\u201cWinterm\u00e4rchen\u201d<\/a> hie\u00df (ex <a href=\"https:\/\/berliner-dampfer.de\/?page_id=9153\" target=\"_blank\" rel=\"noopener\">\u201cLeopold Wilhelm\u201d<\/a>) wurde 1925 <a href=\"https:\/\/berliner-dampfer.de\/?page_id=9153\" target=\"_blank\" rel=\"noopener\">\u201cWinterm\u00e4rchen II\u201d<\/a>, und der Dampfer <strong>\u201cNiederwald\u201d<\/strong> erhielt den Namen <strong>\u201cWinterm\u00e4rchen III\u201d<\/strong>.<\/span><\/p>\n<p style=\"text-align: justify;\"><span style=\"font-family: arial, helvetica, sans-serif; font-size: 12pt;\">Groggert 1988, Seite 250:<\/span><br \/>\n<span style=\"font-family: arial, helvetica, sans-serif; font-size: 12pt;\">Kriegsjahre: Bei der Er\u00f6ffnung der BVG-Personenschiffahrt [am 26. Juni 1944] standen folgende Dampfer zur Verf\u00fcgung.<\/span><\/p>\n<ul>\n<li style=\"text-align: justify;\"><span style=\"font-family: arial, helvetica, sans-serif; font-size: 12pt;\"><a href=\"https:\/\/berliner-dampfer.de\/?page_id=9153\" target=\"_blank\" rel=\"noopener\">\u201cLeopold\u201d<\/a> (= \u201cWinterm\u00e4rchen II\u201d) \/ Nobiling<\/span><\/li>\n<li style=\"text-align: justify;\"><span style=\"font-family: arial, helvetica, sans-serif; font-size: 12pt;\"><strong>\u201eNiederwald\u201c<\/strong> (= <strong>\u201eWinterm\u00e4rchen III\u201c<\/strong>) \/ Nobiling<br \/>\n<\/span><\/li>\n<\/ul>\n<p><span style=\"font-family: arial, helvetica, sans-serif; font-size: 12pt;\">Groggert 1988, Seite 252 (Hamsterfahren nach dem Krieg):<\/span><br \/>\n<span style=\"font-family: arial, helvetica, sans-serif; font-size: 12pt;\">F\u00fcr die BVG fuhren ab 31. Mai 1945 die Dampfer\u201d<\/span><\/p>\n<ul>\n<li><span style=\"font-family: arial, helvetica, sans-serif; font-size: 12pt;\"><strong>\u201eNiederwald\u201c<\/strong> \/ Nobiling, Berlin<\/span><\/li>\n<li><span style=\"font-family: arial, helvetica, sans-serif; font-size: 12pt;\"><a href=\"https:\/\/berliner-dampfer.de\/?page_id=9153\" target=\"_blank\" rel=\"noopener\">\u201cLeopold\u201d<\/a> \/ Nobiling, Berlin<\/span><\/li>\n<\/ul>\n<p><span style=\"font-family: arial, helvetica, sans-serif; font-size: 12pt;\">Am 30. Novemver schied die Reederei Nobiling aus. Schon am 25. Oktober 1945 hatte die Tageszeitung \u201cDer Berliner\u201d bekanntgegeben:<\/span><\/p>\n<blockquote><p><span style=\"font-family: arial, helvetica, sans-serif; font-size: 12pt;\"><i><b>Dampferverkehr von Spandau nach Brandenburg<\/b><br \/>\nAuf Veranlassung der Wasserstra\u00dfendirektion Brandenburg hat die Berliner Reederei Nobiling eine Dampferlinie von Spandau nach Ketzin und Brandenburg f\u00fcr Personen- und Eilg\u00fcterverkehr eingerichtet. Jeden Dienstag, Donnerstag und Sonntag, um 10.30 Uhr, f\u00e4hrt der Dampfer \u201c<b>Winterm\u00e4rchen\u201c<\/b> ab Spandau, Lindenufer (10 Minuten vom Hauptbahnhof) \u00fcber Potsdam (12.10 Uhr ab Glienicker Br\u00fccke) und \u00fcber G\u00f6tz nach Brandenburg. R\u00fcckfahrt jeden Montag, Mittwoch und Freitag, 9 Uhr, ab Brandenburg, Am Wassertor, und ab Ketzin, 11 Uhr.<\/i><\/span><\/p><\/blockquote>\n<\/td>\n<\/tr>\n<\/tbody>\n<\/table>\n<p>&nbsp;<\/p>\n<p>&nbsp;<\/p>\n<table style=\"border-collapse: collapse; width: 100%;\">\n<tbody>\n<tr>\n<td style=\"width: 100%; background-color: #ffff00;\"><span style=\"font-family: arial, helvetica, sans-serif; font-size: 12pt;\">Dampfer &#8222;Niederwald&#8220; <strong>1923<\/strong> ca. in der <a href=\"https:\/\/de.wikipedia.org\/wiki\/Schleuse_Charlottenburg\" target=\"_blank\" rel=\"noopener\">Schleuse Charlottenburg<\/a>:<\/span><\/p>\n<p><img loading=\"lazy\" decoding=\"async\" class=\"alignnone size-full wp-image-9141\" src=\"https:\/\/berliner-dampfer.de\/wp-content\/uploads\/2024\/12\/1923-ca-Dampfer-Niederwald-Schleuse-Charlottenburg-klein.jpg\" alt=\"\" width=\"1200\" height=\"770\" srcset=\"https:\/\/berliner-dampfer.de\/wp-content\/uploads\/2024\/12\/1923-ca-Dampfer-Niederwald-Schleuse-Charlottenburg-klein.jpg 1200w, https:\/\/berliner-dampfer.de\/wp-content\/uploads\/2024\/12\/1923-ca-Dampfer-Niederwald-Schleuse-Charlottenburg-klein-300x193.jpg 300w, https:\/\/berliner-dampfer.de\/wp-content\/uploads\/2024\/12\/1923-ca-Dampfer-Niederwald-Schleuse-Charlottenburg-klein-1024x657.jpg 1024w, https:\/\/berliner-dampfer.de\/wp-content\/uploads\/2024\/12\/1923-ca-Dampfer-Niederwald-Schleuse-Charlottenburg-klein-768x493.jpg 768w\" sizes=\"auto, (max-width: 1200px) 100vw, 1200px\" \/><\/td>\n<\/tr>\n<\/tbody>\n<\/table>\n<p>&nbsp;<\/p>\n<p>&nbsp;<\/p>\n<table style=\"border-collapse: collapse; width: 100%;\">\n<tbody>\n<tr>\n<td style=\"width: 100%; background-color: #ffff00;\"><span style=\"font-family: arial, helvetica, sans-serif; font-size: 12pt;\"><strong>&#8222;Niederwald<\/strong>&#8220; am 14.07.<strong>1927<\/strong> in der <a href=\"https:\/\/de.wikipedia.org\/wiki\/Schleuse_Charlottenburg\" target=\"_blank\" rel=\"noopener\">Schleuse Charlottenburg<\/a>.<\/span><\/p>\n<p><img loading=\"lazy\" decoding=\"async\" class=\"alignnone size-full wp-image-12275\" src=\"https:\/\/berliner-dampfer.de\/wp-content\/uploads\/2025\/02\/1927-07-14-NIEDERWALD-klein.jpg\" alt=\"\" width=\"1200\" height=\"861\" srcset=\"https:\/\/berliner-dampfer.de\/wp-content\/uploads\/2025\/02\/1927-07-14-NIEDERWALD-klein.jpg 1200w, https:\/\/berliner-dampfer.de\/wp-content\/uploads\/2025\/02\/1927-07-14-NIEDERWALD-klein-300x215.jpg 300w, https:\/\/berliner-dampfer.de\/wp-content\/uploads\/2025\/02\/1927-07-14-NIEDERWALD-klein-1024x735.jpg 1024w, https:\/\/berliner-dampfer.de\/wp-content\/uploads\/2025\/02\/1927-07-14-NIEDERWALD-klein-768x551.jpg 768w\" sizes=\"auto, (max-width: 1200px) 100vw, 1200px\" \/><\/td>\n<\/tr>\n<\/tbody>\n<\/table>\n<p>&nbsp;<\/p>\n<p>&nbsp;<\/p>\n<table style=\"border-collapse: collapse; width: 100%;\">\n<tbody>\n<tr>\n<td style=\"width: 100%; background-color: #ffff00;\">\n<div id=\"Text6LYR\" class=\"TextObject\">\n<p style=\"text-align: justify;\"><span style=\"font-family: arial, helvetica, sans-serif; font-size: 12pt;\"><strong>1928 \u201eWinterm\u00e4rchen-Klasse\u201c:<\/strong><\/span><\/p>\n<blockquote>\n<p style=\"text-align: justify;\"><span style=\"font-family: arial, helvetica, sans-serif; font-size: 12pt;\">Diese Fahrten mit den Dampfern der Winterm\u00e4rchen-Klasse sind au\u00dferordentlich reizvoll und interessant. Die Schiffe sind als st\u00e4rkste Eisbrecher gebaut, vollst\u00e4ndig geschlossen und geheizt und sind durch ihre elegante Inneneinrichtung jedem Konzertkaffee ersten Ranges gleichwertig. \u2013 Gute Verpflegung zu m\u00e4\u00dfigen Preisen an Bord, jedoch <strong>kein<\/strong> Trinkzwang! \u2013 Tanz!\u201d<\/span><\/p>\n<\/blockquote>\n<p><img loading=\"lazy\" decoding=\"async\" class=\"alignnone size-full wp-image-9147\" src=\"https:\/\/berliner-dampfer.de\/wp-content\/uploads\/2024\/12\/1928-Wintermaerchenklasse-Eigenschaftenbeschreibung-1.jpg\" alt=\"\" width=\"769\" height=\"558\" srcset=\"https:\/\/berliner-dampfer.de\/wp-content\/uploads\/2024\/12\/1928-Wintermaerchenklasse-Eigenschaftenbeschreibung-1.jpg 769w, https:\/\/berliner-dampfer.de\/wp-content\/uploads\/2024\/12\/1928-Wintermaerchenklasse-Eigenschaftenbeschreibung-1-300x218.jpg 300w\" sizes=\"auto, (max-width: 769px) 100vw, 769px\" \/><\/p>\n<\/div>\n<\/td>\n<\/tr>\n<\/tbody>\n<\/table>\n<p>&nbsp;<\/p>\n<p>&nbsp;<\/p>\n<p>&nbsp;<\/p>\n<p>&nbsp;<\/p>\n<p><span style=\"text-decoration: underline;\"><span style=\"font-family: arial, helvetica, sans-serif; font-size: 12pt;\">Zuletzt bearbeitet 04.02.2025<br \/>\n<\/span><\/span><\/p>\n","protected":false},"excerpt":{"rendered":"<p>1896 Stadt Andernach } 1899 Niederwald } 1916 nach Berlin, weiterhin Niederwald } 1925 Winterm\u00e4rchen III&nbsp; &nbsp; Groggert 1988, Seite 138: Im Dezember 1916 kaufte&hellip;<\/p>\n","protected":false},"author":1,"featured_media":0,"parent":0,"menu_order":0,"comment_status":"closed","ping_status":"closed","template":"","meta":{"ngg_post_thumbnail":0,"iawp_total_views":8,"footnotes":""},"class_list":["post-9130","page","type-page","status-publish","hentry"],"_links":{"self":[{"href":"https:\/\/berliner-dampfer.de\/index.php?rest_route=\/wp\/v2\/pages\/9130","targetHints":{"allow":["GET"]}}],"collection":[{"href":"https:\/\/berliner-dampfer.de\/index.php?rest_route=\/wp\/v2\/pages"}],"about":[{"href":"https:\/\/berliner-dampfer.de\/index.php?rest_route=\/wp\/v2\/types\/page"}],"author":[{"embeddable":true,"href":"https:\/\/berliner-dampfer.de\/index.php?rest_route=\/wp\/v2\/users\/1"}],"replies":[{"embeddable":true,"href":"https:\/\/berliner-dampfer.de\/index.php?rest_route=%2Fwp%2Fv2%2Fcomments&post=9130"}],"version-history":[{"count":30,"href":"https:\/\/berliner-dampfer.de\/index.php?rest_route=\/wp\/v2\/pages\/9130\/revisions"}],"predecessor-version":[{"id":12277,"href":"https:\/\/berliner-dampfer.de\/index.php?rest_route=\/wp\/v2\/pages\/9130\/revisions\/12277"}],"wp:attachment":[{"href":"https:\/\/berliner-dampfer.de\/index.php?rest_route=%2Fwp%2Fv2%2Fmedia&parent=9130"}],"curies":[{"name":"wp","href":"https:\/\/api.w.org\/{rel}","templated":true}]}}