{"id":9572,"date":"2024-12-16T19:38:17","date_gmt":"2024-12-16T18:38:17","guid":{"rendered":"https:\/\/berliner-dampfer.de\/?page_id=9572"},"modified":"2024-12-16T20:24:46","modified_gmt":"2024-12-16T19:24:46","slug":"moewe-1925","status":"publish","type":"page","link":"https:\/\/berliner-dampfer.de\/?page_id=9572","title":{"rendered":"M\u00f6we (1925)"},"content":{"rendered":"<table style=\"border-collapse: collapse; width: 100%;\">\n<tbody>\n<tr>\n<td style=\"width: 100%; background-color: #ffff00;\"><span style=\"font-family: arial, helvetica, sans-serif; font-size: 12pt;\"><span style=\"font-size: 10pt;\">1925<\/span> <strong>M\u00f6we <\/strong><\/span><\/p>\n<p><span style=\"font-family: arial, helvetica, sans-serif; font-size: 12pt;\">Schiffskontor Berlin: <a href=\"https:\/\/www.schiffskontor.de\/boote\/moewe.html\" target=\"_blank\" rel=\"noopener\">MS M\u00d6WE \u2013 Unser kleines Salonschiff<\/a><\/span><\/p>\n<p><span style=\"font-family: arial, helvetica, sans-serif; font-size: 12pt;\"><a href=\"https:\/\/www.ddr-binnenschifffahrt.de\/db_verlauf.php?schiffId=4003257\" target=\"_blank\" rel=\"noopener\">Schiffshistorie<\/a> in der Datenbank von Uwe Giesler \/ www.ddr-binnenschifffahrt.de.<\/span><\/td>\n<\/tr>\n<\/tbody>\n<\/table>\n<p>&nbsp;<\/p>\n<p><img loading=\"lazy\" decoding=\"async\" class=\"alignnone size-full wp-image-9573\" src=\"https:\/\/berliner-dampfer.de\/wp-content\/uploads\/2024\/12\/1953-ca.-Moewe-3-257-klein.jpg\" alt=\"\" width=\"1200\" height=\"727\" srcset=\"https:\/\/berliner-dampfer.de\/wp-content\/uploads\/2024\/12\/1953-ca.-Moewe-3-257-klein.jpg 1200w, https:\/\/berliner-dampfer.de\/wp-content\/uploads\/2024\/12\/1953-ca.-Moewe-3-257-klein-300x182.jpg 300w, https:\/\/berliner-dampfer.de\/wp-content\/uploads\/2024\/12\/1953-ca.-Moewe-3-257-klein-1024x620.jpg 1024w, https:\/\/berliner-dampfer.de\/wp-content\/uploads\/2024\/12\/1953-ca.-Moewe-3-257-klein-768x465.jpg 768w\" sizes=\"auto, (max-width: 1200px) 100vw, 1200px\" \/><\/p>\n<p>&nbsp;<\/p>\n<p><img loading=\"lazy\" decoding=\"async\" class=\"alignnone size-full wp-image-9574\" src=\"https:\/\/berliner-dampfer.de\/wp-content\/uploads\/2024\/12\/1956-ca-Moewe-3-257-klein.jpg\" alt=\"\" width=\"1200\" height=\"728\" srcset=\"https:\/\/berliner-dampfer.de\/wp-content\/uploads\/2024\/12\/1956-ca-Moewe-3-257-klein.jpg 1200w, https:\/\/berliner-dampfer.de\/wp-content\/uploads\/2024\/12\/1956-ca-Moewe-3-257-klein-300x182.jpg 300w, https:\/\/berliner-dampfer.de\/wp-content\/uploads\/2024\/12\/1956-ca-Moewe-3-257-klein-1024x621.jpg 1024w, https:\/\/berliner-dampfer.de\/wp-content\/uploads\/2024\/12\/1956-ca-Moewe-3-257-klein-768x466.jpg 768w\" sizes=\"auto, (max-width: 1200px) 100vw, 1200px\" \/><\/p>\n<p>&nbsp;<\/p>\n<p>&nbsp;<\/p>\n<p>Platzhalter weiteres Bild der MS M\u00f6we<\/p>\n<p>&nbsp;<\/p>\n<p>&nbsp;<\/p>\n<table style=\"border-collapse: collapse; width: 100%;\">\n<tbody>\n<tr>\n<td style=\"width: 13.8697%; text-align: left; vertical-align: top;\"><strong><span style=\"font-family: arial, helvetica, sans-serif; font-size: 12pt;\">19.03.2014<\/span><\/strong><\/td>\n<td style=\"width: 86.1303%; background-color: #c0c0ff; text-align: left; vertical-align: top;\">\n<p style=\"text-align: justify;\"><span style=\"font-size: 12pt; font-family: arial, helvetica, sans-serif;\">Bootsvermietung Fangrot \/ Marina Prinzenhof<\/span><\/p>\n<p style=\"text-align: justify;\"><span style=\"font-size: 12pt; font-family: arial, helvetica, sans-serif;\"><strong>Die Historie der MS M\u00d6WE<\/strong><\/span><\/p>\n<p style=\"text-align: justify;\"><span style=\"font-family: arial, helvetica, sans-serif; font-size: 12pt;\">Das Schiff wurde 1925 unter gleichem Namen in Wildau bei Berlin auf der Vierarm Werft gebaut. Der damalige Reeder Georg Hoffmann setzte das Boot von 1925 bis 1945 in Berlin-Tegel als Fahrgastschiff ein. Nach dem Krieg gelangte es in die Verwaltung der Treuhandstelle Binnenschiffe Berlin und fuhr f\u00fcr die DSU (Deutsche Schiffahrts- und Umschlagbetriebe) bis 1957 in Berlin unter dem VEB Fahrgastschiffahrt Wei\u00dfe Flotte Berlin.<\/span><\/p>\n<p style=\"text-align: justify;\"><span style=\"font-family: arial, helvetica, sans-serif; font-size: 12pt;\">1958 gelangte die MS M\u00d6WE nach Schwerin, wo sie bis 1992 im Fahrgastverkehr eingesetzt wurde und einige Umbauten \u00fcber sich ergehen lassen musste. Fortan erfolgte die Nutzung lediglich als B\u00fcroschiff, bis das Schiff 1998 von der BATZ e.V. (Bildung Arbeit Tourismus Zukunft e.V) erworben wurde, nach aufwendiger Restaurierung verkehrte es auf der M\u00fcritz-Elde Wasserstra\u00dfe und dem Schweriner See, wo es unter anderem zur BUGA im Jahr 2009 eingesetzt wurde. Dann fristete das Schiff im Hafen von Grabow ein trauriges Dasein, bis es von uns 2013 wieder aus dem Dornr\u00f6schenschlaf erweckt wurde und im Stahlbaubetrieb von Herrn Holke von uns wieder Flott gemacht wurde. Die \u00dcberf\u00fchrung erfolgte im Mai 2013 zur Werft nach Malz bei Oranienburg. Nach monatelanger Restaurierung auf der Werf und im Heimathafen der MARINA Prinzenhof wird die MS M\u00d6WE ab 2014 wieder seine alten Heimatgew\u00e4sser in Berlin durch kreuzen.<\/span><\/p>\n<p><img loading=\"lazy\" decoding=\"async\" class=\"alignnone size-full wp-image-9589\" src=\"https:\/\/berliner-dampfer.de\/wp-content\/uploads\/2024\/12\/2017-10-25-Individuelle-Charterfahrten-in-Berlin-Bootsvermietung-Fangrot-MS-MOeWE-Auszug.jpg\" alt=\"\" width=\"954\" height=\"375\" srcset=\"https:\/\/berliner-dampfer.de\/wp-content\/uploads\/2024\/12\/2017-10-25-Individuelle-Charterfahrten-in-Berlin-Bootsvermietung-Fangrot-MS-MOeWE-Auszug.jpg 954w, https:\/\/berliner-dampfer.de\/wp-content\/uploads\/2024\/12\/2017-10-25-Individuelle-Charterfahrten-in-Berlin-Bootsvermietung-Fangrot-MS-MOeWE-Auszug-300x118.jpg 300w, https:\/\/berliner-dampfer.de\/wp-content\/uploads\/2024\/12\/2017-10-25-Individuelle-Charterfahrten-in-Berlin-Bootsvermietung-Fangrot-MS-MOeWE-Auszug-768x302.jpg 768w\" sizes=\"auto, (max-width: 954px) 100vw, 954px\" \/><\/p>\n<p><span style=\"font-size: 12pt; font-family: arial, helvetica, sans-serif;\">MS M\u00d6WE als <a href=\"https:\/\/berliner-dampfer.de\/wp-content\/uploads\/2024\/12\/2014-01-07-MS-MOeWE-1925-Ausmalbild-fuer-Kinder-Reederei-Fangrot.pdf\" target=\"_blank\" rel=\"noopener\">Ausmalbild f\u00fcr Kinder<\/a> &nbsp;\ud83d\ude42&nbsp;<\/span><\/p>\n<p><a href=\"https:\/\/berliner-dampfer.de\/wp-content\/uploads\/2024\/12\/2014-01-07-MS-MOeWE-1925-Ausmalbild-fuer-Kinder-Reederei-Fangrot.pdf\" target=\"_blank\" rel=\"noopener\"><img loading=\"lazy\" decoding=\"async\" class=\"alignnone wp-image-9585 size-full\" src=\"https:\/\/berliner-dampfer.de\/wp-content\/uploads\/2024\/12\/2014-01-07-MS-MOeWE-1925-Ausmalbild-fuer-Kinder-Reederei-Fangrot-BILD.png\" alt=\"\" width=\"1210\" height=\"328\" srcset=\"https:\/\/berliner-dampfer.de\/wp-content\/uploads\/2024\/12\/2014-01-07-MS-MOeWE-1925-Ausmalbild-fuer-Kinder-Reederei-Fangrot-BILD.png 1210w, https:\/\/berliner-dampfer.de\/wp-content\/uploads\/2024\/12\/2014-01-07-MS-MOeWE-1925-Ausmalbild-fuer-Kinder-Reederei-Fangrot-BILD-300x81.png 300w, https:\/\/berliner-dampfer.de\/wp-content\/uploads\/2024\/12\/2014-01-07-MS-MOeWE-1925-Ausmalbild-fuer-Kinder-Reederei-Fangrot-BILD-1024x278.png 1024w, https:\/\/berliner-dampfer.de\/wp-content\/uploads\/2024\/12\/2014-01-07-MS-MOeWE-1925-Ausmalbild-fuer-Kinder-Reederei-Fangrot-BILD-768x208.png 768w\" sizes=\"auto, (max-width: 1210px) 100vw, 1210px\" \/><\/a><\/td>\n<\/tr>\n<\/tbody>\n<\/table>\n<p>&nbsp;<\/p>\n<table style=\"border-collapse: collapse; width: 100%;\">\n<tbody>\n<tr>\n<td style=\"width: 14.5607%; text-align: left; vertical-align: top;\"><strong><span style=\"font-family: arial, helvetica, sans-serif; font-size: 12pt;\">16.12.2024<\/span><\/strong><\/td>\n<td style=\"width: 85.4393%; background-color: #c0c0ff; text-align: left; vertical-align: top;\"><span style=\"font-family: arial, helvetica, sans-serif; font-size: 12pt;\">Schiffskontor Berlin: <\/span><a href=\"https:\/\/www.schiffskontor.de\/boote\/moewe.html\" target=\"_blank\" rel=\"noopener\"><span style=\"font-family: arial, helvetica, sans-serif; font-size: 12pt;\"><strong>MS M\u00d6WE \u2013 Unser kleines Salonschiff<\/strong><\/span><\/a><\/p>\n<p><span style=\"font-family: arial, helvetica, sans-serif; font-size: 12pt;\">Zugelassen sind max. 40, empfohlen bis zu 30 Personen mit Buffet, Au\u00dfenpl\u00e4tze sind vorhanden<\/span><\/p>\n<p><span style=\"font-family: arial, helvetica, sans-serif; font-size: 12pt;\">Baujahr 1925<\/span><br \/>\n<span style=\"font-family: arial, helvetica, sans-serif; font-size: 12pt;\"><strong>L\u00e4nge:<\/strong>&nbsp;18,58 m<\/span><br \/>\n<span style=\"font-family: arial, helvetica, sans-serif; font-size: 12pt;\"><strong>Breite:<\/strong>&nbsp;3,62 m<\/span><br \/>\n<span style=\"font-family: arial, helvetica, sans-serif; font-size: 12pt;\"><strong>Tiefgang:<\/strong>&nbsp;1,02 m<\/span><\/p>\n<div id=\"c423\" class=\"frame frame-default frame-type-text frame-layout-0\">\n<header>\n<h4 class=\"\"><span style=\"font-family: arial, helvetica, sans-serif; font-size: 12pt;\">Kleine Historie<\/span><\/h4>\n<\/header>\n<p><span style=\"font-family: arial, helvetica, sans-serif; font-size: 12pt;\"><strong>1925&nbsp;<\/strong>Bau durch Vierarm Werft in Wildau bei Berlin<\/span><br \/>\n<span style=\"font-family: arial, helvetica, sans-serif; font-size: 12pt;\"><strong>Bis 1945&nbsp;<\/strong>Fahrgastschiff in Berlin-Tegel, Reederei Georg Hoffmann<\/span><br \/>\n<span style=\"font-family: arial, helvetica, sans-serif; font-size: 12pt;\"><strong>Bis 1957&nbsp;<\/strong>VEB Fahrgastschiffahrt Wei\u00dfe Flotte Berlin<\/span><br \/>\n<span style=\"font-family: arial, helvetica, sans-serif; font-size: 12pt;\"><strong>1958 bis 1992&nbsp;<\/strong>Schwerin, Fahrgastverkehr<\/span><br \/>\n<span style=\"font-family: arial, helvetica, sans-serif; font-size: 12pt;\"><strong>Ab 1993&nbsp;<\/strong>Nutzung lediglich als B\u00fcroschiff<\/span><br \/>\n<span style=\"font-family: arial, helvetica, sans-serif; font-size: 12pt;\"><strong>Ab 1998&nbsp;<\/strong>Restaurierung und Betrieb auf M\u00fcritz-Elde Wasserstra\u00dfe und Schweriner See<\/span><br \/>\n<span style=\"font-family: arial, helvetica, sans-serif; font-size: 12pt;\"><strong>2009&nbsp;<\/strong>Einsatz bei der BUGA<\/span><br \/>\n<span style=\"font-family: arial, helvetica, sans-serif; font-size: 12pt;\"><strong>2010 bis 2013&nbsp;<\/strong>Dornr\u00f6schenschlaf im Hafen von Grabow<\/span><br \/>\n<span style=\"font-family: arial, helvetica, sans-serif; font-size: 12pt;\"><strong>Ab 2014&nbsp;<\/strong>Heimathafen MARINA Prinzenhof, Betrieb auf Berliner Gew\u00e4ssern<\/span><br \/>\n<strong><span style=\"font-family: arial, helvetica, sans-serif; font-size: 12pt;\">Seit 2017&nbsp;Fahrgastverkehr beim Berliner SCHIFFSKONTOR<\/span><\/strong><\/p>\n<\/div>\n<\/td>\n<\/tr>\n<\/tbody>\n<\/table>\n<p>&nbsp;<\/p>\n<p>&nbsp;<\/p>\n<p><span style=\"text-decoration: underline;\"><span style=\"font-family: arial, helvetica, sans-serif; font-size: 12pt;\">Zuletzt bearbeitet 16.12.2024<\/span><\/span><\/p>\n","protected":false},"excerpt":{"rendered":"<p>1925 M\u00f6we Schiffskontor Berlin: MS M\u00d6WE \u2013 Unser kleines Salonschiff Schiffshistorie in der Datenbank von Uwe Giesler \/ www.ddr-binnenschifffahrt.de. &nbsp; &nbsp; &nbsp; &nbsp; Platzhalter weiteres&hellip;<\/p>\n","protected":false},"author":1,"featured_media":0,"parent":0,"menu_order":0,"comment_status":"closed","ping_status":"closed","template":"","meta":{"ngg_post_thumbnail":0,"iawp_total_views":59,"footnotes":""},"class_list":["post-9572","page","type-page","status-publish","hentry"],"_links":{"self":[{"href":"https:\/\/berliner-dampfer.de\/index.php?rest_route=\/wp\/v2\/pages\/9572","targetHints":{"allow":["GET"]}}],"collection":[{"href":"https:\/\/berliner-dampfer.de\/index.php?rest_route=\/wp\/v2\/pages"}],"about":[{"href":"https:\/\/berliner-dampfer.de\/index.php?rest_route=\/wp\/v2\/types\/page"}],"author":[{"embeddable":true,"href":"https:\/\/berliner-dampfer.de\/index.php?rest_route=\/wp\/v2\/users\/1"}],"replies":[{"embeddable":true,"href":"https:\/\/berliner-dampfer.de\/index.php?rest_route=%2Fwp%2Fv2%2Fcomments&post=9572"}],"version-history":[{"count":15,"href":"https:\/\/berliner-dampfer.de\/index.php?rest_route=\/wp\/v2\/pages\/9572\/revisions"}],"predecessor-version":[{"id":9592,"href":"https:\/\/berliner-dampfer.de\/index.php?rest_route=\/wp\/v2\/pages\/9572\/revisions\/9592"}],"wp:attachment":[{"href":"https:\/\/berliner-dampfer.de\/index.php?rest_route=%2Fwp%2Fv2%2Fmedia&parent=9572"}],"curies":[{"name":"wp","href":"https:\/\/api.w.org\/{rel}","templated":true}]}}

Möwe (1925)

<table style="border-collapse: collapse; width: 100%;">
<tbody>
<tr>
<td style="width: 100%; background-color: #ffff00;"><span style="font-family: arial, helvetica, sans-serif; font-size: 12pt;"><span style="font-size: 10pt;">1925</span> <strong>Möwe </strong></span></p>
<p><span style="font-family: arial, helvetica, sans-serif; font-size: 12pt;">Schiffskontor Berlin: <a href="https://www.schiffskontor.de/boote/moewe.html" target="_blank" rel="noopener">MS MÖWE – Unser kleines Salonschiff</a></span></p>
<p><span style="font-family: arial, helvetica, sans-serif; font-size: 12pt;"><a href="https://www.ddr-binnenschifffahrt.de/db_verlauf.php?schiffId=4003257" target="_blank" rel="noopener">Schiffshistorie</a> in der Datenbank von Uwe Giesler / www.ddr-binnenschifffahrt.de.</span></td>
</tr>
</tbody>
</table>
<p>&nbsp;</p>
<p><img loading="lazy" decoding="async" class="alignnone size-full wp-image-9573" src="https://berliner-dampfer.de/wp-content/uploads/2024/12/1953-ca.-Moewe-3-257-klein.jpg" alt="" width="1200" height="727" srcset="https://berliner-dampfer.de/wp-content/uploads/2024/12/1953-ca.-Moewe-3-257-klein.jpg 1200w, https://berliner-dampfer.de/wp-content/uploads/2024/12/1953-ca.-Moewe-3-257-klein-300x182.jpg 300w, https://berliner-dampfer.de/wp-content/uploads/2024/12/1953-ca.-Moewe-3-257-klein-1024x620.jpg 1024w, https://berliner-dampfer.de/wp-content/uploads/2024/12/1953-ca.-Moewe-3-257-klein-768x465.jpg 768w" sizes="auto, (max-width: 1200px) 100vw, 1200px" /></p>
<p>&nbsp;</p>
<p><img loading="lazy" decoding="async" class="alignnone size-full wp-image-9574" src="https://berliner-dampfer.de/wp-content/uploads/2024/12/1956-ca-Moewe-3-257-klein.jpg" alt="" width="1200" height="728" srcset="https://berliner-dampfer.de/wp-content/uploads/2024/12/1956-ca-Moewe-3-257-klein.jpg 1200w, https://berliner-dampfer.de/wp-content/uploads/2024/12/1956-ca-Moewe-3-257-klein-300x182.jpg 300w, https://berliner-dampfer.de/wp-content/uploads/2024/12/1956-ca-Moewe-3-257-klein-1024x621.jpg 1024w, https://berliner-dampfer.de/wp-content/uploads/2024/12/1956-ca-Moewe-3-257-klein-768x466.jpg 768w" sizes="auto, (max-width: 1200px) 100vw, 1200px" /></p>
<p>&nbsp;</p>
<p>&nbsp;</p>
<p>Platzhalter weiteres Bild der MS Möwe</p>
<p>&nbsp;</p>
<p>&nbsp;</p>
<table style="border-collapse: collapse; width: 100%;">
<tbody>
<tr>
<td style="width: 13.8697%; text-align: left; vertical-align: top;"><strong><span style="font-family: arial, helvetica, sans-serif; font-size: 12pt;">19.03.2014</span></strong></td>
<td style="width: 86.1303%; background-color: #c0c0ff; text-align: left; vertical-align: top;">
<p style="text-align: justify;"><span style="font-size: 12pt; font-family: arial, helvetica, sans-serif;">Bootsvermietung Fangrot / Marina Prinzenhof</span></p>
<p style="text-align: justify;"><span style="font-size: 12pt; font-family: arial, helvetica, sans-serif;"><strong>Die Historie der MS MÖWE</strong></span></p>
<p style="text-align: justify;"><span style="font-family: arial, helvetica, sans-serif; font-size: 12pt;">Das Schiff wurde 1925 unter gleichem Namen in Wildau bei Berlin auf der Vierarm Werft gebaut. Der damalige Reeder Georg Hoffmann setzte das Boot von 1925 bis 1945 in Berlin-Tegel als Fahrgastschiff ein. Nach dem Krieg gelangte es in die Verwaltung der Treuhandstelle Binnenschiffe Berlin und fuhr für die DSU (Deutsche Schiffahrts- und Umschlagbetriebe) bis 1957 in Berlin unter dem VEB Fahrgastschiffahrt Weiße Flotte Berlin.</span></p>
<p style="text-align: justify;"><span style="font-family: arial, helvetica, sans-serif; font-size: 12pt;">1958 gelangte die MS MÖWE nach Schwerin, wo sie bis 1992 im Fahrgastverkehr eingesetzt wurde und einige Umbauten über sich ergehen lassen musste. Fortan erfolgte die Nutzung lediglich als Büroschiff, bis das Schiff 1998 von der BATZ e.V. (Bildung Arbeit Tourismus Zukunft e.V) erworben wurde, nach aufwendiger Restaurierung verkehrte es auf der Müritz-Elde Wasserstraße und dem Schweriner See, wo es unter anderem zur BUGA im Jahr 2009 eingesetzt wurde. Dann fristete das Schiff im Hafen von Grabow ein trauriges Dasein, bis es von uns 2013 wieder aus dem Dornröschenschlaf erweckt wurde und im Stahlbaubetrieb von Herrn Holke von uns wieder Flott gemacht wurde. Die Überführung erfolgte im Mai 2013 zur Werft nach Malz bei Oranienburg. Nach monatelanger Restaurierung auf der Werf und im Heimathafen der MARINA Prinzenhof wird die MS MÖWE ab 2014 wieder seine alten Heimatgewässer in Berlin durch kreuzen.</span></p>
<p><img loading="lazy" decoding="async" class="alignnone size-full wp-image-9589" src="https://berliner-dampfer.de/wp-content/uploads/2024/12/2017-10-25-Individuelle-Charterfahrten-in-Berlin-Bootsvermietung-Fangrot-MS-MOeWE-Auszug.jpg" alt="" width="954" height="375" srcset="https://berliner-dampfer.de/wp-content/uploads/2024/12/2017-10-25-Individuelle-Charterfahrten-in-Berlin-Bootsvermietung-Fangrot-MS-MOeWE-Auszug.jpg 954w, https://berliner-dampfer.de/wp-content/uploads/2024/12/2017-10-25-Individuelle-Charterfahrten-in-Berlin-Bootsvermietung-Fangrot-MS-MOeWE-Auszug-300x118.jpg 300w, https://berliner-dampfer.de/wp-content/uploads/2024/12/2017-10-25-Individuelle-Charterfahrten-in-Berlin-Bootsvermietung-Fangrot-MS-MOeWE-Auszug-768x302.jpg 768w" sizes="auto, (max-width: 954px) 100vw, 954px" /></p>
<p><span style="font-size: 12pt; font-family: arial, helvetica, sans-serif;">MS MÖWE als <a href="https://berliner-dampfer.de/wp-content/uploads/2024/12/2014-01-07-MS-MOeWE-1925-Ausmalbild-fuer-Kinder-Reederei-Fangrot.pdf" target="_blank" rel="noopener">Ausmalbild für Kinder</a> &nbsp;🙂&nbsp;</span></p>
<p><a href="https://berliner-dampfer.de/wp-content/uploads/2024/12/2014-01-07-MS-MOeWE-1925-Ausmalbild-fuer-Kinder-Reederei-Fangrot.pdf" target="_blank" rel="noopener"><img loading="lazy" decoding="async" class="alignnone wp-image-9585 size-full" src="https://berliner-dampfer.de/wp-content/uploads/2024/12/2014-01-07-MS-MOeWE-1925-Ausmalbild-fuer-Kinder-Reederei-Fangrot-BILD.png" alt="" width="1210" height="328" srcset="https://berliner-dampfer.de/wp-content/uploads/2024/12/2014-01-07-MS-MOeWE-1925-Ausmalbild-fuer-Kinder-Reederei-Fangrot-BILD.png 1210w, https://berliner-dampfer.de/wp-content/uploads/2024/12/2014-01-07-MS-MOeWE-1925-Ausmalbild-fuer-Kinder-Reederei-Fangrot-BILD-300x81.png 300w, https://berliner-dampfer.de/wp-content/uploads/2024/12/2014-01-07-MS-MOeWE-1925-Ausmalbild-fuer-Kinder-Reederei-Fangrot-BILD-1024x278.png 1024w, https://berliner-dampfer.de/wp-content/uploads/2024/12/2014-01-07-MS-MOeWE-1925-Ausmalbild-fuer-Kinder-Reederei-Fangrot-BILD-768x208.png 768w" sizes="auto, (max-width: 1210px) 100vw, 1210px" /></a></td>
</tr>
</tbody>
</table>
<p>&nbsp;</p>
<table style="border-collapse: collapse; width: 100%;">
<tbody>
<tr>
<td style="width: 14.5607%; text-align: left; vertical-align: top;"><strong><span style="font-family: arial, helvetica, sans-serif; font-size: 12pt;">16.12.2024</span></strong></td>
<td style="width: 85.4393%; background-color: #c0c0ff; text-align: left; vertical-align: top;"><span style="font-family: arial, helvetica, sans-serif; font-size: 12pt;">Schiffskontor Berlin: </span><a href="https://www.schiffskontor.de/boote/moewe.html" target="_blank" rel="noopener"><span style="font-family: arial, helvetica, sans-serif; font-size: 12pt;"><strong>MS MÖWE – Unser kleines Salonschiff</strong></span></a></p>
<p><span style="font-family: arial, helvetica, sans-serif; font-size: 12pt;">Zugelassen sind max. 40, empfohlen bis zu 30 Personen mit Buffet, Außenplätze sind vorhanden</span></p>
<p><span style="font-family: arial, helvetica, sans-serif; font-size: 12pt;">Baujahr 1925</span><br />
<span style="font-family: arial, helvetica, sans-serif; font-size: 12pt;"><strong>Länge:</strong>&nbsp;18,58 m</span><br />
<span style="font-family: arial, helvetica, sans-serif; font-size: 12pt;"><strong>Breite:</strong>&nbsp;3,62 m</span><br />
<span style="font-family: arial, helvetica, sans-serif; font-size: 12pt;"><strong>Tiefgang:</strong>&nbsp;1,02 m</span></p>
<div id="c423" class="frame frame-default frame-type-text frame-layout-0">
<header>
<h4 class=""><span style="font-family: arial, helvetica, sans-serif; font-size: 12pt;">Kleine Historie</span></h4>
</header>
<p><span style="font-family: arial, helvetica, sans-serif; font-size: 12pt;"><strong>1925&nbsp;</strong>Bau durch Vierarm Werft in Wildau bei Berlin</span><br />
<span style="font-family: arial, helvetica, sans-serif; font-size: 12pt;"><strong>Bis 1945&nbsp;</strong>Fahrgastschiff in Berlin-Tegel, Reederei Georg Hoffmann</span><br />
<span style="font-family: arial, helvetica, sans-serif; font-size: 12pt;"><strong>Bis 1957&nbsp;</strong>VEB Fahrgastschiffahrt Weiße Flotte Berlin</span><br />
<span style="font-family: arial, helvetica, sans-serif; font-size: 12pt;"><strong>1958 bis 1992&nbsp;</strong>Schwerin, Fahrgastverkehr</span><br />
<span style="font-family: arial, helvetica, sans-serif; font-size: 12pt;"><strong>Ab 1993&nbsp;</strong>Nutzung lediglich als Büroschiff</span><br />
<span style="font-family: arial, helvetica, sans-serif; font-size: 12pt;"><strong>Ab 1998&nbsp;</strong>Restaurierung und Betrieb auf Müritz-Elde Wasserstraße und Schweriner See</span><br />
<span style="font-family: arial, helvetica, sans-serif; font-size: 12pt;"><strong>2009&nbsp;</strong>Einsatz bei der BUGA</span><br />
<span style="font-family: arial, helvetica, sans-serif; font-size: 12pt;"><strong>2010 bis 2013&nbsp;</strong>Dornröschenschlaf im Hafen von Grabow</span><br />
<span style="font-family: arial, helvetica, sans-serif; font-size: 12pt;"><strong>Ab 2014&nbsp;</strong>Heimathafen MARINA Prinzenhof, Betrieb auf Berliner Gewässern</span><br />
<strong><span style="font-family: arial, helvetica, sans-serif; font-size: 12pt;">Seit 2017&nbsp;Fahrgastverkehr beim Berliner SCHIFFSKONTOR</span></strong></p>
</div>
</td>
</tr>
</tbody>
</table>
<p>&nbsp;</p>
<p>&nbsp;</p>
<p><span style="text-decoration: underline;"><span style="font-family: arial, helvetica, sans-serif; font-size: 12pt;">Zuletzt bearbeitet 16.12.2024</span></span></p>

<p>1925 Möwe Schiffskontor Berlin: MS MÖWE – Unser kleines Salonschiff Schiffshistorie in der Datenbank von Uwe Giesler / www.ddr-binnenschifffahrt.de. &nbsp; &nbsp; &nbsp; &nbsp; Platzhalter weiteres&hellip;</p>
