{"id":9918,"date":"2024-12-23T10:41:43","date_gmt":"2024-12-23T09:41:43","guid":{"rendered":"https:\/\/berliner-dampfer.de\/?page_id=9918"},"modified":"2025-02-03T06:19:22","modified_gmt":"2025-02-03T05:19:22","slug":"roland-1877","status":"publish","type":"page","link":"https:\/\/berliner-dampfer.de\/?page_id=9918","title":{"rendered":"Roland (1877)"},"content":{"rendered":"<table style=\"border-collapse: collapse; width: 100%;\">\n<tbody>\n<tr>\n<td style=\"width: 100%; background-color: #ffff00;\"><span style=\"font-family: arial, helvetica, sans-serif; font-size: 12pt;\"><span style=\"font-size: 10pt;\">1877<\/span> <strong>Verein<\/strong> } <span style=\"font-size: 10pt;\">1904<\/span> <strong>Roland<\/strong><\/span><\/p>\n<p><span style=\"font-family: arial, helvetica, sans-serif; font-size: 12pt;\"><a href=\"https:\/\/www.ddr-binnenschifffahrt.de\/db_verlauf.php?schiffId=3201196\" target=\"_blank\" rel=\"noopener\">Schiffshistorie<\/a> in der Datenbank von Uwe Giesler \/ www.ddr-binnenschifffahrt.de.<\/span><\/td>\n<\/tr>\n<\/tbody>\n<\/table>\n<p>&nbsp;<\/p>\n<table style=\"border-collapse: collapse; width: 100%;\">\n<tbody>\n<tr>\n<td style=\"width: 100%; background-color: #ffd700; text-align: justify;\"><span style=\"font-family: arial, helvetica, sans-serif; font-size: 12pt;\"><a href=\"https:\/\/berliner-dampfer.de\/?page_id=194\" target=\"_blank\" rel=\"noopener\">Groggert 1988<\/a>, Seite 140:<\/span><br \/>\n<span style=\"font-family: arial, helvetica, sans-serif; font-size: 12pt;\">1904 hatte die Reederei Tismer den 1877 von <a href=\"https:\/\/www.kieler-stadtentwicklung.de\/Daten\/Gro%C3%9Fwerften.html\" target=\"_blank\" rel=\"noopener\">Georg Howaldt<\/a>, Kiel erbauten, 20,5 m langen, 4,5 m breiten Dampfer <strong>\u201cVerein\u201d<\/strong> von der <a href=\"https:\/\/kiel-wiki.de\/Neue_Dampfer-Companie\" target=\"_blank\" rel=\"noopener\">Neuen Dampfer-Compagnie<\/a> Kiel erworben. Er fuhr unter dem Namen <strong>\u201cRoland\u201d<\/strong> zum Restaurant Kyffh\u00e4user in Niedersch\u00f6nweide und war noch nach dem Zweiten Weltkrieg mit braunem Anstrich als Schlepper f\u00fcr den Schiffseigner Unger in Ostberlin im Einsatz.<br \/>\n<\/span><\/p>\n<p style=\"text-align: justify;\"><span style=\"font-family: arial, helvetica, sans-serif; font-size: 12pt;\">Groggert 1988, Seite 231:<\/span><br \/>\n<span style=\"font-family: arial, helvetica, sans-serif; font-size: 12pt;\">Um diese Zeit [Ende der Drei\u00dfiger Jahre] sind noch mehrere Dampfer verschiedener Reedereien auf Dieselantrieb umgestellt worden \u2026. aber nur wenige Schiffe fuhren mit Gas-Generatoren wie vor\u00fcbergehend auch <a href=\"https:\/\/berliner-dampfer.de\/?page_id=3184\" target=\"_blank\" rel=\"noopener\">\u201eFriedrich der Gro\u00dfe\u201c<\/a> der Reederei Bauer.<\/span><br \/>\n<span style=\"font-family: arial, helvetica, sans-serif; font-size: 12pt;\">Die gestiegenen Anforderungen an den Komfort und an die Ausstattung der Schiffe f\u00fchrten seit Mitte der drei\u00dfiger Jahre zu einer st\u00e4rkeren Spezialisierung bei den urspr\u00fcnglich als Mehrzweckschiffe konzipierten Schlepp- und Personendampfern. Viele Dampfer, die bisher im Sommer mit einem abnehmbaren Sonnensegel als Fahrgastschiff fuhren, erhielten einen festen, h\u00f6lzernen Decksalon, der sich am Ende der Saison nicht oder doch wenigstens nicht so leicht abnehmen lie\u00df wie ein Stangenger\u00fcst \u00fcber dem Achterschiff und h\u00f6lzerne Sitzb\u00e4nke, so dass das Schleppen im Winter nicht mehr wie bisher m\u00f6glich war. Einige Dampferbesitzer, die ihre Schiffe nicht umbauen lassen wollten, stellten sich auf die ganzj\u00e4hrige Schleppschiffahrt um. Zu den Schiffen, die zu Schleppdampfern wurden, geh\u00f6rten die gro\u00dfe <a href=\"https:\/\/berliner-dampfer.de\/?page_id=12095\" target=\"_blank\" rel=\"noopener\">\u201cSanssouci\u201d<\/a>, die \u201cGretchen\u201d (ex \u201cHeimdal\u201d), die als \u00e4u\u00dferes Zeichen ihrer ausschlie\u00dflichen Zweckbestimmung einen schwarzen Anstrich erhielten, der Dampfer <strong>\u201cRoland\u201d (ex \u201cVerein II\u201d)<\/strong> und das Motorschiff <a href=\"https:\/\/berliner-dampfer.de\/?page_id=3184\" target=\"_blank\" rel=\"noopener\">\u201cFriedrich der Gro\u00dfe\u201d<\/a>.<\/span><\/p>\n<\/td>\n<\/tr>\n<\/tbody>\n<\/table>\n<p>&nbsp;<\/p>\n<p>&nbsp;<\/p>\n<p><img loading=\"lazy\" decoding=\"async\" class=\"alignnone size-full wp-image-9921\" src=\"https:\/\/berliner-dampfer.de\/wp-content\/uploads\/2024\/12\/1929-08-22-Roland-klein.jpg\" alt=\"\" width=\"1200\" height=\"780\" srcset=\"https:\/\/berliner-dampfer.de\/wp-content\/uploads\/2024\/12\/1929-08-22-Roland-klein.jpg 1200w, https:\/\/berliner-dampfer.de\/wp-content\/uploads\/2024\/12\/1929-08-22-Roland-klein-300x195.jpg 300w, https:\/\/berliner-dampfer.de\/wp-content\/uploads\/2024\/12\/1929-08-22-Roland-klein-1024x666.jpg 1024w, https:\/\/berliner-dampfer.de\/wp-content\/uploads\/2024\/12\/1929-08-22-Roland-klein-768x499.jpg 768w\" sizes=\"auto, (max-width: 1200px) 100vw, 1200px\" \/><\/p>\n<p>&nbsp;<\/p>\n<p>&nbsp;<\/p>\n<p><span style=\"text-decoration: underline;\"><span style=\"font-family: arial, helvetica, sans-serif; font-size: 12pt;\">Zuletzt bearbeitet 23.12.2024<\/span><\/span><\/p>\n","protected":false},"excerpt":{"rendered":"<p>1877 Verein } 1904 Roland Schiffshistorie in der Datenbank von Uwe Giesler \/ www.ddr-binnenschifffahrt.de. &nbsp; Groggert 1988, Seite 140: 1904 hatte die Reederei Tismer den&hellip;<\/p>\n","protected":false},"author":1,"featured_media":0,"parent":0,"menu_order":0,"comment_status":"closed","ping_status":"closed","template":"","meta":{"ngg_post_thumbnail":0,"iawp_total_views":8,"footnotes":""},"class_list":["post-9918","page","type-page","status-publish","hentry"],"_links":{"self":[{"href":"https:\/\/berliner-dampfer.de\/index.php?rest_route=\/wp\/v2\/pages\/9918","targetHints":{"allow":["GET"]}}],"collection":[{"href":"https:\/\/berliner-dampfer.de\/index.php?rest_route=\/wp\/v2\/pages"}],"about":[{"href":"https:\/\/berliner-dampfer.de\/index.php?rest_route=\/wp\/v2\/types\/page"}],"author":[{"embeddable":true,"href":"https:\/\/berliner-dampfer.de\/index.php?rest_route=\/wp\/v2\/users\/1"}],"replies":[{"embeddable":true,"href":"https:\/\/berliner-dampfer.de\/index.php?rest_route=%2Fwp%2Fv2%2Fcomments&post=9918"}],"version-history":[{"count":10,"href":"https:\/\/berliner-dampfer.de\/index.php?rest_route=\/wp\/v2\/pages\/9918\/revisions"}],"predecessor-version":[{"id":12181,"href":"https:\/\/berliner-dampfer.de\/index.php?rest_route=\/wp\/v2\/pages\/9918\/revisions\/12181"}],"wp:attachment":[{"href":"https:\/\/berliner-dampfer.de\/index.php?rest_route=%2Fwp%2Fv2%2Fmedia&parent=9918"}],"curies":[{"name":"wp","href":"https:\/\/api.w.org\/{rel}","templated":true}]}}